000
CXUS53 KPAH 010700
CF6OWB
PRELIMINARY LOCAL CLIMATOLOGICAL DATA (WS FORM: F-6)
STATION: OWENSBORO KY
MONTH: APRIL
YEAR: 2022
LATITUDE: 37 45 N
LONGITUDE: 87 10 W
TEMPERATURE IN F: :PCPN: SNOW: WIND :SUNSHINE: SKY :PK WND
================================================================================
1 2 3 4 5 6A 6B 7 8 9 10 11 12 13 14 15 16 17 18
12Z AVG MX 2MIN
DY MAX MIN AVG DEP HDD CDD WTR SNW DPTH SPD SPD DIR MIN PSBL S-S WX SPD DR
================================================================================
1 49 36 43 -11 22 0 T M M 7.5 21 270 M M 5 25 270
2 58 33 46 -8 19 0 0.00 M M 8.3 21 330 M M 4 28 330
3 61 32 47 -8 18 0 0.00 M M 3.3 12 320 M M 0 16 330
4 60 46 53 -2 12 0 0.08 M M 5.2 10 200 M M 8 12 180
5 62 50 56 0 9 0 0.19 M M 6.1 13 100 M M 8 1 14 160
6 59 46 53 -3 12 0 0.63 M M 8.7 21 290 M M 7 1 25 290
7 57 41 49 -7 16 0 T M M 10.2 25 290 M M 6 32 290
8 45 37 41 -16 24 0 0.11 M M 11.1 25 300 M M 10 158 30 300
9 53 37 45 -12 20 0 T M M 9.7 21 310 M M 6 25 320
10 74 34 54 -3 11 0 0.00 M M 11.5 23 140 M M 0 28 130
11 65 56 61 3 4 0 0.53 M M 9.3 25 160 M M 8 13 30 150
12 74 56 65 7 0 0 0.01 M M 10.6 20 170 M M 6 1 23 170
13 76 48 62 3 3 0 1.20 M M 14.3 29 300 M M 8 13 38 290
14 63 38 51 -8 14 0 0.00 M M 8.1 25 320 M M 2 31 310
15 68 43 56 -3 9 0 0.25 M M 9.7 33 240 M M 3 3 43 240
16 63 46 55 -5 10 0 0.00 M M 8.2 18 320 M M 2 1 23 330
17 53 42 48 -12 17 0 0.20 M M 10.8 18 90 M M 4 1 22 90
18 51 39 45 -15 20 0 0.06 M M 12.5 23 310 M M 8 18 28 310
19 54 33 44 -17 21 0 T M M 6.6 17 320 M M 1 21 320
20 68 44 56 -5 9 0 0.33 M M 11.3 23 200 M M 5 28 180
21 66 57 62 1 3 0 0.12 M M 8.4 23 210 M M 9 13 33 210
22 82 55 69 7 0 4 0.00 M M 7.6 16 200 M M 2 1 20 170
23 83 62 73 11 0 8 0.00 M M 12.2 22 210 M M 0 26 200
24 83 64 74 12 0 9 0.00 M M 12.1 25 210 M M 3 33 210
25 69 50 60 -3 5 0 0.39 M M 8.1 20 310 M M 8 13 23 310
26 59 42 51 -12 14 0 0.00 M M 7.2 17 310 M M 0 26 310
27 69 38 54 -9 11 0 0.00 M M 2.2 9 50 M M 0 14 270
28 76 47 62 -2 3 0 0.00 M M 6.4 15 90 M M 2 21 80
29 79 58 69 5 0 4 T M M 7.7 14 150 M M 8 18 170
30 81 65 73 9 0 8 T M M 12.5 24 190 M M 4 3 29 180
================================================================================
SM 1960 1375 306 33 4.10 M 267.4 M 137
================================================================================
AV 65.3 45.8 8.9 FASTST M M 5 MAX(MPH)
MISC ----> 33 240 43 240
================================================================================
NOTES:
# LAST OF SEVERAL OCCURRENCES
COLUMN 17 PEAK WIND IN M.P.H.
PRELIMINARY LOCAL CLIMATOLOGICAL DATA (WS FORM: F-6) , PAGE 2
STATION: OWENSBORO KY
MONTH: APRIL
YEAR: 2022
LATITUDE: 37 45 N
LONGITUDE: 87 10 W
[TEMPERATURE DATA] [PRECIPITATION DATA] SYMBOLS USED IN COLUMN 16
AVERAGE MONTHLY: 55.6 TOTAL FOR MONTH: 4.10 1 = FOG OR MIST
DPTR FM NORMAL: -3.7 DPTR FM NORMAL: -0.41 2 = FOG REDUCING VISIBILITY
HIGHEST: 83 ON 24,23 GRTST 24HR 1.20 ON 13-13 TO 1/4 MILE OR LESS
LOWEST: 32 ON 3 3 = THUNDER
SNOW, ICE PELLETS, HAIL 4 = ICE PELLETS
TOTAL MONTH: M 5 = HAIL
GRTST 24HR M ON M 6 = FREEZING RAIN OR DRIZZLE
GRTST DEPTH: M ON M 7 = DUSTSTORM OR SANDSTORM:
VSBY 1/2 MILE OR LESS
8 = SMOKE OR HAZE
[NO. OF DAYS WITH] [WEATHER - DAYS WITH] 9 = BLOWING SNOW
X = TORNADO
MAX 32 OR BELOW: 0 0.01 INCH OR MORE: 13
MAX 90 OR ABOVE: 0 0.10 INCH OR MORE: 10
MIN 32 OR BELOW: 1 0.50 INCH OR MORE: 3
MIN 0 OR BELOW: 0 1.00 INCH OR MORE: 1
[HDD (BASE 65) ]
TOTAL THIS MO. 306 CLEAR (SCALE 0-3) 11
DPTR FM NORMAL 91 PTCLDY (SCALE 4-7) 16
TOTAL FM JUL 1 3928 CLOUDY (SCALE 8-10) 3
DPTR FM NORMAL 110
[CDD (BASE 65) ]
TOTAL THIS MO. 33
DPTR FM NORMAL -12 [PRESSURE DATA]
TOTAL FM JAN 1 36 HIGHEST SLP 30.38 ON 26
DPTR FM NORMAL -15 LOWEST SLP 29.54 ON 13
[REMARKS]
#FINAL-04-22#