000
CXUS56 KLOX 011155
CF6OXR
PRELIMINARY LOCAL CLIMATOLOGICAL DATA (WS FORM: F-6)
STATION: OXNARD AIRPORT CA
MONTH: AUGUST
YEAR: 2023
LATITUDE: 34 12 N
LONGITUDE: 119 12 W
TEMPERATURE IN F: :PCPN: SNOW: WIND :SUNSHINE: SKY :PK WND
================================================================================
1 2 3 4 5 6A 6B 7 8 9 10 11 12 13 14 15 16 17 18
12Z AVG MX 2MIN
DY MAX MIN AVG DEP HDD CDD WTR SNW DPTH SPD SPD DIR MIN PSBL S-S WX SPD DR
================================================================================
1 76 64 70 3 0 5 0.00 M M 6.2 18 270 M M 3 128 23 280
2 74 60 67 0 0 2 0.00 M M 10.4 20 270 M M 0 18 24 270
3 75 57 66 -1 0 1 0.00 M M 7.5 17 270 M M 1 12 23 280
4 74 59 67 0 0 2 0.00 M M 5.8 16 270 M M 1 1 22 260
5 73 59 66 -1 0 1 0.00 M M 5.1 14 270 M M 0 1 20 250
6 73 61 67 0 0 2 0.00 M M 4.6 13 270 M M 5 18 20 270
7 75 64 70 3 0 5 0.00 M M 4.2 12 220 M M 7 18 18 240
8 75 64 70 3 0 5 0.00 M M 5.0 13 260 M M 4 18 20 220
9 74 66 70 3 0 5 T M M 4.2 12 230 M M 6 18 16 270
10 74 66 70 3 0 5 T M M 5.9 12 260 M M 4 18 240
11 75 67 71 4 0 6 0.00 M M 7.1 17 280 M M 5 22 270
12 75 65 70 3 0 5 0.00 M M 6.9 17 280 M M 4 22 260
13 75 64 70 3 0 5 0.00 M M 6.5 17 270 M M 7 1 25 250
14 72 64 68 1 0 3 0.00 M M 6.0 16 280 M M 10 1 23 210
15 72 63 68 1 0 3 0.00 M M 9.8 18 280 M M 9 1 24 280
16 74 62 68 1 0 3 0.00 M M 10.0 21 270 M M 7 12 26 280
17 72 62 67 0 0 2 0.00 M M 9.2 18 280 M M 7 1 26 240
18 74 62 68 1 0 3 0.00 M M 7.3 20 280 M M 4 1 24 280
19 76 58 67 0 0 2 0.00 M M 5.1 12 250 M M 3 18 270
20 80 66 73 6 0 8 0.82 M M 7.4 22 70 M M 8 1 30 70
21 77 65 71 4 0 6 0.13 M M 6.8 12 220 M M 7 1 17 140
22 76 62 69 2 0 4 0.00 M M 7.0 17 280 M M 0 22 290
23 73 61 67 0 0 2 0.00 M M 9.2 22 280 M M 5 1 27 290
24 72 62 67 0 0 2 0.00 M M 7.8 16 280 M M 6 1 21 270
25 74 62 68 1 0 3 0.00 M M 6.4 18 280 M M 4 1 25 270
26 76 58 67 0 0 2 0.00 M M 7.9 18 280 M M 0 1 24 280
27 75 57 66 -1 0 1 0.00 M M 6.4 16 270 M M 2 12 22 260
28 81 60 71 4 0 6 0.00 M M 5.5 14 280 M M 0 18 19 260
29 78 60 69 2 0 4 0.00 M M 4.7 12 280 M M 0 18 17 270
30 84 61 73 6 0 8 0.00 M M 2.9 9 250 M M 0 1 16 200
31 74 64 69 2 0 4 0.00 M M 4.9 13 270 M M 7 128 20 50
================================================================================
SM 2328 1925 0 115 0.95 M 203.7 M 126
================================================================================
AV 75.1 62.1 6.6 FASTST M M 4 MAX(MPH)
MISC ----> # 22 70 30 70
================================================================================
NOTES:
# LAST OF SEVERAL OCCURRENCES
COLUMN 17 PEAK WIND IN M.P.H.
PRELIMINARY LOCAL CLIMATOLOGICAL DATA (WS FORM: F-6) , PAGE 2
STATION: OXNARD AIRPORT CA
MONTH: AUGUST
YEAR: 2023
LATITUDE: 34 12 N
LONGITUDE: 119 12 W
[TEMPERATURE DATA] [PRECIPITATION DATA] SYMBOLS USED IN COLUMN 16
AVERAGE MONTHLY: 68.6 TOTAL FOR MONTH: 0.95 1 = FOG OR MIST
DPTR FM NORMAL: 1.5 DPTR FM NORMAL: 0.94 2 = FOG REDUCING VISIBILITY
HIGHEST: 84 ON 30 GRTST 24HR 0.95 ON 20-21 TO 1/4 MILE OR LESS
LOWEST: 57 ON 27, 3 3 = THUNDER
SNOW, ICE PELLETS, HAIL 4 = ICE PELLETS
TOTAL MONTH: M 5 = HAIL
GRTST 24HR M ON M 6 = FREEZING RAIN OR DRIZZLE
GRTST DEPTH: M ON M 7 = DUSTSTORM OR SANDSTORM:
VSBY 1/2 MILE OR LESS
8 = SMOKE OR HAZE
[NO. OF DAYS WITH] [WEATHER - DAYS WITH] 9 = BLOWING SNOW
X = TORNADO
MAX 32 OR BELOW: 0 0.01 INCH OR MORE: 2
MAX 90 OR ABOVE: 0 0.10 INCH OR MORE: 2
MIN 32 OR BELOW: 0 0.50 INCH OR MORE: 1
MIN 0 OR BELOW: 0 1.00 INCH OR MORE: 0
[HDD (BASE 65) ]
TOTAL THIS MO. 0 CLEAR (SCALE 0-3) 11
DPTR FM NORMAL -12 PTCLDY (SCALE 4-7) 18
TOTAL FM JUL 1 27 CLOUDY (SCALE 8-10) 2
DPTR FM NORMAL 11
[CDD (BASE 65) ]
TOTAL THIS MO. 115
DPTR FM NORMAL 40 [PRESSURE DATA]
TOTAL FM JAN 1 178 HIGHEST SLP 30.04 ON 7
DPTR FM NORMAL -2 LOWEST SLP 29.51 ON 20
[REMARKS]
#FINAL-08-23#