000
CXUS56 KLKN 161906
CF6P68
PRELIMINARY LOCAL CLIMATOLOGICAL DATA (WS FORM: F-6)
STATION: EUREKA AIRPORT NV
MONTH: OCTOBER
YEAR: 2022
LATITUDE: 39 30 N
LONGITUDE: 115 58 W
TEMPERATURE IN F: :PCPN: SNOW: WIND :SUNSHINE: SKY :PK WND
================================================================================
1 2 3 4 5 6A 6B 7 8 9 10 11 12 13 14 15 16 17 18
12Z AVG MX 2MIN
DY MAX MIN AVG DEP HDD CDD WTR SNW DPTH SPD SPD DIR MIN PSBL S-S WX SPD DR
================================================================================
1 70 31 51 -2 14 0 0.00 M M 5.0 13 10 M M M 17 360
2 75 33 54 2 11 0 0.00 M M 6.1 17 30 M M M 26 310
3 73 33 53 1 12 0 0.00 M M 5.8 13 40 M M M 22 20
4 75 36 56 5 9 0 0.00 M M 5.8 13 40 M M M 19 60
5 76 32 54 3 11 0 0.00 M M 4.8 13 30 M M M 22 20
6 77 35 56 6 9 0 0.00 M M 5.2 12 40 M M M 16 330
7 78 33 56 6 9 0 0.00 M M 5.3 13 10 M M M 19 10
8 78 34 56 6 9 0 0.00 M M 5.7 13 90 M M M 17 30
9 76 33 55 6 10 0 0.00 M M 5.5 15 360 M M M 20 350
10 75 36 56 7 9 0 0.00 M M 5.5 15 10 M M M 21 10
11 75 34 55 7 10 0 0.00 M M 8.4 20 10 M M M 28 20
12 75 33 54 6 11 0 0.00 M M 5.1 12 20 M M M 15 360
13 76 32 54 6 11 0 0.00 M M 4.6 13 360 M M M 19 340
14 76 32 54 7 11 0 0.00 M M 5.8 13 200 M M M 17 210
15 75 29 52 5 13 0 0.00 M M 5.6 13 200 M M M 16 200
16 73 28 51 4 14 0 0.00 M M 3.7 12 30 M M M 14 10
17 74 29 52 6 13 0 0.00 M M 4.8 10 190 M M M 14 60
18 73 31 52 6 13 0 0.00 M M 6.1 12 10 M M M 16 200
19 74 32 53 7 12 0 0.00 M M 5.3 13 30 M M M 19 20
20 73 32 53 8 12 0 0.00 M M 5.0 13 330 M M M 17 40
21 72 33 53 8 12 0 0.00 M M 9.1 18 270 M M M 26 270
22 59 28 44 -1 21 0 0.40 M M 9.3 26 360 M M M 39 310
23 36 22 29 -15 36 0 0.10 M M 6.6 24 320 M M M 35 320
24 46 17 32 -12 33 0 0.00 M M 5.1 9 170 M M M 13 120
25 50 29 40 -4 25 0 0.00 M M 3.8 14 360 M M M 18 360
26 49 20 35 -8 30 0 0.00 M M 8.8 23 320 M M M 33 310
27 49 17 33 -10 32 0 0.00 M M 3.5 8 10 M M M 13 20
28 59 20 40 -2 25 0 0.00 M M 3.8 10 240 M M M 14 230
29 58 26 42 0 23 0 0.00 M M 6.5 15 10 M M M 19 20
30 58 23 41 -1 24 0 0.00 M M 4.5 12 20 M M M 15 30
31 63 24 44 3 21 0 0.00 M M 6.6 21 140 M M M 16 140
================================================================================
SM 2096 907 505 0 0.50 M 176.7 M M
================================================================================
AV 67.6 29.3 5.7 FASTST M M M MAX(MPH)
MISC ----> 26 360 39 310
================================================================================
NOTES:
# LAST OF SEVERAL OCCURRENCES
COLUMN 17 PEAK WIND IN M.P.H.
PRELIMINARY LOCAL CLIMATOLOGICAL DATA (WS FORM: F-6) , PAGE 2
STATION: EUREKA AIRPORT NV
MONTH: OCTOBER
YEAR: 2022
LATITUDE: 39 30 N
LONGITUDE: 115 58 W
[TEMPERATURE DATA] [PRECIPITATION DATA] SYMBOLS USED IN COLUMN 16
AVERAGE MONTHLY: 48.4 TOTAL FOR MONTH: 0.50 1 = FOG OR MIST
DPTR FM NORMAL: 1.6 DPTR FM NORMAL: -0.11 2 = FOG REDUCING VISIBILITY
HIGHEST: 78 ON 8, 7 GRTST 24HR 0.40 ON 22-22 TO 1/4 MILE OR LESS
LOWEST: 17 ON 27,24 3 = THUNDER
SNOW, ICE PELLETS, HAIL 4 = ICE PELLETS
TOTAL MONTH: M 5 = HAIL
GRTST 24HR M ON M 6 = FREEZING RAIN OR DRIZZLE
GRTST DEPTH: M ON M 7 = DUSTSTORM OR SANDSTORM:
VSBY 1/2 MILE OR LESS
8 = SMOKE OR HAZE
[NO. OF DAYS WITH] [WEATHER - DAYS WITH] 9 = BLOWING SNOW
X = TORNADO
MAX 32 OR BELOW: 0 0.01 INCH OR MORE: 2
MAX 90 OR ABOVE: 0 0.10 INCH OR MORE: 2
MIN 32 OR BELOW: 20 0.50 INCH OR MORE: 0
MIN 0 OR BELOW: 0 1.00 INCH OR MORE: 0
[HDD (BASE 65) ]
TOTAL THIS MO. 505 CLEAR (SCALE 0-3) 0
DPTR FM NORMAL -59 PTCLDY (SCALE 4-7) 0
TOTAL FM JUL 1 617 CLOUDY (SCALE 8-10) 31
DPTR FM NORMAL -175
[CDD (BASE 65) ]
TOTAL THIS MO. 0
DPTR FM NORMAL 0 [PRESSURE DATA]
TOTAL FM JAN 1 580 HIGHEST SLP M ON M
DPTR FM NORMAL 224 LOWEST SLP 29.72 ON 23
[REMARKS]
#FINAL-10-22#