000
CXUS53 KPAH 010700
CF6PAH
PRELIMINARY LOCAL CLIMATOLOGICAL DATA (WS FORM: F-6)
STATION: PADUCAH KY
MONTH: NOVEMBER
YEAR: 2022
LATITUDE: 37 4 N
LONGITUDE: 88 46 W
TEMPERATURE IN F: :PCPN: SNOW: WIND :SUNSHINE: SKY :PK WND
================================================================================
1 2 3 4 5 6A 6B 7 8 9 10 11 12 13 14 15 16 17 18
12Z AVG MX 2MIN
DY MAX MIN AVG DEP HDD CDD WTR SNW DPTH SPD SPD DIR MIN PSBL S-S WX SPD DR
================================================================================
1 78 46 62 9 3 0 0.00 0.0 0 0.6 7 300 M M 1 12 11 200
2 78 50 64 11 1 0 T 0.0 0 1.7 8 330 M M 3 12 220
3 79 45 62 9 3 0 0.00 0.0 0 3.9 13 140 M M 0 1 19 140
4 81 64 73 21 0 8 0.00 0.0 0 9.9 21 160 M M 4 33 180
5 72 45 59 7 6 0 0.90 0.0 0 10.0 28 160 M M 4 13 45 150
6 74 43 59 7 6 0 0.00 0.0 0 3.5 10 170 M M 2 18 16 170
7 68 53 61 10 4 0 T 0.0 0 7.1 17 50 M M 8 12 26 60
8 74 58 66 15 0 1 0.00 0.0 0 5.8 14 90 M M 8 17 80
9 83 51 67 17 0 2 0.00 0.0 0 3.2 12 240 M M 0 14 170
10 76 47 62 12 3 0 0.00 0.0 0 2.9 12 140 M M 0 17 180
11 59 37 48 -2 17 0 T 0.0 0 9.3 20 360 M M 6 27 360
12 37 30 34 -15 31 0 0.36 2.3 1 8.0 17 10 M M 10 1 27 20
13 42 26 34 -15 31 0 0.00 0.0 T 3.5 12 340 M M 5 16 360
14 47 22 35 -13 30 0 0.01 0.0 0 3.5 14 70 M M 2 18 80
15 43 39 41 -7 24 0 0.05 0.0 0 4.8 14 320 M M 10 1 19 340
16 44 25 35 -13 30 0 T T 0 5.9 16 290 M M 4 26 290
17 42 21 32 -15 33 0 0.00 0.0 0 4.4 12 250 M M 0 16 320
18 40 20 30 -17 35 0 0.00 0.0 0 4.7 16 330 M M 5 8 24 330
19 42 15 29 -18 36 0 0.00 0.0 0 5.0 18 230 M M 0 30 250
20 43 17 30 -16 35 0 0.00 0.0 0 1.1 8 70 M M 0 13 50
21 52 17 35 -11 30 0 0.00 0.0 0 2.3 14 240 M M 0 19 230
22 60 22 41 -5 24 0 0.00 0.0 0 1.9 10 170 M M 0 16 180
23 64 26 45 0 20 0 0.00 0.0 0 1.5 9 160 M M 0 8 13 150
24 55 36 46 1 19 0 0.08 0.0 0 2.0 8 160 M M 9 1 12 170
25 57 31 44 -1 21 0 0.00 0.0 0 3.8 13 20 M M 7 12 17 10
26 59 30 45 1 20 0 0.26 0.0 0 4.5 16 150 M M 7 128 22 140
27 65 38 52 8 13 0 0.13 0.0 0 8.1 24 230 M M 8 18 39 240
28 52 36 44 0 21 0 0.00 0.0 0 0.7 6 240 M M 8 1 10 200
29 64 37 51 8 14 0 0.21 0.0 0 7.6 22 320 M M 5 1 39 320
30 52 24 38 -5 27 0 0.00 0.0 0 7.3 23 320 M M 2 39 310
================================================================================
SM 1782 1051 537 11 2.00 2.3 138.5 M 118
================================================================================
AV 59.4 35.0 4.6 FASTST M M 4 MAX(MPH)
MISC ----> 28 160 45 150
================================================================================
NOTES:
# LAST OF SEVERAL OCCURRENCES
COLUMN 17 PEAK WIND IN M.P.H.
PRELIMINARY LOCAL CLIMATOLOGICAL DATA (WS FORM: F-6) , PAGE 2
STATION: PADUCAH KY
MONTH: NOVEMBER
YEAR: 2022
LATITUDE: 37 4 N
LONGITUDE: 88 46 W
[TEMPERATURE DATA] [PRECIPITATION DATA] SYMBOLS USED IN COLUMN 16
AVERAGE MONTHLY: 47.2 TOTAL FOR MONTH: 2.00 1 = FOG OR MIST
DPTR FM NORMAL: -0.8 DPTR FM NORMAL: -2.09 2 = FOG REDUCING VISIBILITY
HIGHEST: 83 ON 9 GRTST 24HR 0.90 ON 5- 5 TO 1/4 MILE OR LESS
LOWEST: 15 ON 19 3 = THUNDER
SNOW, ICE PELLETS, HAIL 4 = ICE PELLETS
TOTAL MONTH: 2.3 INCHES 5 = HAIL
GRTST 24HR 2.3 ON 12-12 6 = FREEZING RAIN OR DRIZZLE
GRTST DEPTH: 1 ON 12 7 = DUSTSTORM OR SANDSTORM:
VSBY 1/2 MILE OR LESS
8 = SMOKE OR HAZE
[NO. OF DAYS WITH] [WEATHER - DAYS WITH] 9 = BLOWING SNOW
X = TORNADO
MAX 32 OR BELOW: 0 0.01 INCH OR MORE: 8
MAX 90 OR ABOVE: 0 0.10 INCH OR MORE: 5
MIN 32 OR BELOW: 14 0.50 INCH OR MORE: 1
MIN 0 OR BELOW: 0 1.00 INCH OR MORE: 0
[HDD (BASE 65) ]
TOTAL THIS MO. 537 CLEAR (SCALE 0-3) 13
DPTR FM NORMAL 22 PTCLDY (SCALE 4-7) 12
TOTAL FM JUL 1 778 CLOUDY (SCALE 8-10) 5
DPTR FM NORMAL 22
[CDD (BASE 65) ]
TOTAL THIS MO. 11
DPTR FM NORMAL 6 [PRESSURE DATA]
TOTAL FM JAN 1 1836 HIGHEST SLP M ON M
DPTR FM NORMAL 153 LOWEST SLP 29.43 ON 27
[REMARKS]
#FINAL-11-22#