000
CXUS53 KPAH 011010
CF6PAH
PRELIMINARY LOCAL CLIMATOLOGICAL DATA (WS FORM: F-6)
STATION: PADUCAH KY
MONTH: JANUARY
YEAR: 2024
LATITUDE: 37 4 N
LONGITUDE: 88 46 W
TEMPERATURE IN F: :PCPN: SNOW: WIND :SUNSHINE: SKY :PK WND
================================================================================
1 2 3 4 5 6A 6B 7 8 9 10 11 12 13 14 15 16 17 18
12Z AVG MX 2MIN
DY MAX MIN AVG DEP HDD CDD WTR SNW DPTH SPD SPD DIR MIN PSBL S-S WX SPD DR
================================================================================
1 40 36 38 1 27 0 0.00 0.0 0 5.3 14 340 M M 10 19 360
2 41 26 34 -3 31 0 0.00 0.0 0 1.4 10 250 M M 5 16 270
3 49 23 36 0 29 0 0.00 0.0 0 3.7 14 20 M M 3 1 20 350
4 46 26 36 0 29 0 0.00 0.0 0 4.8 14 90 M M 5 20 360
5 41 24 33 -3 32 0 0.11 0.0 0 4.0 12 120 M M 3 15 130
6 42 38 40 4 25 0 0.33 0.0 M 3.8 9 260 M M 10 1 16 250
7 46 29 38 2 27 0 T 0.0 0 4.2 12 300 M M 7 19 240
8 45 27 36 0 29 0 0.95 T 0 8.7 23 110 M M 4 1 31 100
9 48 36 42 6 23 0 1.01 T 0 10.5 21 240 M M 10 1 37 240
10 44 34 39 3 26 0 T 0.0 0 7.2 14 200 M M 5 28 210
11 56 34 45 9 20 0 T 0.0 0 7.5 18 140 M M 1 3 26 150
12 53 25 39 3 26 0 2.74 T 0 11.1 30 250 M M 10 13 51 230
13 34 21 28 -8 37 0 T T 0 7.9 18 320 M M 4 29 330
14 21 6 14 -22 51 0 0.12 1.4 0 6.8 17 320 M M 5 18 26 310
15 12 4 8 -28 57 0 0.02 0.3 1 7.0 13 320 M M 9 8 19 310
16 17 5 11 -25 54 0 0.00 0.0 1 6.1 15 330 M M 3 22 330
17 30 2 16 -20 49 0 0.00 0.0 1 5.7 15 220 M M 0 24 220
18 32 22 27 -9 38 0 0.00 0.0 T 3.2 9 200 M M 5 1 15 180
19 31 12 22 -14 43 0 T T T 9.3 23 330 M M 6 1 38 330
20 21 6 14 -22 51 0 0.00 0.0 T 4.6 13 320 M M 1 20 310
21 31 3 17 -19 48 0 0.00 0.0 T 3.9 12 110 M M 0 16 120
22 45 27 36 0 29 0 T 0.0 T 6.1 15 140 M M 10 22 180
23 51 43 47 11 18 0 1.43 0.0 0 4.0 16 160 M M 10 12 29 180
24 60 51 56 20 9 0 0.88 0.0 0 4.3 13 140 M M 10 12 18 140
25 55 50 53 17 12 0 0.24 0.0 0 2.6 10 270 M M 10 12 19 270
26 52 44 48 12 17 0 T 0.0 0 4.2 10 50 M M 10 18 14 40
27 44 40 42 6 23 0 1.60 0.0 0 11.1 24 360 M M 10 1 35 10
28 43 37 40 4 25 0 0.00 0.0 0 8.9 16 320 M M 10 1 26 320
29 46 30 38 2 27 0 0.00 0.0 0 3.9 9 330 M M 6 1 14 330
30 51 30 41 5 24 0 T 0.0 0 6.9 16 340 M M 5 1 24 350
31 53 31 42 5 23 0 0.00 0.0 0 2.6 10 340 M M 4 16 330
================================================================================
SM 1280 822 959 0 9.43 1.7 181.3 M 191
================================================================================
AV 41.3 26.5 5.8 FASTST M M 6 MAX(MPH)
MISC ----> 30 250 51 230
================================================================================
NOTES:
# LAST OF SEVERAL OCCURRENCES
COLUMN 17 PEAK WIND IN M.P.H.
PRELIMINARY LOCAL CLIMATOLOGICAL DATA (WS FORM: F-6) , PAGE 2
STATION: PADUCAH KY
MONTH: JANUARY
YEAR: 2024
LATITUDE: 37 4 N
LONGITUDE: 88 46 W
[TEMPERATURE DATA] [PRECIPITATION DATA] SYMBOLS USED IN COLUMN 16
AVERAGE MONTHLY: 33.9 TOTAL FOR MONTH: 9.43 1 = FOG OR MIST
DPTR FM NORMAL: -2.1 DPTR FM NORMAL: 5.58 2 = FOG REDUCING VISIBILITY
HIGHEST: 60 ON 24 GRTST 24HR 2.74 ON 12-12 TO 1/4 MILE OR LESS
LOWEST: 2 ON 17 3 = THUNDER
SNOW, ICE PELLETS, HAIL 4 = ICE PELLETS
TOTAL MONTH: 1.7 INCHES 5 = HAIL
GRTST 24HR 1.7 ON 14-14 6 = FREEZING RAIN OR DRIZZLE
GRTST DEPTH: 1 ON 17,16 7 = DUSTSTORM OR SANDSTORM:
VSBY 1/2 MILE OR LESS
8 = SMOKE OR HAZE
[NO. OF DAYS WITH] [WEATHER - DAYS WITH] 9 = BLOWING SNOW
X = TORNADO
MAX 32 OR BELOW: 8 0.01 INCH OR MORE: 11
MAX 90 OR ABOVE: 0 0.10 INCH OR MORE: 10
MIN 32 OR BELOW: 20 0.50 INCH OR MORE: 6
MIN 0 OR BELOW: 0 1.00 INCH OR MORE: 4
[HDD (BASE 65) ]
TOTAL THIS MO. 959 CLEAR (SCALE 0-3) 7
DPTR FM NORMAL 60 PTCLDY (SCALE 4-7) 12
TOTAL FM JUL 1 2224 CLOUDY (SCALE 8-10) 12
DPTR FM NORMAL -217
[CDD (BASE 65) ]
TOTAL THIS MO. 0
DPTR FM NORMAL 0 [PRESSURE DATA]
TOTAL FM JAN 1 0 HIGHEST SLP 30.73 ON 21
DPTR FM NORMAL 0 LOWEST SLP 29.15 ON 12
[REMARKS]
#FINAL-01-24#