000
CXUS53 KPAH 010730
CF6PAH
PRELIMINARY LOCAL CLIMATOLOGICAL DATA (WS FORM: F-6)
STATION: PADUCAH KY
MONTH: AUGUST
YEAR: 2023
LATITUDE: 37 4 N
LONGITUDE: 88 46 W
TEMPERATURE IN F: :PCPN: SNOW: WIND :SUNSHINE: SKY :PK WND
================================================================================
1 2 3 4 5 6A 6B 7 8 9 10 11 12 13 14 15 16 17 18
12Z AVG MX 2MIN
DY MAX MIN AVG DEP HDD CDD WTR SNW DPTH SPD SPD DIR MIN PSBL S-S WX SPD DR
================================================================================
1 85 67 76 -3 0 11 0.00 0.0 0 2.6 9 120 M M 1 17 130
2 83 68 76 -3 0 11 0.41 0.0 0 4.2 14 320 M M 3 13 23 320
3 85 71 78 -1 0 13 1.40 0.0 0 3.3 13 270 M M 6 13 28 290
4 88 75 82 3 0 17 0.39 0.0 0 2.4 9 120 M M 6 13 17 260
5 87 71 79 0 0 14 1.52 0.0 0 5.4 26 340 M M 5 13 42 320
6 89 72 81 2 0 16 0.00 0.0 0 2.5 8 220 M M 3 1 15 230
7 83 67 75 -4 0 10 0.00 0.0 0 5.3 14 310 M M 4 1 23 320
8 84 64 74 -5 0 9 0.00 0.0 0 2.1 9 210 M M 1 18 15 200
9 76 70 73 -6 0 8 0.65 0.0 0 3.2 13 180 M M 5 13 22 170
10 86 69 78 -1 0 13 0.02 0.0 0 1.1 9 320 M M 6 1 12 320
11 89 67 78 -1 0 13 0.00 0.0 0 1.7 10 250 M M 3 12 14 270
12 86 71 79 0 0 14 0.13 0.0 0 2.1 21 40 M M 3 138 32 40
13 87 72 80 1 0 15 0.04 0.0 0 1.6 14 140 M M 5 13 20 250
14 84 70 77 -2 0 12 1.13 0.0 0 4.8 23 320 M M 5 13 38 330
15 78 62 70 -8 0 5 0.00 0.0 0 4.0 13 320 M M 4 20 340
16 84 62 73 -5 0 8 0.00 0.0 0 2.0 12 80 M M 1 1 15 80
17 85 61 73 -5 0 8 0.00 0.0 0 3.7 14 240 M M 1 1 22 230
18 85 61 73 -5 0 8 0.00 0.0 0 1.1 8 30 M M 0 1 12 70
19 86 60 73 -5 0 8 0.00 0.0 0 2.5 9 140 M M 0 1 14 120
20 93 66 80 2 0 15 0.00 0.0 0 3.0 9 220 M M 0 16 170
21 96 74 85 7 0 20 0.00 0.0 0 1.6 8 150 M M 1 1 14 120
22 96 76 86 8 0 21 0.00 0.0 0 2.4 12 100 M M 1 12 17 20
23 96 73 85 7 0 20 0.00 0.0 0 0.9 6 360 M M 3 128 9 350
24 95 73 84 7 0 19 0.00 0.0 0 2.3 8 160 M M 3 128 12 220
25 99 74 87 10 0 22 0.00 0.0 0 1.9 7 220 M M 0 18 11 210
26 95 75 85 8 0 20 0.27 0.0 0 4.3 17 70 M M 4 13 27 30
27 84 71 78 1 0 13 1.27 0.0 0 5.0 12 60 M M 8 18 19 20
28 85 65 75 -2 0 10 0.00 0.0 0 4.9 13 360 M M 1 1 20 360
29 84 61 73 -3 0 8 0.00 0.0 0 2.5 10 350 M M 0 1 15 350
30 83 63 73 -3 0 8 0.00 0.0 0 5.8 14 10 M M 0 1 22 360
31 80 57 69 -7 0 4 0.00 0.0 0 4.4 13 40 M M 0 19 40
================================================================================
SM 2696 2108 0 393 7.23 0.0 94.6 M 83
================================================================================
AV 87.0 68.0 3.1 FASTST M M 3 MAX(MPH)
MISC ----> 26 340 42 320
================================================================================
NOTES:
# LAST OF SEVERAL OCCURRENCES
COLUMN 17 PEAK WIND IN M.P.H.
PRELIMINARY LOCAL CLIMATOLOGICAL DATA (WS FORM: F-6) , PAGE 2
STATION: PADUCAH KY
MONTH: AUGUST
YEAR: 2023
LATITUDE: 37 4 N
LONGITUDE: 88 46 W
[TEMPERATURE DATA] [PRECIPITATION DATA] SYMBOLS USED IN COLUMN 16
AVERAGE MONTHLY: 77.5 TOTAL FOR MONTH: 7.23 1 = FOG OR MIST
DPTR FM NORMAL: -0.7 DPTR FM NORMAL: 4.12 2 = FOG REDUCING VISIBILITY
HIGHEST: 99 ON 25 GRTST 24HR 1.54 ON 26-27 TO 1/4 MILE OR LESS
LOWEST: 57 ON 31 3 = THUNDER
SNOW, ICE PELLETS, HAIL 4 = ICE PELLETS
TOTAL MONTH: 0.0 INCH 5 = HAIL
GRTST 24HR 0.0 6 = FREEZING RAIN OR DRIZZLE
GRTST DEPTH: 0 7 = DUSTSTORM OR SANDSTORM:
VSBY 1/2 MILE OR LESS
8 = SMOKE OR HAZE
[NO. OF DAYS WITH] [WEATHER - DAYS WITH] 9 = BLOWING SNOW
X = TORNADO
MAX 32 OR BELOW: 0 0.01 INCH OR MORE: 11
MAX 90 OR ABOVE: 7 0.10 INCH OR MORE: 9
MIN 32 OR BELOW: 0 0.50 INCH OR MORE: 5
MIN 0 OR BELOW: 0 1.00 INCH OR MORE: 4
[HDD (BASE 65) ]
TOTAL THIS MO. 0 CLEAR (SCALE 0-3) 19
DPTR FM NORMAL 0 PTCLDY (SCALE 4-7) 12
TOTAL FM JUL 1 0 CLOUDY (SCALE 8-10) 0
DPTR FM NORMAL 0
[CDD (BASE 65) ]
TOTAL THIS MO. 393
DPTR FM NORMAL -15 [PRESSURE DATA]
TOTAL FM JAN 1 1364 HIGHEST SLP M ON M
DPTR FM NORMAL -56 LOWEST SLP 29.68 ON 9
[REMARKS]
#FINAL-08-23#