000
CXUS52 KMFL 011130
CF6PBI
PRELIMINARY LOCAL CLIMATOLOGICAL DATA (WS FORM: F-6)
STATION: WEST PALM BEACH
MONTH: JANUARY
YEAR: 2022
LATITUDE: 26 40 N
LONGITUDE: 80 7 W
TEMPERATURE IN F: :PCPN: SNOW: WIND :SUNSHINE: SKY :PK WND
================================================================================
1 2 3 4 5 6A 6B 7 8 9 10 11 12 13 14 15 16 17 18
12Z AVG MX 2MIN
DY MAX MIN AVG DEP HDD CDD WTR SNW DPTH SPD SPD DIR MIN PSBL S-S WX SPD DR
================================================================================
1 82 65 74 7 0 9 0.00 0.0 0 8.1 22 150 M M 3 1 27 140
2 85 67 76 9 0 11 0.00 0.0 0 8.4 18 170 M M 3 23 160
3 78 57 68 1 0 3 T 0.0 0 8.7 20 300 M M 4 24 300
4 78 54 66 -1 0 1 0.00 0.0 0 7.7 18 90 M M 4 23 100
5 79 62 71 5 0 6 T 0.0 0 6.0 14 130 M M 5 18 140
6 78 58 68 2 0 3 0.00 0.0 0 5.5 14 310 M M 4 17 320
7 81 66 74 8 0 9 T 0.0 0 6.3 16 20 M M 6 27 40
8 80 73 77 11 0 12 0.00 0.0 0 13.8 22 90 M M 6 27 90
9 81 73 77 11 0 12 0.00 0.0 0 15.0 25 90 M M 7 31 90
10 82 67 75 9 0 10 1.20 0.0 0 5.8 25 340 M M 8 13 35 330
11 74 63 69 3 0 4 0.24 0.0 0 11.5 22 50 M M 6 18 28 50
12 82 63 73 7 0 8 0.24 0.0 0 11.9 21 50 M M 7 1 26 60
13 76 59 68 2 0 3 T 0.0 0 7.2 16 280 M M 6 21 280
14 71 53 62 -4 3 0 0.00 0.0 0 8.6 18 330 M M 0 24 300
15 74 48 61 -5 4 0 T 0.0 0 4.1 14 130 M M 2 8 18 130
16 76 61 69 3 0 4 0.39 0.0 0 12.7 30 220 M M 7 13 40 230
17 70 51 61 -5 4 0 0.00 0.0 0 11.6 25 280 M M 2 32 300
18 68 48 58 -8 7 0 0.00 0.0 0 6.8 13 320 M M 1 22 40
19 75 53 64 -2 1 0 T 0.0 0 6.2 16 130 M M 7 20 130
20 81 58 70 4 0 5 0.12 0.0 0 6.0 20 130 M M 6 1 24 140
21 80 68 74 8 0 9 0.05 0.0 0 3.4 12 40 M M 8 12 13 30
22 72 63 68 2 0 3 0.01 0.0 0 10.8 18 330 M M 9 22 350
23 63 49 56 -10 9 0 0.01 0.0 0 11.0 16 270 M M 9 20 290
24 73 40 57 -9 8 0 0.00 0.0 0 7.1 15 320 M M 4 18 320
25 73 49 61 -5 4 0 T 0.0 M 6.7 16 150 M M 7 20 140
26 77 66 72 6 0 7 0.01 0.0 M 6.9 17 250 M M 9 22 260
27 80 63 72 6 0 7 T 0.0 M 7.2 15 30 M M 7 18 30
28 72 62 67 1 0 2 T 0.0 M 11.2 21 290 M M 9 128 25 280
29 63 42 53 -14 12 0 T 0.0 M 17.6 37 310 M M 4 47 300
30 61 37 49 -18 16 0 0.00 0.0 M 9.3 16 320 M M 1 21 320
31 69 40 55 -12 10 0 0.00 0.0 0 5.4 13 50 M M 1 16 50
================================================================================
SM 2334 1778 78 128 2.27 0.0 268.5 M 162
================================================================================
AV 75.3 57.4 8.7 FASTST M M 5 MAX(MPH)
MISC ----> 37 310 47 300
================================================================================
NOTES:
# LAST OF SEVERAL OCCURRENCES
COLUMN 17 PEAK WIND IN M.P.H.
PRELIMINARY LOCAL CLIMATOLOGICAL DATA (WS FORM: F-6) , PAGE 2
STATION: WEST PALM BEACH
MONTH: JANUARY
YEAR: 2022
LATITUDE: 26 40 N
LONGITUDE: 80 7 W
[TEMPERATURE DATA] [PRECIPITATION DATA] SYMBOLS USED IN COLUMN 16
AVERAGE MONTHLY: 66.3 TOTAL FOR MONTH: 2.27 1 = FOG OR MIST
DPTR FM NORMAL: 0.0 DPTR FM NORMAL: -1.20 2 = FOG REDUCING VISIBILITY
HIGHEST: 85 ON 2 GRTST 24HR 1.20 ON 10-10 TO 1/4 MILE OR LESS
LOWEST: 37 ON 30 3 = THUNDER
SNOW, ICE PELLETS, HAIL 4 = ICE PELLETS
TOTAL MONTH: 0.0 INCH 5 = HAIL
GRTST 24HR 0.0 6 = FREEZING RAIN OR DRIZZLE
GRTST DEPTH: 0 7 = DUSTSTORM OR SANDSTORM:
VSBY 1/2 MILE OR LESS
8 = SMOKE OR HAZE
[NO. OF DAYS WITH] [WEATHER - DAYS WITH] 9 = BLOWING SNOW
X = TORNADO
MAX 32 OR BELOW: 0 0.01 INCH OR MORE: 9
MAX 90 OR ABOVE: 0 0.10 INCH OR MORE: 5
MIN 32 OR BELOW: 0 0.50 INCH OR MORE: 1
MIN 0 OR BELOW: 0 1.00 INCH OR MORE: 1
[HDD (BASE 65) ]
TOTAL THIS MO. 78 CLEAR (SCALE 0-3) 7
DPTR FM NORMAL 2 PTCLDY (SCALE 4-7) 20
TOTAL FM JUL 1 84 CLOUDY (SCALE 8-10) 4
DPTR FM NORMAL -49
[CDD (BASE 65) ]
TOTAL THIS MO. 128
DPTR FM NORMAL 12 [PRESSURE DATA]
TOTAL FM JAN 1 128 HIGHEST SLP 30.38 ON 8
DPTR FM NORMAL 12 LOWEST SLP 29.77 ON 16
[REMARKS]
#FINAL-01-22#