154
CXUS52 KFFC 011010
CF6PDK
PRELIMINARY LOCAL CLIMATOLOGICAL DATA (WS FORM: F-6)
STATION: DEKALB PEACHTREE AIRPORT
MONTH: JULY
YEAR: 2020
LATITUDE: 33 52 N
LONGITUDE: 84 18 W
TEMPERATURE IN F: :PCPN: SNOW: WIND :SUNSHINE: SKY :PK WND
================================================================================
1 2 3 4 5 6A 6B 7 8 9 10 11 12 13 14 15 16 17 18
12Z AVG MX 2MIN
DY MAX MIN AVG DEP HDD CDD WTR SNW DPTH SPD SPD DIR MIN PSBL S-S WX SPD DR
================================================================================
1 82 67 75 -4 0 10 T 0.0 M 6.8 16 330 M M 4 21 350
2 88 70 79 0 0 14 0.04 0.0 M 3.3 10 270 M M 2 13 13 260
3 92 71 82 3 0 17 0.00 0.0 M 2.0 9 40 M M 5 1 13 30
4 91 71 81 2 0 16 T M M 2.3 13 210 M M 2 138 15 210
5 90 71 81 1 0 16 0.00 M M 3.2 12 140 M M 1 18 16 100
6 84 72 78 -2 0 13 0.75 M M 3.2 15 10 M M 7 1 18 10
7 86 72 79 -1 0 14 0.03 M M 4.5 12 20 M M 9 1 15 20
8 88 72 80 0 0 15 0.01 M M 2.3 13 290 M M 7 3 16 290
9 90 70 80 0 0 15 0.03 M M 3.1 14 10 M M 2 13 19 60
10 92 70 81 1 0 16 0.00 0.0 M 5.1 20 350 M M 2 1 26 340
11 90 71 81 1 0 16 0.00 0.0 M 9.9 20 330 M M 0 26 340
12 88 65 77 -3 0 12 T M M 4.2 15 330 M M 0 19 310
13 90 67 79 -1 0 14 0.00 M M 7.0 15 300 M M 2 1 20 260
14 95 67 81 1 0 16 0.00 M M 1.5 10 240 M M 2 13 230
15 94 71 83 3 0 18 0.41 M M 2.6 24 170 M M 4 13 32 170
16 93 71 82 2 0 17 0.07 M M 1.6 15 170 M M 1 13 20 190
17 94 71 83 3 0 18 0.00 M M 1.5 8 300 M M 1 1 12 170
18 95 73 84 4 0 19 0.00 M M 2.7 22 270 M M 2 13 26 260
19 95 72 84 4 0 19 0.00 M M 2.5 12 230 M M 2 3 15 230
20 96 73 85 5 0 20 0.00 M M 2.2 12 220 M M 2 13 14 180
21 95 72 84 4 0 19 2.08 M M 2.7 30 200 M M 2 123 39 210
22 92 71 82 2 0 17 0.09 M M 2.3 15 100 M M 2 138 27 110
23 91 70 81 1 0 16 0.00 M M 2.8 14 190 M M 0 1 21 170
24 87 71 79 -1 0 14 T M M 2.1 7 170 M M 1 3 11 140
25 89 70 80 0 0 15 0.30 M M 1.6 14 130 M M 3 13 22 130
26 91 67 79 -1 0 14 0.00 M M 2.4 18 330 M M 1 13 23 330
27 92 71 82 2 0 17 0.00 M M 3.6 13 340 M M 1 1 16 340
28 90 71 81 1 0 16 0.05 M M 5.2 15 240 M M 1 138 19 250
29 87 73 80 0 0 15 0.85 M M 5.8 15 270 M M 7 138 19 220
30 88 73 81 1 0 16 0.32 M M 7.0 24 300 M M 6 1 32 290
31 92 73 83 3 0 18 0.00 M M 9.1 18 220 M M 3 24 220
================================================================================
SM 2807 2189 0 492 5.03 0.0 116.1 M 84
================================================================================
AV 90.5 70.6 3.7 FASTST M M 3 MAX(MPH)
MISC ----> 30 200 39 210
================================================================================
NOTES:
# LAST OF SEVERAL OCCURRENCES
COLUMN 17 PEAK WIND IN M.P.H.
PRELIMINARY LOCAL CLIMATOLOGICAL DATA (WS FORM: F-6) , PAGE 2
STATION: DEKALB PEACHTREE AIRPORT
MONTH: JULY
YEAR: 2020
LATITUDE: 33 52 N
LONGITUDE: 84 18 W
[TEMPERATURE DATA] [PRECIPITATION DATA] SYMBOLS USED IN COLUMN 16
AVERAGE MONTHLY: 80.6 TOTAL FOR MONTH: 5.03 1 = FOG OR MIST
DPTR FM NORMAL: 0.7 DPTR FM NORMAL: 0.01 2 = FOG REDUCING VISIBILITY
HIGHEST: 96 ON 20 GRTST 24HR 2.08 ON 21-21 TO 1/4 MILE OR LESS
LOWEST: 65 ON 12 3 = THUNDER
SNOW, ICE PELLETS, HAIL 4 = ICE PELLETS
TOTAL MONTH: 0.0 INCH 5 = HAIL
GRTST 24HR 0.0 6 = FREEZING RAIN OR DRIZZLE
GRTST DEPTH: M ON M 7 = DUSTSTORM OR SANDSTORM:
VSBY 1/2 MILE OR LESS
8 = SMOKE OR HAZE
[NO. OF DAYS WITH] [WEATHER - DAYS WITH] 9 = BLOWING SNOW
X = TORNADO
MAX 32 OR BELOW: 0 0.01 INCH OR MORE: 13
MAX 90 OR ABOVE: 21 0.10 INCH OR MORE: 6
MIN 32 OR BELOW: 0 0.50 INCH OR MORE: 3
MIN 0 OR BELOW: 0 1.00 INCH OR MORE: 1
[HDD (BASE 65) ]
TOTAL THIS MO. 0 CLEAR (SCALE 0-3) 23
DPTR FM NORMAL 0 PTCLDY (SCALE 4-7) 7
TOTAL FM JUL 1 0 CLOUDY (SCALE 8-10) 1
DPTR FM NORMAL 0
[CDD (BASE 65) ]
TOTAL THIS MO. 492
DPTR FM NORMAL 33 [PRESSURE DATA]
TOTAL FM JAN 1 982 HIGHEST SLP 30.19 ON 24
DPTR FM NORMAL -41 LOWEST SLP 29.72 ON 12
[REMARKS]
#FINAL-07-20#