000
CXUS56 KPDT 011910
CF6PDT
PRELIMINARY LOCAL CLIMATOLOGICAL DATA (WS FORM: F-6)
STATION: PENDLETON OR
MONTH: DECEMBER
YEAR: 2023
LATITUDE: 45 40 N
LONGITUDE: 118 51 W
TEMPERATURE IN F: :PCPN: SNOW: WIND :SUNSHINE: SKY :PK WND
================================================================================
1 2 3 4 5 6A 6B 7 8 9 10 11 12 13 14 15 16 17 18
12Z AVG MX 2MIN
DY MAX MIN AVG DEP HDD CDD WTR SNW DPTH SPD SPD DIR MIN PSBL S-S WX SPD DR
================================================================================
1 45 20 33 -3 32 0 0.09 0.0 0 9.8 26 270 M M 7 12 36 280
2 52 41 47 11 18 0 0.13 0.0 0 14.5 36 240 M M 8 1 49 240
3 53 42 48 12 17 0 0.37 0.0 0 5.8 20 190 M M 10 1 25 200
4 63 46 55 19 10 0 0.03 0.0 0 7.2 15 180 M M 8 21 190
5 67 52 60 25 5 0 T 0.0 0 8.1 28 200 M M 6 34 210
6 64 45 55 20 10 0 0.17 0.0 0 7.3 18 230 M M 6 12 26 250
7 51 41 46 11 19 0 0.02 0.0 0 11.5 30 250 M M 5 39 270
8 46 30 38 3 27 0 0.00 0.0 0 10.8 24 280 M M 2 33 240
9 50 28 39 4 26 0 T 0.0 0 7.0 23 200 M M 5 30 210
10 52 40 46 12 19 0 0.31 0.0 0 6.9 21 180 M M 10 1 26 190
11 46 37 42 8 23 0 0.05 T 0 6.5 14 10 M M 10 12 17 20
12 43 38 41 7 24 0 0.01 0.0 0 2.7 12 20 M M 10 128 14 10
13 43 30 37 3 28 0 0.00 0.0 0 3.5 9 60 M M 6 12 12 80
14 42 31 37 3 28 0 0.00 0.0 0 4.3 9 350 M M 7 12 10 350
15 38 32 35 1 30 0 0.00 0.0 0 3.3 10 90 M M 10 12 12 80
16 36 32 34 0 31 0 0.00 0.0 0 2.7 9 160 M M 10 128 12 160
17 35 31 33 -1 32 0 0.00 0.0 0 2.9 7 50 M M 10 12 9 40
18 36 32 34 0 31 0 0.08 0.0 0 2.2 8 300 M M 10 12 9 290
19 39 33 36 2 29 0 0.02 0.0 0 6.2 14 290 M M 10 12 17 300
20 41 37 39 6 26 0 0.00 0.0 0 1.3 7 190 M M 10 12 8 130
21 38 34 36 3 29 0 0.00 0.0 0 2.6 8 170 M M 10 12 9 170
22 43 33 38 5 27 0 0.10 0.0 0 12.7 29 260 M M 8 12 40 260
23 44 28 36 3 29 0 0.00 0.0 0 6.7 21 260 M M 0 29 270
24 32 24 28 -5 37 0 0.00 0.0 0 4.2 13 290 M M 3 1 15 300
25 36 23 30 -3 35 0 T T 0 5.5 18 290 M M 8 1268 23 290
26 41 30 36 3 29 0 0.10 0.0 0 6.7 15 310 M M 10 126 19 300
27 47 29 38 5 27 0 0.07 0.0 0 7.4 21 80 M M 7 12 27 70
28 40 31 36 3 29 0 0.00 0.0 0 5.4 14 290 M M 9 12 18 290
29 39 32 36 3 29 0 0.00 0.0 0 4.4 24 70 M M 9 12 28 70
30 44 35 40 6 25 0 0.03 0.0 0 3.3 12 130 M M 10 12 15 300
31 50 32 41 7 24 0 T 0.0 0 4.2 10 310 M M 6 12 13 300
================================================================================
SM 1396 1049 785 0 1.58 T 187.6 M 240
================================================================================
AV 45.0 33.8 6.1 FASTST M M 8 MAX(MPH)
MISC ----> 36 240 49 240
================================================================================
NOTES:
# LAST OF SEVERAL OCCURRENCES
COLUMN 17 PEAK WIND IN M.P.H.
PRELIMINARY LOCAL CLIMATOLOGICAL DATA (WS FORM: F-6) , PAGE 2
STATION: PENDLETON OR
MONTH: DECEMBER
YEAR: 2023
LATITUDE: 45 40 N
LONGITUDE: 118 51 W
[TEMPERATURE DATA] [PRECIPITATION DATA] SYMBOLS USED IN COLUMN 16
AVERAGE MONTHLY: 39.4 TOTAL FOR MONTH: 1.58 1 = FOG OR MIST
DPTR FM NORMAL: 5.2 DPTR FM NORMAL: 0.08 2 = FOG REDUCING VISIBILITY
HIGHEST: 67 ON 5 GRTST 24HR 0.37 ON 2- 3 TO 1/4 MILE OR LESS
LOWEST: 20 ON 1 3 = THUNDER
SNOW, ICE PELLETS, HAIL 4 = ICE PELLETS
TOTAL MONTH: 1.3 INCHES 5 = HAIL
GRTST 24HR T ON 11-11 6 = FREEZING RAIN OR DRIZZLE
GRTST DEPTH: 1 ON M 7 = DUSTSTORM OR SANDSTORM:
VSBY 1/2 MILE OR LESS
8 = SMOKE OR HAZE
[NO. OF DAYS WITH] [WEATHER - DAYS WITH] 9 = BLOWING SNOW
X = TORNADO
MAX 32 OR BELOW: 1 0.01 INCH OR MORE: 15
MAX 90 OR ABOVE: 0 0.10 INCH OR MORE: 6
MIN 32 OR BELOW: 17 0.50 INCH OR MORE: 0
MIN 0 OR BELOW: 0 1.00 INCH OR MORE: 0
[HDD (BASE 65) ]
TOTAL THIS MO. 785 CLEAR (SCALE 0-3) 2
DPTR FM NORMAL -171 PTCLDY (SCALE 4-7) 13
TOTAL FM JUL 1 1909 CLOUDY (SCALE 8-10) 16
DPTR FM NORMAL -332
[CDD (BASE 65) ]
TOTAL THIS MO. 0
DPTR FM NORMAL 0 [PRESSURE DATA]
TOTAL FM JAN 1 941 HIGHEST SLP 30.48 ON 8
DPTR FM NORMAL 304 LOWEST SLP 29.59 ON 2
[REMARKS]
#FINAL-12-23#