000
CXUS56 KPQR 011155
CF6PDX
PRELIMINARY LOCAL CLIMATOLOGICAL DATA (WS FORM: F-6)
STATION: PORTLAND OR
MONTH: MAY
YEAR: 2021
LATITUDE: 45 35 N
LONGITUDE: 122 36 W
TEMPERATURE IN F: :PCPN: SNOW: WIND :SUNSHINE: SKY :PK WND
================================================================================
1 2 3 4 5 6A 6B 7 8 9 10 11 12 13 14 15 16 17 18
12Z AVG MX 2MIN
DY MAX MIN AVG DEP HDD CDD WTR SNW DPTH SPD SPD DIR MIN PSBL S-S WX SPD DR
================================================================================
1 62 50 56 0 9 0 T 0.0 0 8.8 20 310 M M 8 25 320
2 67 49 58 2 7 0 0.00 0.0 0 6.6 16 320 M M 4 21 320
3 64 48 56 -1 9 0 0.06 0.0 0 4.3 12 310 M M 8 14 310
4 69 53 61 4 4 0 0.00 0.0 0 6.3 13 330 M M 5 16 320
5 82 46 64 7 1 0 0.00 0.0 0 6.9 18 100 M M 6 24 100
6 68 49 59 2 6 0 T 0.0 0 8.4 22 260 M M 8 26 260
7 61 46 54 -4 11 0 0.01 0.0 0 8.7 22 320 M M 7 30 320
8 63 43 53 -5 12 0 0.00 0.0 0 3.8 12 310 M M 7 14 290
9 66 52 59 1 6 0 T 0.0 0 7.7 16 310 M M 7 21 320
10 71 49 60 2 5 0 0.00 0.0 0 7.7 18 320 M M 3 23 320
11 76 47 62 4 3 0 0.00 0.0 0 6.1 17 320 M M 4 23 320
12 80 51 66 7 0 1 0.00 0.0 0 6.5 16 310 M M 4 21 330
13 78 52 65 6 0 0 0.00 0.0 0 7.4 17 320 M M 6 23 320
14 80 55 68 9 0 3 0.00 0.0 0 10.0 23 310 M M 4 34 320
15 81 49 65 6 0 0 0.00 0.0 0 7.3 20 320 M M 1 25 320
16 83 51 67 7 0 2 0.00 0.0 0 5.4 13 310 M M 1 16 360
17 68 52 60 0 5 0 T 0.0 0 6.0 21 280 M M 8 25 270
18 61 47 54 -6 11 0 0.06 0.0 0 6.5 18 270 M M 7 24 220
19 61 41 51 -9 14 0 T 0.0 0 7.3 23 300 M M 6 28 320
20 61 43 52 -8 13 0 T 0.0 0 5.6 16 320 M M 8 21 320
21 66 46 56 -4 9 0 0.00 0.0 0 5.3 17 320 M M 7 21 310
22 68 49 59 -2 6 0 0.00 0.0 0 7.2 15 120 M M 8 18 130
23 66 52 59 -2 6 0 T 0.0 0 6.0 13 280 M M 9 17 200
24 61 51 56 -5 9 0 0.22 0.0 0 5.1 14 200 M M 10 1 18 190
25 63 54 59 -2 6 0 0.09 0.0 0 3.9 14 320 M M 9 1 16 320
26 72 47 60 -1 5 0 0.00 0.0 0 3.6 17 200 M M 7 20 190
27 65 52 59 -2 6 0 0.14 0.0 0 13.9 26 230 M M 8 1 38 250
28 70 52 61 -1 4 0 0.00 0.0 0 5.9 17 320 M M 6 21 320
29 82 49 66 4 0 1 0.00 0.0 0 8.1 17 290 M M 2 8 20 290
30 84 55 70 8 0 5 0.00 0.0 0 5.3 12 300 M M 4 17 340
31 88 59 74 12 0 9 0.00 0.0 0 5.8 15 320 M M 4 21 310
================================================================================
SM 2187 1539 167 21 0.58 0.0 207.4 M 186
================================================================================
AV 70.5 49.6 6.7 FASTST M M 6 MAX(MPH)
MISC ----> 26 230 38 250
================================================================================
NOTES:
# LAST OF SEVERAL OCCURRENCES
COLUMN 17 PEAK WIND IN M.P.H.
PRELIMINARY LOCAL CLIMATOLOGICAL DATA (WS FORM: F-6) , PAGE 2
STATION: PORTLAND OR
MONTH: MAY
YEAR: 2021
LATITUDE: 45 35 N
LONGITUDE: 122 36 W
[TEMPERATURE DATA] [PRECIPITATION DATA] SYMBOLS USED IN COLUMN 16
AVERAGE MONTHLY: 60.1 TOTAL FOR MONTH: 0.58 1 = FOG OR MIST
DPTR FM NORMAL: 0.7 DPTR FM NORMAL: -1.93 2 = FOG REDUCING VISIBILITY
HIGHEST: 88 ON 31 GRTST 24HR 0.22 ON 24-24 TO 1/4 MILE OR LESS
LOWEST: 41 ON 19 3 = THUNDER
SNOW, ICE PELLETS, HAIL 4 = ICE PELLETS
TOTAL MONTH: 0.0 INCH 5 = HAIL
GRTST 24HR 0.0 6 = FREEZING RAIN OR DRIZZLE
GRTST DEPTH: 0 7 = DUSTSTORM OR SANDSTORM:
VSBY 1/2 MILE OR LESS
8 = SMOKE OR HAZE
[NO. OF DAYS WITH] [WEATHER - DAYS WITH] 9 = BLOWING SNOW
X = TORNADO
MAX 32 OR BELOW: 0 0.01 INCH OR MORE: 6
MAX 90 OR ABOVE: 0 0.10 INCH OR MORE: 2
MIN 32 OR BELOW: 0 0.50 INCH OR MORE: 0
MIN 0 OR BELOW: 0 1.00 INCH OR MORE: 0
[HDD (BASE 65) ]
TOTAL THIS MO. 167 CLEAR (SCALE 0-3) 4
DPTR FM NORMAL -29 PTCLDY (SCALE 4-7) 21
TOTAL FM JUL 1 3783 CLOUDY (SCALE 8-10) 6
DPTR FM NORMAL -239
[CDD (BASE 65) ]
TOTAL THIS MO. 21
DPTR FM NORMAL 0 [PRESSURE DATA]
TOTAL FM JAN 1 21 HIGHEST SLP 30.43 ON 8
DPTR FM NORMAL -2 LOWEST SLP 29.79 ON 5
[REMARKS]
#FINAL-05-21#