000
CXUS54 KEWX 011010
CF6PEZ
PRELIMINARY LOCAL CLIMATOLOGICAL DATA (WS FORM: F-6)
STATION: PLEASANTON MUNICIPAL AIRPORT
MONTH: JUNE
YEAR: 2021
LATITUDE: 28 57 N
LONGITUDE: 98 31 W
TEMPERATURE IN F: :PCPN: SNOW: WIND :SUNSHINE: SKY :PK WND
================================================================================
1 2 3 4 5 6A 6B 7 8 9 10 11 12 13 14 15 16 17 18
12Z AVG MX 2MIN
DY MAX MIN AVG DEP HDD CDD WTR SNW DPTH SPD SPD DIR MIN PSBL S-S WX SPD DR
================================================================================
1 85 67 76 M 0 11 0.46 M M 3.8 14 290 M M 4 3 28 290
2 89 67 78 M 0 13 0.00 M M 2.6 10 180 M M 3 8 M M
3 84 66 75 M 0 10 0.91 M M 5.7 17 40 M M 7 3 24 40
4 85 68 77 M 0 12 0.00 M M 1.5 6 120 M M 7 M M
5 89 68 79 M 0 14 0.00 M M 4.0 9 100 M M 2 1 20 100
6 92 70 81 M 0 16 0.00 M M 6.6 12 130 M M 5 18 150
7 94 80 87 M 0 22 0.00 M M 8.9 14 140 M M 8 21 170
8 92 80 86 M 0 21 0.00 M M 8.2 14 130 M M 6 18 22 130
9 94 78 86 M 0 21 0.00 M M 6.3 10 140 M M 6 1 20 140
10 94 77 86 M 0 21 0.00 M M 8.9 17 160 M M 5 23 160
11 94 76 85 M 0 20 0.00 M M 8.2 17 170 M M 4 23 170
12 96 75 86 M 0 21 0.00 M M 5.1 12 130 M M 3 17 130
13 96 74 85 M 0 20 0.00 M M 1.9 5 150 M M 2 1 17 190
14 98 73 86 M 0 21 0.08 M M 3.5 18 110 M M 2 33 110
15 97 71 84 M 0 19 0.00 M M 1.8 7 120 M M 1 M M
16 97 70 84 M 0 19 0.00 M M 4.9 20 90 M M 0 30 90
17 97 73 85 M 0 20 0.00 M M 3.7 10 100 M M 0 17 100
18 94 73 84 M 0 19 0.00 M M 1.8 7 100 M M 3 16 100
19 95 67 81 M 0 16 0.00 M M 4.0 9 150 M M 2 M M
20 93 76 85 M 0 20 0.00 M M 7.7 15 170 M M 3 21 130
21 95 81 88 M 0 23 0.00 M M 6.6 10 160 M M 7 18 21 90
22 92 77 85 M 0 20 0.11 M M 5.3 18 90 M M 4 13 28 90
23 96 76 86 M 0 21 0.00 M M 8.0 16 170 M M 4 1 25 170
24 97 77 87 M 0 22 0.00 0.0 0 7.8 16 140 M M 4 1 22 140
25 96 78 87 M 0 22 0.00 0.0 0 9.7 15 150 M M 5 24 140
26 96 78 87 M 0 22 0.00 0.0 0 11.1 16 140 M M 4 25 150
27 92 75 84 M 0 19 0.03 M M 5.0 12 160 M M 4 18 120
28 89 72 81 M 0 16 0.16 M M 5.7 13 80 M M 4 22 130
29 85 74 80 M 0 15 0.19 M M 4.6 13 90 M M 5 3 21 0
30 90 76 83 M 0 18 0.22 0.0 0 5.4 13 150 M M 5 13 18 150
================================================================================
SM 2783 2213 0 554 2.16 0.0 168.3 M 119
================================================================================
AV 92.8 73.8 5.6 FASTST M M 4 MAX(MPH)
MISC ----> 20 90 33 110
================================================================================
NOTES:
# LAST OF SEVERAL OCCURRENCES
COLUMN 17 PEAK WIND IN M.P.H.
PRELIMINARY LOCAL CLIMATOLOGICAL DATA (WS FORM: F-6) , PAGE 2
STATION: PLEASANTON MUNICIPAL AIRPORT
MONTH: JUNE
YEAR: 2021
LATITUDE: 28 57 N
LONGITUDE: 98 31 W
[TEMPERATURE DATA] [PRECIPITATION DATA] SYMBOLS USED IN COLUMN 16
AVERAGE MONTHLY: 83.3 TOTAL FOR MONTH: 2.16 1 = FOG OR MIST
DPTR FM NORMAL: 0.0 DPTR FM NORMAL: M 2 = FOG REDUCING VISIBILITY
HIGHEST: 98 ON 14 GRTST 24HR 0.91 ON 3- 3 TO 1/4 MILE OR LESS
LOWEST: 66 ON 3 3 = THUNDER
SNOW, ICE PELLETS, HAIL 4 = ICE PELLETS
TOTAL MONTH: 0.0 INCH 5 = HAIL
GRTST 24HR 0.0 6 = FREEZING RAIN OR DRIZZLE
GRTST DEPTH: 0 7 = DUSTSTORM OR SANDSTORM:
VSBY 1/2 MILE OR LESS
8 = SMOKE OR HAZE
[NO. OF DAYS WITH] [WEATHER - DAYS WITH] 9 = BLOWING SNOW
X = TORNADO
MAX 32 OR BELOW: 0 0.01 INCH OR MORE: 8
MAX 90 OR ABOVE: 23 0.10 INCH OR MORE: 6
MIN 32 OR BELOW: 0 0.50 INCH OR MORE: 1
MIN 0 OR BELOW: 0 1.00 INCH OR MORE: 0
[HDD (BASE 65) ]
TOTAL THIS MO. 0 CLEAR (SCALE 0-3) 11
DPTR FM NORMAL M PTCLDY (SCALE 4-7) 19
TOTAL FM JUL 1 1172 CLOUDY (SCALE 8-10) 0
DPTR FM NORMAL M
[CDD (BASE 65) ]
TOTAL THIS MO. 554
DPTR FM NORMAL M [PRESSURE DATA]
TOTAL FM JAN 1 1366 HIGHEST SLP M ON M
DPTR FM NORMAL M LOWEST SLP M ON M
[REMARKS]
#FINAL-06-21#