000
CXUS56 KFGZ 010910
CF6PGA
PRELIMINARY LOCAL CLIMATOLOGICAL DATA (WS FORM: F-6)
STATION: PAGE AZ AIRPORT
MONTH: DECEMBER
YEAR: 2020
LATITUDE: 36 55 N
LONGITUDE: 111 27 W
TEMPERATURE IN F: :PCPN: SNOW: WIND :SUNSHINE: SKY :PK WND
================================================================================
1 2 3 4 5 6A 6B 7 8 9 10 11 12 13 14 15 16 17 18
12Z AVG MX 2MIN
DY MAX MIN AVG DEP HDD CDD WTR SNW DPTH SPD SPD DIR MIN PSBL S-S WX SPD DR
================================================================================
1 53 28 41 2 24 0 0.00 M M 3.1 10 50 M M 0 8 13 50
2 47 29 38 -1 27 0 0.00 M M 6.5 18 40 M M 0 33 50
3 46 25 36 -3 29 0 0.00 M M 1.8 7 210 M M 0 8 9 80
4 47 23 35 -3 30 0 0.00 M M 1.5 7 70 M M 0 8 8 90
5 49 26 38 0 27 0 0.00 M M 1.3 7 40 M M 0 8 8 50
6 50 27 39 1 26 0 0.00 M M 1.7 7 360 M M 0 8 8 360
7 51 28 40 2 25 0 0.00 M M 1.8 5 230 M M 0 8 M M
8 51 27 39 2 26 0 0.00 M M 1.6 7 60 M M 0 8 10 40
9 50 27 39 2 26 0 0.00 M M 2.6 7 170 M M 0 8 8 110
10 45 32 39 2 26 0 0.02 M M 2.7 8 150 M M 6 8 10 320
11 52 28 40 3 25 0 0.00 M M 4.9 18 270 M M 0 18 28 280
12 48 30 39 2 26 0 0.01 M M 6.9 25 310 M M 5 18 36 300
13 39 21 30 -6 35 0 0.00 M M 3.9 9 160 M M 0 12 250
14 37 29 33 -3 32 0 0.00 M M 4.5 14 170 M M 7 8 17 170
15 45 25 35 -1 30 0 0.00 M M 2.4 8 160 M M 0 8 11 110
16 44 23 34 -2 31 0 0.00 M M 1.4 8 130 M M 0 8 9 70
17 39 28 34 -2 31 0 0.00 M M 1.9 7 160 M M 2 8 11 290
18 49 26 38 2 27 0 0.00 M M 2.4 8 10 M M 2 8 9 20
19 46 25 36 0 29 0 0.00 M M 2.0 8 150 M M 0 8 10 40
20 47 26 37 1 28 0 0.00 M M 1.6 6 350 M M 0 8 8 30
21 49 28 39 3 26 0 0.00 M M 1.6 8 350 M M 0 8 13 350
22 60 28 44 8 21 0 0.00 M M 4.7 22 250 M M 0 8 34 250
23 43 27 35 -1 30 0 0.00 M M 6.3 15 290 M M 0 23 270
24 40 22 31 -5 34 0 0.00 M M 1.7 8 140 M M 0 8 9 150
25 42 24 33 -3 32 0 0.00 M M 2.6 8 40 M M 0 8 11 50
26 42 24 33 -3 32 0 0.00 M M 2.0 7 350 M M 0 8 11 340
27 39 28 34 -2 31 0 T M M 1.9 7 310 M M 6 8 12 340
28 43 34 39 3 26 0 0.06 M M 2.1 15 270 M M 9 1 23 280
29 44 30 37 1 28 0 0.00 M M 2.6 9 350 M M 5 18 12 360
30 40 22 31 -5 34 0 0.00 M M 2.3 7 340 M M 0 8 10 360
31 37 25 31 -5 34 0 0.00 M M 1.8 9 130 M M 4 8 11 130
================================================================================
SM 1414 825 888 0 0.09 M 86.1 M 46
================================================================================
AV 45.6 26.6 2.8 FASTST M M 1 MAX(MPH)
MISC ----> 25 310 36 300
================================================================================
NOTES:
# LAST OF SEVERAL OCCURRENCES
COLUMN 17 PEAK WIND IN M.P.H.
PRELIMINARY LOCAL CLIMATOLOGICAL DATA (WS FORM: F-6) , PAGE 2
STATION: PAGE AZ AIRPORT
MONTH: DECEMBER
YEAR: 2020
LATITUDE: 36 55 N
LONGITUDE: 111 27 W
[TEMPERATURE DATA] [PRECIPITATION DATA] SYMBOLS USED IN COLUMN 16
AVERAGE MONTHLY: 36.1 TOTAL FOR MONTH: 0.09 1 = FOG OR MIST
DPTR FM NORMAL: -0.5 DPTR FM NORMAL: -0.46 2 = FOG REDUCING VISIBILITY
HIGHEST: 60 ON 22 GRTST 24HR 0.06 ON 28-28 TO 1/4 MILE OR LESS
LOWEST: 21 ON 13 3 = THUNDER
SNOW, ICE PELLETS, HAIL 4 = ICE PELLETS
TOTAL MONTH: M 5 = HAIL
GRTST 24HR M ON M 6 = FREEZING RAIN OR DRIZZLE
GRTST DEPTH: M ON M 7 = DUSTSTORM OR SANDSTORM:
VSBY 1/2 MILE OR LESS
8 = SMOKE OR HAZE
[NO. OF DAYS WITH] [WEATHER - DAYS WITH] 9 = BLOWING SNOW
X = TORNADO
MAX 32 OR BELOW: 0 0.01 INCH OR MORE: 3
MAX 90 OR ABOVE: 0 0.10 INCH OR MORE: 0
MIN 32 OR BELOW: 30 0.50 INCH OR MORE: 0
MIN 0 OR BELOW: 0 1.00 INCH OR MORE: 0
[HDD (BASE 65) ]
TOTAL THIS MO. 888 CLEAR (SCALE 0-3) 24
DPTR FM NORMAL 11 PTCLDY (SCALE 4-7) 6
TOTAL FM JUL 1 1478 CLOUDY (SCALE 8-10) 1
DPTR FM NORMAL -209
[CDD (BASE 65) ]
TOTAL THIS MO. 0
DPTR FM NORMAL 0 [PRESSURE DATA]
TOTAL FM JAN 1 2690 HIGHEST SLP M ON M
DPTR FM NORMAL 843 LOWEST SLP 29.72 ON 12
[REMARKS]
#FINAL-12-20#