000
CXUS52 KTBW 281000
CF6PGD
PRELIMINARY LOCAL CLIMATOLOGICAL DATA (WS FORM: F-6)
STATION: PUNTA GORDA
MONTH: MARCH
YEAR: 2024
LATITUDE: 26 55 N
LONGITUDE: 82 0 W
TEMPERATURE IN F: :PCPN: SNOW: WIND :SUNSHINE: SKY :PK WND
================================================================================
1 2 3 4 5 6A 6B 7 8 9 10 11 12 13 14 15 16 17 18
12Z AVG MX 2MIN
DY MAX MIN AVG DEP HDD CDD WTR SNW DPTH SPD SPD DIR MIN PSBL S-S WX SPD DR
================================================================================
1 84 66 75 8 0 10 0.00 0.0 0 8.1 20 140 M M 4 1 27 140
2 84 64 74 7 0 9 0.00 0.0 0 5.5 16 170 M M 1 1 26 230
3 84 67 76 9 0 11 0.00 0.0 0 6.4 17 40 M M 4 1 22 230
4 85 65 75 8 0 10 T 0.0 0 6.0 13 90 M M 5 1 18 120
5 86 65 76 9 0 11 T 0.0 0 7.2 18 310 M M 2 3 26 290
6 81 69 75 8 0 10 0.52 0.0 0 8.6 25 170 M M 6 13 36 170
7 85 66 76 8 0 11 0.69 0.0 0 5.1 14 80 M M 6 12 17 80
8 86 68 77 9 0 12 0.00 0.0 0 5.7 14 230 M M 5 128 19 250
9 87 71 79 11 0 14 0.00 0.0 0 10.9 24 220 M M 3 1 32 220
10 83 62 73 5 0 8 0.14 0.0 0 10.0 17 290 M M 3 1 23 280
11 80 55 68 0 0 3 0.00 0.0 0 10.7 18 50 M M 0 25 40
12 84 58 71 3 0 6 0.00 0.0 0 6.4 13 240 M M 1 18 110
13 85 60 73 5 0 8 0.00 0.0 0 4.4 13 300 M M 2 17 270
14 90 65 78 10 0 13 0.00 0.0 0 4.8 10 240 M M 2 15 220
15 86 63 75 7 0 10 0.00 0.0 0 6.9 15 230 M M 0 1 20 220
16 85 67 76 8 0 11 0.00 0.0 0 5.5 15 250 M M 1 1 23 240
17 85 63 74 6 0 9 0.00 0.0 0 5.8 18 260 M M 3 12 26 250
18 87 68 78 9 0 13 0.02 0.0 0 10.0 21 250 M M 5 12 27 250
19 75 56 66 -3 0 1 0.07 0.0 0 9.7 18 50 M M 1 1 26 50
20 81 51 66 -3 0 1 0.00 0.0 0 6.1 13 290 M M 0 16 270
21 84 57 71 2 0 6 0.22 0.0 0 6.5 14 150 M M 6 19 140
22 74 65 70 1 0 5 0.88 0.0 0 11.0 37 130 M M 7 13 53 130
23 84 65 75 6 0 10 T 0.0 0 11.4 22 320 M M 3 1 30 300
24 85 62 74 5 0 9 0.00 0.0 0 11.5 22 60 M M 2 29 60
25 85 62 74 4 0 9 0.00 0.0 0 12.8 23 130 M M 3 33 90
26 88 66 77 7 0 12 0.00 0.0 0 10.1 23 160 M M 1 30 160
27 89 70 80 10 0 15 0.06 0.0 0 9.6 20 10 M M 3 27 340
================================================================================
SM 2272 1716 0 247 2.60 0.0 216.7 M 79
================================================================================
AV 84.1 63.6 8.0 FASTST M M 3 MAX(MPH)
MISC ----> 37 130 53 130
================================================================================
NOTES:
# LAST OF SEVERAL OCCURRENCES
COLUMN 17 PEAK WIND IN M.P.H.
PRELIMINARY LOCAL CLIMATOLOGICAL DATA (WS FORM: F-6) , PAGE 2
STATION: PUNTA GORDA
MONTH: MARCH
YEAR: 2024
LATITUDE: 26 55 N
LONGITUDE: 82 0 W
[TEMPERATURE DATA] [PRECIPITATION DATA] SYMBOLS USED IN COLUMN 16
AVERAGE MONTHLY: 73.9 TOTAL FOR MONTH: 2.60 1 = FOG OR MIST
DPTR FM NORMAL: 5.6 DPTR FM NORMAL: 0.65 2 = FOG REDUCING VISIBILITY
HIGHEST: 90 ON 14 GRTST 24HR 0.89 ON 21-22 TO 1/4 MILE OR LESS
LOWEST: 51 ON 20 3 = THUNDER
SNOW, ICE PELLETS, HAIL 4 = ICE PELLETS
TOTAL MONTH: 0.0 INCH 5 = HAIL
GRTST 24HR 0.0 6 = FREEZING RAIN OR DRIZZLE
GRTST DEPTH: 0 7 = DUSTSTORM OR SANDSTORM:
VSBY 1/2 MILE OR LESS
8 = SMOKE OR HAZE
[NO. OF DAYS WITH] [WEATHER - DAYS WITH] 9 = BLOWING SNOW
X = TORNADO
MAX 32 OR BELOW: 0 0.01 INCH OR MORE: 8
MAX 90 OR ABOVE: 1 0.10 INCH OR MORE: 5
MIN 32 OR BELOW: 0 0.50 INCH OR MORE: 3
MIN 0 OR BELOW: 0 1.00 INCH OR MORE: 0
[HDD (BASE 65) ]
TOTAL THIS MO. 0 CLEAR (SCALE 0-3) 16
DPTR FM NORMAL -37 PTCLDY (SCALE 4-7) 11
TOTAL FM JUL 1 183 CLOUDY (SCALE 8-10) 0
DPTR FM NORMAL -167
[CDD (BASE 65) ]
TOTAL THIS MO. 247
DPTR FM NORMAL 129 [PRESSURE DATA]
TOTAL FM JAN 1 389 HIGHEST SLP M ON M
DPTR FM NORMAL 117 LOWEST SLP 29.71 ON 22
[REMARKS]