000
CXUS52 KTBW 041654
CF6PGD
PRELIMINARY LOCAL CLIMATOLOGICAL DATA (WS FORM: F-6)
STATION: PUNTA GORDA
MONTH: JULY
YEAR: 2022
LATITUDE: 26 55 N
LONGITUDE: 82 0 W
TEMPERATURE IN F: :PCPN: SNOW: WIND :SUNSHINE: SKY :PK WND
================================================================================
1 2 3 4 5 6A 6B 7 8 9 10 11 12 13 14 15 16 17 18
12Z AVG MX 2MIN
DY MAX MIN AVG DEP HDD CDD WTR SNW DPTH SPD SPD DIR MIN PSBL S-S WX SPD DR
================================================================================
1 92 74 83 0 0 18 0.08 0.0 0 4.7 16 270 M M 2 3 20 270
2 92 75 84 1 0 19 0.11 0.0 0 6.1 22 20 M M 3 13 26 20
3 93 76 85 2 0 20 0.00 0.0 0 6.3 20 330 M M 1 3 26 340
4 94 75 85 2 0 20 0.00 0.0 0 4.8 16 130 M M 1 19 120
5 95 75 85 2 0 20 T 0.0 0 5.2 22 120 M M 3 13 28 120
6 91 77 84 1 0 19 0.06 0.0 0 5.9 22 150 M M 1 3 27 150
7 92 75 84 1 0 19 2.55 0.0 0 5.4 35 170 M M 3 123 45 170
8 94 75 85 2 0 20 0.01 0.0 0 4.5 16 130 M M 2 22 110
9 91 77 84 1 0 19 0.05 0.0 0 5.0 16 250 M M 2 13 24 240
10 90 79 85 2 0 20 0.05 0.0 0 7.4 16 240 M M 2 3 22 260
11 91 78 85 2 0 20 0.51 0.0 0 8.7 21 240 M M 2 13 26 250
12 92 78 85 2 0 20 0.00 0.0 0 6.4 16 260 M M 1 3 21 250
13 95 75 85 2 0 20 0.06 0.0 0 4.5 32 130 M M 2 138 45 130
14 95 74 85 2 0 20 0.67 0.0 0 4.6 25 200 M M 2 13 31 210
15 92 72 82 -1 0 17 0.19 0.0 0 4.4 25 110 M M 1 3 35 120
16 91 74 83 0 0 18 1.08 0.0 0 6.7 22 190 M M 2 13 30 170
17 87 73 80 -3 0 15 0.14 0.0 0 6.3 15 210 M M 2 1 20 210
18 92 76 84 1 0 19 0.00 0.0 0 7.7 16 250 M M 1 21 250
19 92 78 85 2 0 20 0.00 0.0 0 6.4 14 250 M M M 19 220
20 97 77 87 4 0 22 0.00 0.0 0 4.2 12 20 M M 2 3 15 190
21 93 77 85 2 0 20 T 0.0 0 5.4 20 220 M M 3 38 24 210
22 93 75 84 0 0 19 0.00 0.0 0 5.2 21 190 M M 3 3 27 200
23 94 73 84 0 0 19 0.47 0.0 0 5.8 30 150 M M 1 13 43 150
24 94 74 84 0 0 19 0.10 0.0 0 5.1 26 130 M M 2 3 33 110
25 93 75 84 0 0 19 0.01 0.0 0 6.4 17 150 M M 1 3 24 140
26 91 76 84 0 0 19 0.01 0.0 0 7.7 30 130 M M 1 3 41 120
27 91 75 83 -1 0 18 T 0.0 0 6.7 15 210 M M 1 3 20 190
28 96 77 87 3 0 22 0.00 0.0 0 5.1 12 140 M M 1 16 70
29 95 74 85 1 0 20 0.00 0.0 0 6.7 20 210 M M 1 25 110
30 94 75 85 1 0 20 0.00 0.0 0 7.4 21 70 M M 1 3 29 80
31 96 74 85 1 0 20 0.00 0.0 0 8.5 20 120 M M 2 24 110
================================================================================
SM 2878 2338 0 600 6.15 0.0 185.2 M 52
================================================================================
AV 92.8 75.4 6.0 FASTST M M 2 MAX(MPH)
MISC ----> 35 170 # 45 170
================================================================================
NOTES:
# LAST OF SEVERAL OCCURRENCES
COLUMN 17 PEAK WIND IN M.P.H.
PRELIMINARY LOCAL CLIMATOLOGICAL DATA (WS FORM: F-6) , PAGE 2
STATION: PUNTA GORDA
MONTH: JULY
YEAR: 2022
LATITUDE: 26 55 N
LONGITUDE: 82 0 W
[TEMPERATURE DATA] [PRECIPITATION DATA] SYMBOLS USED IN COLUMN 16
AVERAGE MONTHLY: 84.1 TOTAL FOR MONTH: 6.15 1 = FOG OR MIST
DPTR FM NORMAL: 0.8 DPTR FM NORMAL: -1.91 2 = FOG REDUCING VISIBILITY
HIGHEST: 97 ON 20 GRTST 24HR 2.55 ON 7- 7 TO 1/4 MILE OR LESS
LOWEST: 72 ON 15 3 = THUNDER
SNOW, ICE PELLETS, HAIL 4 = ICE PELLETS
TOTAL MONTH: 0.0 INCH 5 = HAIL
GRTST 24HR 0.0 6 = FREEZING RAIN OR DRIZZLE
GRTST DEPTH: 0 7 = DUSTSTORM OR SANDSTORM:
VSBY 1/2 MILE OR LESS
8 = SMOKE OR HAZE
[NO. OF DAYS WITH] [WEATHER - DAYS WITH] 9 = BLOWING SNOW
X = TORNADO
MAX 32 OR BELOW: 0 0.01 INCH OR MORE: 17
MAX 90 OR ABOVE: 30 0.10 INCH OR MORE: 9
MIN 32 OR BELOW: 0 0.50 INCH OR MORE: 4
MIN 0 OR BELOW: 0 1.00 INCH OR MORE: 2
[HDD (BASE 65) ]
TOTAL THIS MO. 0 CLEAR (SCALE 0-3) 28
DPTR FM NORMAL 0 PTCLDY (SCALE 4-7) 2
TOTAL FM JUL 1 0 CLOUDY (SCALE 8-10) 1
DPTR FM NORMAL 0
[CDD (BASE 65) ]
TOTAL THIS MO. 600
DPTR FM NORMAL 33 [PRESSURE DATA]
TOTAL FM JAN 1 2242 HIGHEST SLP 30.21 ON 31
DPTR FM NORMAL 226 LOWEST SLP 29.93 ON 11
[REMARKS]
#FINAL-07-22#