000
CXUS51 KPHI 010815
CF6PHL
PRELIMINARY LOCAL CLIMATOLOGICAL DATA (WS FORM: F-6)
STATION: PHILADELPHIA PA
MONTH: MAY
YEAR: 2020
LATITUDE: 39 52 N
LONGITUDE: 75 15 W
TEMPERATURE IN F: :PCPN: SNOW: WIND :SUNSHINE: SKY :PK WND
================================================================================
1 2 3 4 5 6A 6B 7 8 9 10 11 12 13 14 15 16 17 18
12Z AVG MX 2MIN
DY MAX MIN AVG DEP HDD CDD WTR SNW DPTH SPD SPD DIR MIN PSBL S-S WX SPD DR
================================================================================
1 68 57 63 4 2 0 0.01 0.0 0 7.6 20 320 M M 8 1 28 330
2 73 51 62 2 3 0 0.00 0.0 0 10.4 21 270 M M 5 27 340
3 79 55 67 7 0 2 0.15 0.0 0 9.3 17 240 M M 9 23 280
4 74 51 63 3 2 0 0.01 0.0 0 14.4 28 340 M M 6 1 36 320
5 60 46 53 -7 12 0 0.00 0.0 0 7.0 16 330 M M 8 20 330
6 54 45 50 -11 15 0 0.09 0.0 0 7.6 15 40 M M 10 21 70
7 66 45 56 -5 9 0 0.00 0.0 0 10.9 23 260 M M 4 27 250
8 58 38 48 -13 17 0 0.32 0.0 0 9.3 38 320 M M 9 18 50 330
9 49 35 42 -20 23 0 T 0.0 0 18.7 33 270 M M 4 18 43 300
10 64 39 52 -10 13 0 0.00 0.0 0 14.1 24 250 M M 3 29 250
11 62 47 55 -7 10 0 0.06 0.0 0 14.2 37 280 M M 7 3 45 290
12 61 42 52 -11 13 0 0.00 0.0 0 13.3 25 260 M M 5 33 290
13 66 41 54 -9 11 0 0.00 0.0 0 7.4 20 290 M M 1 25 270
14 74 44 59 -4 6 0 T 0.0 0 7.5 22 240 M M 6 30 230
15 85 62 74 10 0 9 0.06 0.0 0 13.1 22 220 M M 7 29 230
16 79 60 70 6 0 5 0.00 0.0 0 7.3 17 360 M M 8 21 350
17 71 54 63 -1 2 0 0.00 0.0 0 8.7 17 120 M M 7 20 120
18 69 53 61 -3 4 0 0.00 0.0 0 11.4 22 80 M M 9 28 80
19 68 52 60 -5 5 0 0.00 0.0 0 16.9 32 90 M M 8 43 90
20 63 45 54 -11 11 0 0.00 0.0 0 14.0 23 80 M M 9 30 80
21 75 45 60 -5 5 0 0.00 0.0 0 7.7 13 50 M M 5 19 20
22 71 54 63 -3 2 0 0.38 0.0 0 6.0 15 120 M M 9 18 21 120
23 76 57 67 1 0 2 1.05 0.0 0 7.3 25 300 M M 9 1238 36 290
24 71 52 62 -4 3 0 T 0.0 0 9.7 16 80 M M 9 1 21 50
25 76 57 67 0 0 2 T 0.0 0 5.4 10 120 M M 8 1 14 30
26 82 59 71 4 0 6 0.00 0.0 0 4.3 15 250 M M 6 128 17 240
27 83 61 72 5 0 7 0.00 0.0 0 3.9 13 190 M M 8 18 17 180
28 80 67 74 6 0 9 0.07 0.0 0 8.4 17 170 M M 9 1 22 180
29 85 71 78 10 0 13 0.00 0.0 0 10.5 22 210 M M 9 1 27 200
30 82 69 76 8 0 11 T 0.0 0 9.2 18 320 M M 6 25 320
31 72 57 65 -4 0 0 0.00 0.0 0 12.3 20 10 M M 2 26 290
================================================================================
SM 2196 1611 168 66 2.20 0.0 307.8 M 213
================================================================================
AV 70.8 52.0 9.9 FASTST M M 7 MAX(MPH)
MISC ----> 38 320 50 330
================================================================================
NOTES:
# LAST OF SEVERAL OCCURRENCES
COLUMN 17 PEAK WIND IN M.P.H.
PRELIMINARY LOCAL CLIMATOLOGICAL DATA (WS FORM: F-6) , PAGE 2
STATION: PHILADELPHIA PA
MONTH: MAY
YEAR: 2020
LATITUDE: 39 52 N
LONGITUDE: 75 15 W
[TEMPERATURE DATA] [PRECIPITATION DATA] SYMBOLS USED IN COLUMN 16
AVERAGE MONTHLY: 61.4 TOTAL FOR MONTH: 2.20 1 = FOG OR MIST
DPTR FM NORMAL: -2.5 DPTR FM NORMAL: -1.51 2 = FOG REDUCING VISIBILITY
HIGHEST: 85 ON 29,15 GRTST 24HR 1.38 ON 22-23 TO 1/4 MILE OR LESS
LOWEST: 35 ON 9 3 = THUNDER
SNOW, ICE PELLETS, HAIL 4 = ICE PELLETS
TOTAL MONTH: 0.0 INCH 5 = HAIL
GRTST 24HR 0.0 6 = FREEZING RAIN OR DRIZZLE
GRTST DEPTH: 0 7 = DUSTSTORM OR SANDSTORM:
VSBY 1/2 MILE OR LESS
8 = SMOKE OR HAZE
[NO. OF DAYS WITH] [WEATHER - DAYS WITH] 9 = BLOWING SNOW
X = TORNADO
MAX 32 OR BELOW: 0 0.01 INCH OR MORE: 10
MAX 90 OR ABOVE: 0 0.10 INCH OR MORE: 4
MIN 32 OR BELOW: 0 0.50 INCH OR MORE: 1
MIN 0 OR BELOW: 0 1.00 INCH OR MORE: 1
[HDD (BASE 65) ]
TOTAL THIS MO. 168 CLEAR (SCALE 0-3) 3
DPTR FM NORMAL 56 PTCLDY (SCALE 4-7) 17
TOTAL FM JUL 1 4159 CLOUDY (SCALE 8-10) 11
DPTR FM NORMAL -442
[CDD (BASE 65) ]
TOTAL THIS MO. 66
DPTR FM NORMAL -12 [PRESSURE DATA]
TOTAL FM JAN 1 66 HIGHEST SLP 30.42 ON 21
DPTR FM NORMAL -25 LOWEST SLP 29.55 ON 8
[REMARKS]
#FINAL-05-20#