000
CXUS53 KILX 010900
CF6PIA
PRELIMINARY LOCAL CLIMATOLOGICAL DATA (WS FORM: F-6)
STATION: PEORIA IL
MONTH: SEPTEMBER
YEAR: 2021
LATITUDE: 40 40 N
LONGITUDE: 89 41 W
TEMPERATURE IN F: :PCPN: SNOW: WIND :SUNSHINE: SKY :PK WND
================================================================================
1 2 3 4 5 6A 6B 7 8 9 10 11 12 13 14 15 16 17 18
12Z AVG MX 2MIN
DY MAX MIN AVG DEP HDD CDD WTR SNW DPTH SPD SPD DIR MIN PSBL S-S WX SPD DR
================================================================================
1 81 62 72 0 0 7 0.02 0.0 0 7.1 16 70 M M 2 1 21 50
2 79 57 68 -4 0 3 0.00 0.0 0 6.1 14 120 M M 0 17 120
3 77 63 70 -2 0 5 0.01 0.0 0 8.0 21 180 M M 5 28 150
4 75 63 69 -2 0 4 0.00 0.0 0 4.9 13 180 M M 7 18 17 340
5 82 59 71 0 0 6 0.00 0.0 0 4.8 14 270 M M 0 19 300
6 87 61 74 3 0 9 0.00 0.0 0 5.9 13 220 M M 1 17 240
7 89 64 77 7 0 12 0.00 0.0 0 10.1 26 230 M M 2 40 230
8 81 57 69 -1 0 4 0.00 0.0 0 5.7 20 290 M M 1 32 290
9 78 58 68 -2 0 3 0.00 0.0 0 3.9 12 300 M M 1 18 330
10 82 55 69 -1 0 4 0.00 0.0 0 6.3 15 180 M M 1 21 170
11 87 65 76 7 0 11 0.00 0.0 0 8.9 16 200 M M 0 21 190
12 87 69 78 9 0 13 0.00 0.0 0 10.3 22 220 M M 0 29 230
13 88 67 78 10 0 13 0.00 0.0 0 9.3 20 190 M M 0 25 200
14 87 65 76 8 0 11 0.00 0.0 0 8.3 18 240 M M 2 27 240
15 81 59 70 2 0 5 0.00 0.0 0 2.4 9 120 M M 0 14 70
16 84 59 72 5 0 7 0.00 0.0 0 4.5 13 180 M M 0 18 150
17 88 58 73 6 0 8 0.00 0.0 0 3.2 9 190 M M 1 16 230
18 89 68 79 12 0 14 0.00 0.0 0 4.7 13 80 M M 1 17 80
19 91 66 79 13 0 14 0.00 0.0 0 6.8 15 180 M M 0 24 170
20 87 67 77 11 0 12 0.66 0.0 0 10.9 22 180 M M 7 13 30 290
21 68 58 63 -3 2 0 0.26 0.0 0 6.0 15 350 M M 5 13 23 10
22 71 52 62 -3 3 0 0.00 0.0 0 8.1 20 360 M M 1 32 330
23 73 49 61 -4 4 0 0.00 0.0 0 5.9 17 300 M M 0 28 320
24 81 49 65 1 0 0 0.14 0.0 0 10.7 26 200 M M 2 1 35 200
25 72 49 61 -3 4 0 0.00 0.0 0 5.5 15 270 M M 1 12 22 270
26 85 50 68 5 0 3 0.00 0.0 0 11.2 22 200 M M 0 33 210
27 89 64 77 14 0 12 0.00 0.0 0 8.8 20 240 M M 0 29 260
28 86 60 73 11 0 8 0.00 0.0 0 8.1 14 60 M M 0 17 50
29 89 59 74 12 0 9 0.00 0.0 0 4.2 9 70 M M 0 M M
30 88 64 76 14 0 11 0.00 0.0 0 3.6 12 150 M M 0 1 16 170
================================================================================
SM 2482 1796 13 208 1.09 0.0 204.2 M 40
================================================================================
AV 82.7 59.9 6.8 FASTST M M 1 MAX(MPH)
MISC ----> # 26 230 40 230
================================================================================
NOTES:
# LAST OF SEVERAL OCCURRENCES
COLUMN 17 PEAK WIND IN M.P.H.
PRELIMINARY LOCAL CLIMATOLOGICAL DATA (WS FORM: F-6) , PAGE 2
STATION: PEORIA IL
MONTH: SEPTEMBER
YEAR: 2021
LATITUDE: 40 40 N
LONGITUDE: 89 41 W
[TEMPERATURE DATA] [PRECIPITATION DATA] SYMBOLS USED IN COLUMN 16
AVERAGE MONTHLY: 71.3 TOTAL FOR MONTH: 1.09 1 = FOG OR MIST
DPTR FM NORMAL: 3.9 DPTR FM NORMAL: -2.39 2 = FOG REDUCING VISIBILITY
HIGHEST: 91 ON 19 GRTST 24HR 0.92 ON 20-21 TO 1/4 MILE OR LESS
LOWEST: 49 ON 25,24 3 = THUNDER
SNOW, ICE PELLETS, HAIL 4 = ICE PELLETS
TOTAL MONTH: 0.0 INCH 5 = HAIL
GRTST 24HR 0.0 6 = FREEZING RAIN OR DRIZZLE
GRTST DEPTH: 0 7 = DUSTSTORM OR SANDSTORM:
VSBY 1/2 MILE OR LESS
8 = SMOKE OR HAZE
[NO. OF DAYS WITH] [WEATHER - DAYS WITH] 9 = BLOWING SNOW
X = TORNADO
MAX 32 OR BELOW: 0 0.01 INCH OR MORE: 5
MAX 90 OR ABOVE: 1 0.10 INCH OR MORE: 3
MIN 32 OR BELOW: 0 0.50 INCH OR MORE: 1
MIN 0 OR BELOW: 0 1.00 INCH OR MORE: 0
[HDD (BASE 65) ]
TOTAL THIS MO. 13 CLEAR (SCALE 0-3) 26
DPTR FM NORMAL -53 PTCLDY (SCALE 4-7) 4
TOTAL FM JUL 1 13 CLOUDY (SCALE 8-10) 0
DPTR FM NORMAL -55
[CDD (BASE 65) ]
TOTAL THIS MO. 208
DPTR FM NORMAL 71 [PRESSURE DATA]
TOTAL FM JAN 1 1300 HIGHEST SLP 30.19 ON 22
DPTR FM NORMAL 166 LOWEST SLP 29.67 ON 7
[REMARKS]
#FINAL-09-21#