000
CXUS51 KRLX 012007
CLMPKB
CLIMATE REPORT
NATIONAL WEATHER SERVICE CHARLESTON WV
407 PM EDT MON APR 01 2024
...................................
...THE PARKERSBURG WV CLIMATE SUMMARY FOR THE MONTH OF MARCH 2024...
CLIMATE NORMAL PERIOD: 1991 TO 2020
CLIMATE RECORD PERIOD: 1926 TO 2024
WEATHER OBSERVED NORMAL DEPART LAST YEAR`S
VALUE DATE(S) VALUE FROM VALUE
NORMAL
..............................................................
TEMPERATURE (F)
RECORD
HIGH 89 03/25/1929
LOW -3 03/06/2015
03/04/1943
HIGHEST 76 03/14 77
03/05
LOWEST 23 03/01 18
03/21
03/24
AVG. MAXIMUM 60.4 54.2 6.2 55.7
AVG. MINIMUM 36.2 32.9 3.3 32.1
MEAN 48.3 43.6 4.7 43.9
DAYS MAX <= 32 0 1.0 -1.0 0
DAYS MAX >= 80 0 0
DAYS MIN <= 32 13 16.2 -3.2 19
DAYS MIN <= 10 0 0
PRECIPITATION (INCHES)
RECORD
MAXIMUM 9.77 1963
MINIMUM 0.10 1910
TOTALS 3.81 3.67 0.14 3.53
DAILY AVG. 0.12 0.12 0.00 0.11
DAYS >= .01 14 13.4 0.6 13
DAYS >= .10 8 7.9 0.1 7
DAYS >= .50 3 2.7 0.3 3
DAYS >= 1.00 1 0.6 0.4 1
GREATEST
24 HR. TOTAL 1.10 03/26 TO 03/26 1.51
DEGREE DAYS
HEATING TOTAL 508 667 -159 648
SINCE 7/1 3741 4411 -670 MM
COOLING TOTAL 0 2 -2 0
SINCE 1/1 0 2 -2 MM
..............................................................
WIND (MPH)
AVERAGE WIND SPEED 6.3
HIGHEST WIND SPEED/DIRECTION 30/290 DATE 03/20
HIGHEST GUST SPEED/DIRECTION 48/290 DATE 03/20
SKY COVER
AVERAGE SKY COVER 0.48
NUMBER OF DAYS FAIR 10
NUMBER OF DAYS PC 13
NUMBER OF DAYS CLOUDY 8
AVERAGE RH (PERCENT) 61
WEATHER CONDITIONS. NUMBER OF DAYS WITH
THUNDERSTORM 5 MIXED PRECIP 0
HEAVY RAIN 2 RAIN 7
LIGHT RAIN 14 FREEZING RAIN 0
LT FREEZING RAIN 0 HAIL 0
HEAVY SNOW 0 SNOW 1
LIGHT SNOW 2 SLEET 0
FOG 16 FOG W/VIS <= 1/4 MILE 3
HAZE 2
- INDICATES NEGATIVE NUMBERS.
R INDICATES RECORD WAS SET OR TIED.
MM INDICATES DATA IS MISSING.
T INDICATES TRACE AMOUNT.
$$