000
CXUS53 KAPX 010830
CF6PLN
PRELIMINARY LOCAL CLIMATOLOGICAL DATA (WS FORM: F-6)
STATION: PELLSTON
MONTH: DECEMBER
YEAR: 2022
LATITUDE: 45 34 N
LONGITUDE: 84 48 W
TEMPERATURE IN F: :PCPN: SNOW: WIND :SUNSHINE: SKY :PK WND
================================================================================
1 2 3 4 5 6A 6B 7 8 9 10 11 12 13 14 15 16 17 18
12Z AVG MX 2MIN
DY MAX MIN AVG DEP HDD CDD WTR SNW DPTH SPD SPD DIR MIN PSBL S-S WX SPD DR
================================================================================
1 31 21 26 -4 39 0 0.02 M M 11.2 28 280 M M 9 1 40 290
2 44 29 37 7 28 0 0.00 M M 6.6 13 160 M M 7 20 180
3 47 22 35 6 30 0 0.21 M M 16.9 36 320 M M 10 1 49 330
4 38 24 31 2 34 0 T M M 13.5 24 250 M M 8 43 220
5 40 28 34 5 31 0 0.00 M M 9.1 23 250 M M 3 40 240
6 35 23 29 1 36 0 T M M 3.2 13 360 M M 9 1 18 360
7 38 24 31 3 34 0 0.03 M M 5.1 16 330 M M 10 1 25 340
8 29 13 21 -7 44 0 0.00 M M 3.5 13 300 M M 7 18 15 330
9 30 10 20 -7 45 0 0.00 M M 8.3 18 90 M M 8 8 29 90
10 33 29 31 4 34 0 0.01 M M 9.0 17 100 M M 10 1 24 110
11 32 25 29 2 36 0 0.03 M M 2.6 10 360 M M 10 1 11 360
12 31 27 29 3 36 0 0.00 M M 3.5 10 110 M M 10 13 110
13 32 26 29 3 36 0 0.00 M M 9.4 20 110 M M 8 29 110
14 36 30 33 7 32 0 0.00 M M 16.8 26 110 M M 5 39 110
15 37 33 35 10 30 0 0.22 M M 12.6 36 90 M M 8 1 54 100
16 34 29 32 7 33 0 0.03 M M 6.7 12 140 M M 10 1 17 230
17 31 25 28 3 37 0 0.21 M M 4.6 14 200 M M 10 128 21 180
18 31 14 23 -1 42 0 0.10 M M 10.0 20 280 M M 10 12 31 290
19 26 24 25 1 40 0 0.02 M M 8.0 16 300 M M 10 1 22 280
20 30 20 25 1 40 0 0.02 M M 11.1 21 260 M M 10 18 34 270
21 20 13 17 -7 48 0 T M M 7.0 17 290 M M 10 18 24 290
22 35 18 27 4 38 0 0.17 M M 5.4 13 140 M M 10 1 18 140
23 31 20 26 3 39 0 0.09 M M 20.5 31 290 M M 10 12 46 280
24 21 18 20 -3 45 0 0.05 M M 23.2 35 300 M M 10 1289 50 300
25 22 18 20 -2 45 0 T M M 15.7 29 290 M M 10 18 41 290
26 23 14 19 -3 46 0 0.01 M M 7.5 21 310 M M 10 18 24 320
27 26 18 22 0 43 0 T M M 7.6 14 200 M M 10 8 21 230
28 35 25 30 8 35 0 0.00 M M 6.6 13 150 M M 5 21 190
29 50 31 41 20 24 0 0.00 M M 7.2 14 180 M M 7 1 23 170
30 52 34 43 22 22 0 0.03 M M 8.8 22 240 M M 8 18 38 240
31 36 33 35 14 30 0 M M M 0.8 7 220 M M 10 1 9 230
================================================================================
SM 1036 718 1132 0 1.25 M 282.0 M 272
================================================================================
AV 33.4 23.2 9.1 FASTST M M 9 MAX(MPH)
MISC ----> # 36 320 54 100
================================================================================
NOTES:
# LAST OF SEVERAL OCCURRENCES
COLUMN 17 PEAK WIND IN M.P.H.
PRELIMINARY LOCAL CLIMATOLOGICAL DATA (WS FORM: F-6) , PAGE 2
STATION: PELLSTON
MONTH: DECEMBER
YEAR: 2022
LATITUDE: 45 34 N
LONGITUDE: 84 48 W
[TEMPERATURE DATA] [PRECIPITATION DATA] SYMBOLS USED IN COLUMN 16
AVERAGE MONTHLY: 28.3 TOTAL FOR MONTH: 1.25 1 = FOG OR MIST
DPTR FM NORMAL: 3.1 DPTR FM NORMAL: -0.64 2 = FOG REDUCING VISIBILITY
HIGHEST: 52 ON 30 GRTST 24HR 0.25 ON 17-18 TO 1/4 MILE OR LESS
LOWEST: 10 ON 9 3 = THUNDER
SNOW, ICE PELLETS, HAIL 4 = ICE PELLETS
TOTAL MONTH: M 5 = HAIL
GRTST 24HR M ON M 6 = FREEZING RAIN OR DRIZZLE
GRTST DEPTH: M ON M 7 = DUSTSTORM OR SANDSTORM:
VSBY 1/2 MILE OR LESS
8 = SMOKE OR HAZE
[NO. OF DAYS WITH] [WEATHER - DAYS WITH] 9 = BLOWING SNOW
X = TORNADO
MAX 32 OR BELOW: 16 0.01 INCH OR MORE: 16
MAX 90 OR ABOVE: 0 0.10 INCH OR MORE: 5
MIN 32 OR BELOW: 28 0.50 INCH OR MORE: 0
MIN 0 OR BELOW: 0 1.00 INCH OR MORE: 0
[HDD (BASE 65) ]
TOTAL THIS MO. 1132 CLEAR (SCALE 0-3) 1
DPTR FM NORMAL -103 PTCLDY (SCALE 4-7) 8
TOTAL FM JUL 1 2734 CLOUDY (SCALE 8-10) 22
DPTR FM NORMAL -381
[CDD (BASE 65) ]
TOTAL THIS MO. 0
DPTR FM NORMAL 0 [PRESSURE DATA]
TOTAL FM JAN 1 314 HIGHEST SLP 30.50 ON 9
DPTR FM NORMAL 60 LOWEST SLP 29.11 ON 23
[REMARKS]
#FINAL-12-22#