000
CXUS53 KAPX 081616
CF6PLN
PRELIMINARY LOCAL CLIMATOLOGICAL DATA (WS FORM: F-6)
STATION: PELLSTON
MONTH: JULY
YEAR: 2020
LATITUDE: 45 34 N
LONGITUDE: 84 48 W
TEMPERATURE IN F: :PCPN: SNOW: WIND :SUNSHINE: SKY :PK WND
================================================================================
1 2 3 4 5 6A 6B 7 8 9 10 11 12 13 14 15 16 17 18
12Z AVG MX 2MIN
DY MAX MIN AVG DEP HDD CDD WTR SNW DPTH SPD SPD DIR MIN PSBL S-S WX SPD DR
================================================================================
1 89 52 71 6 0 6 0.00 M M 4.0 12 300 M M 0 1 16 150
2 91 54 73 8 0 8 0.00 M M 4.6 15 320 M M 0 1 21 290
3 91 60 76 11 0 11 0.00 M M 5.8 15 360 M M 1 1 22 20
4 90 58 74 9 0 9 0.00 M M 3.4 14 350 M M 0 12 19 10
5 90 55 73 8 0 8 0.00 M M 2.2 12 310 M M 0 1 17 320
6 93 58 76 11 0 11 0.00 M M 3.2 18 300 M M 0 1 25 300
7 86 64 75 10 0 10 T M M 6.7 15 300 M M 2 22 300
8 92 57 75 10 0 10 0.00 M M 3.0 13 270 M M 1 12 17 260
9 91 61 76 10 0 11 0.00 M M 4.9 20 310 M M 1 26 300
10 80 60 70 4 0 5 0.24 M M 5.2 21 340 M M 5 13 28 340
11 82 59 71 5 0 6 0.00 M M 11.7 24 320 M M 0 34 320
12 74 56 65 -1 0 0 0.00 M M 10.1 20 310 M M 4 25 320
13 80 53 67 1 0 2 0.00 M M 5.9 16 340 M M 3 25 320
14 81 47 64 -2 1 0 T M M 3.3 10 130 M M 2 15 180
15 74 64 69 3 0 4 0.90 M M 4.8 13 240 M M 8 13 24 240
16 82 56 69 3 0 4 0.04 M M 2.8 14 290 M M 4 1 17 290
17 82 54 68 2 0 3 0.00 M M 5.8 16 280 M M 0 24 250
18 84 62 73 7 0 8 1.16 M M 5.6 24 230 M M 3 1238 36 240
19 80 67 74 8 0 9 0.38 M M 9.7 31 320 M M 5 13 50 300
20 72 50 61 -5 4 0 0.00 M M 9.8 22 320 M M 6 1 27 320
21 75 44 60 -6 5 0 0.01 M M 3.4 14 320 M M 3 1 17 320
22 74 61 68 2 0 3 1.56 M M 7.6 21 100 M M 9 13 29 80
23 79 54 67 1 0 2 0.00 M M 3.9 13 60 M M 5 18 90
24 84 49 67 1 0 2 0.00 M M 2.0 12 320 M M 0 16 320
25 88 55 72 6 0 7 0.00 M M 6.0 17 240 M M 1 24 250
26 86 72 79 13 0 14 0.18 M M 6.8 16 260 M M 6 1 26 230
27 80 58 69 3 0 4 0.00 M M 7.0 15 280 M M 4 1 23 250
28 79 56 68 2 0 3 0.03 M M 6.0 18 250 M M 3 1 31 240
29 78 56 67 1 0 2 0.00 M M 6.8 17 320 M M 3 1 24 320
30 80 51 66 0 0 1 0.00 M M 3.7 14 30 M M 3 1 20 40
31 81 51 66 0 0 1 0.00 M M 2.9 12 80 M M 0 1 16 70
================================================================================
SM 2568 1754 10 164 4.50 M 168.6 M 82
================================================================================
AV 82.8 56.6 5.4 FASTST M M 3 MAX(MPH)
MISC ----> # 31 320 # 50 300
================================================================================
NOTES:
# LAST OF SEVERAL OCCURRENCES
COLUMN 17 PEAK WIND IN M.P.H.
PRELIMINARY LOCAL CLIMATOLOGICAL DATA (WS FORM: F-6) , PAGE 2
STATION: PELLSTON
MONTH: JULY
YEAR: 2020
LATITUDE: 45 34 N
LONGITUDE: 84 48 W
[TEMPERATURE DATA] [PRECIPITATION DATA] SYMBOLS USED IN COLUMN 16
AVERAGE MONTHLY: 69.7 TOTAL FOR MONTH: 4.50 1 = FOG OR MIST
DPTR FM NORMAL: 4.1 DPTR FM NORMAL: 2.01 2 = FOG REDUCING VISIBILITY
HIGHEST: 93 ON 6 GRTST 24HR 1.56 ON 22-22 TO 1/4 MILE OR LESS
LOWEST: 44 ON 21 3 = THUNDER
SNOW, ICE PELLETS, HAIL 4 = ICE PELLETS
TOTAL MONTH: M 5 = HAIL
GRTST 24HR M ON M 6 = FREEZING RAIN OR DRIZZLE
GRTST DEPTH: M ON M 7 = DUSTSTORM OR SANDSTORM:
VSBY 1/2 MILE OR LESS
8 = SMOKE OR HAZE
[NO. OF DAYS WITH] [WEATHER - DAYS WITH] 9 = BLOWING SNOW
X = TORNADO
MAX 32 OR BELOW: 0 0.01 INCH OR MORE: 9
MAX 90 OR ABOVE: 7 0.10 INCH OR MORE: 6
MIN 32 OR BELOW: 0 0.50 INCH OR MORE: 3
MIN 0 OR BELOW: 0 1.00 INCH OR MORE: 2
[HDD (BASE 65) ]
TOTAL THIS MO. 10 CLEAR (SCALE 0-3) 21
DPTR FM NORMAL -59 PTCLDY (SCALE 4-7) 8
TOTAL FM JUL 1 10 CLOUDY (SCALE 8-10) 2
DPTR FM NORMAL -59
[CDD (BASE 65) ]
TOTAL THIS MO. 164
DPTR FM NORMAL 78 [PRESSURE DATA]
TOTAL FM JAN 1 250 HIGHEST SLP M ON M
DPTR FM NORMAL 109 LOWEST SLP 29.59 ON 19
[REMARKS]
#FINAL-07-20#