000
CXUS56 KLOX 181155
CF6PMD
PRELIMINARY LOCAL CLIMATOLOGICAL DATA (WS FORM: F-6)
STATION: PALMDALE AIRPORT CA
MONTH: APRIL
YEAR: 2024
LATITUDE: 34 37 N
LONGITUDE: 118 5 W
TEMPERATURE IN F: :PCPN: SNOW: WIND :SUNSHINE: SKY :PK WND
================================================================================
1 2 3 4 5 6A 6B 7 8 9 10 11 12 13 14 15 16 17 18
12Z AVG MX 2MIN
DY MAX MIN AVG DEP HDD CDD WTR SNW DPTH SPD SPD DIR MIN PSBL S-S WX SPD DR
================================================================================
1 66 43 55 -1 10 0 0.00 M M 7.8 22 290 M M 4 27 60
2 74 38 56 0 9 0 0.00 M M 7.4 21 80 M M 0 28 90
3 75 42 59 3 6 0 0.00 M M 11.2 26 210 M M 0 34 210
4 62 39 51 -6 14 0 T M M 16.9 30 200 M M 4 46 240
5 51 36 44 -13 21 0 0.09 M M 16.7 35 300 M M 4 42 290
6 61 30 46 -11 19 0 0.00 M M 6.0 16 300 M M 0 21 240
7 64 31 48 -9 17 0 0.00 M M 10.2 30 290 M M 0 38 280
8 68 34 51 -6 14 0 0.00 M M 8.5 24 20 M M 0 33 20
9 74 35 55 -3 10 0 0.00 M M 7.0 16 40 M M 0 8 22 40
10 82 41 62 4 3 0 0.00 M M 4.1 12 210 M M 0 15 210
11 85 44 65 7 0 0 0.00 M M 6.0 18 240 M M 0 M M
12 79 48 64 6 1 0 0.00 M M 9.0 22 230 M M 0 35 250
13 64 41 53 -5 12 0 0.10 M M 14.4 30 210 M M 3 43 210
14 55 41 48 -11 17 0 0.03 M M 13.8 24 210 M M 5 32 210
15 69 39 54 -5 11 0 0.00 M M 8.1 22 290 M M 0 28 280
16 80 37 59 0 6 0 0.00 M M 4.7 14 230 M M 0 M M
17 84 45 65 5 0 0 0.00 M M 8.4 20 240 M M 0 25 230
================================================================================
SM 1193 664 170 0 0.22 M 160.1 M 20
================================================================================
AV 70.2 39.1 9.4 FASTST M M 1 MAX(MPH)
MISC ----> 35 300 46 240
================================================================================
NOTES:
# LAST OF SEVERAL OCCURRENCES
COLUMN 17 PEAK WIND IN M.P.H.
PRELIMINARY LOCAL CLIMATOLOGICAL DATA (WS FORM: F-6) , PAGE 2
STATION: PALMDALE AIRPORT CA
MONTH: APRIL
YEAR: 2024
LATITUDE: 34 37 N
LONGITUDE: 118 5 W
[TEMPERATURE DATA] [PRECIPITATION DATA] SYMBOLS USED IN COLUMN 16
AVERAGE MONTHLY: 54.6 TOTAL FOR MONTH: 0.22 1 = FOG OR MIST
DPTR FM NORMAL: -3.0 DPTR FM NORMAL: 0.04 2 = FOG REDUCING VISIBILITY
HIGHEST: 85 ON 11 GRTST 24HR 0.12 ON 13-14 TO 1/4 MILE OR LESS
LOWEST: 30 ON 6 3 = THUNDER
SNOW, ICE PELLETS, HAIL 4 = ICE PELLETS
TOTAL MONTH: M 5 = HAIL
GRTST 24HR M ON M 6 = FREEZING RAIN OR DRIZZLE
GRTST DEPTH: M ON M 7 = DUSTSTORM OR SANDSTORM:
VSBY 1/2 MILE OR LESS
8 = SMOKE OR HAZE
[NO. OF DAYS WITH] [WEATHER - DAYS WITH] 9 = BLOWING SNOW
X = TORNADO
MAX 32 OR BELOW: 0 0.01 INCH OR MORE: 3
MAX 90 OR ABOVE: 0 0.10 INCH OR MORE: 1
MIN 32 OR BELOW: 2 0.50 INCH OR MORE: 0
MIN 0 OR BELOW: 0 1.00 INCH OR MORE: 0
[HDD (BASE 65) ]
TOTAL THIS MO. 170 CLEAR (SCALE 0-3) 13
DPTR FM NORMAL 37 PTCLDY (SCALE 4-7) 4
TOTAL FM JUL 1 2537 CLOUDY (SCALE 8-10) 0
DPTR FM NORMAL -101
[CDD (BASE 65) ]
TOTAL THIS MO. 0
DPTR FM NORMAL -6 [PRESSURE DATA]
TOTAL FM JAN 1 0 HIGHEST SLP M ON M
DPTR FM NORMAL -8 LOWEST SLP 29.73 ON 4
[REMARKS]