000
CXUS54 KOUN 010810
CF6PNC
PRELIMINARY LOCAL CLIMATOLOGICAL DATA (WS FORM: F-6)
STATION: PONCA CITY
MONTH: OCTOBER
YEAR: 2021
LATITUDE: 36 44 N
LONGITUDE: 97 6 W
TEMPERATURE IN F: :PCPN: SNOW: WIND :SUNSHINE: SKY :PK WND
================================================================================
1 2 3 4 5 6A 6B 7 8 9 10 11 12 13 14 15 16 17 18
12Z AVG MX 2MIN
DY MAX MIN AVG DEP HDD CDD WTR SNW DPTH SPD SPD DIR MIN PSBL S-S WX SPD DR
================================================================================
1 79 57 68 1 0 3 0.00 M M 1.8 8 40 M M 2 11 330
2 79 58 69 3 0 4 0.35 M M 2.7 10 290 M M 6 13 16 300
3 84 54 69 3 0 4 0.00 M M 4.5 17 350 M M 0 1 24 20
4 87 56 72 7 0 7 0.00 M M 3.9 12 140 M M 0 16 120
5 86 50 68 3 0 3 0.00 M M 5.0 15 30 M M 0 21 50
6 82 54 68 4 0 3 0.00 M M 3.6 12 70 M M 3 1 16 70
7 89 53 71 7 0 6 0.00 M M 7.8 20 140 M M 0 1 25 140
8 96 62 79 15 0 14 0.00 M M 9.1 15 170 M M 0 23 170
9 96 73 85 22 0 20 0.00 M M 11.3 22 210 M M 0 31 210
10 83 57 70 7 0 5 1.39 M M 12.6 30 40 M M 6 13 39 20
11 78 57 68 6 0 3 0.48 M M 8.2 29 350 M M 3 13 38 340
12 79 55 67 5 0 2 0.04 M M 14.5 32 160 M M 4 13 41 160
13 76 60 68 6 0 3 0.61 M M 6.4 29 160 M M 3 13 43 270
14 70 51 61 0 4 0 0.00 0.0 M 4.5 12 150 M M 5 1 15 120
15 69 45 57 -4 8 0 T M M 10.8 22 340 M M 2 30 340
16 72 37 55 -5 10 0 0.00 M M 2.3 10 250 M M 0 17 270
17 80 42 61 1 4 0 0.00 M M 4.7 14 210 M M 0 20 210
18 75 51 63 3 2 0 0.00 0.0 M 12.1 23 160 M M 0 30 160
19 81 58 70 11 0 5 0.00 0.0 M 17.1 30 160 M M 0 37 160
20 73 45 59 0 6 0 0.00 0.0 M 6.8 20 170 M M 1 27 160
21 72 39 56 -2 9 0 0.00 M M 2.7 13 340 M M 0 8 16 350
22 78 43 61 3 4 0 T M M 7.0 16 170 M M 2 23 170
23 87 63 75 17 0 10 0.00 M M 11.3 21 170 M M 1 3 29 170
24 77 49 63 6 2 0 0.05 M M 9.1 23 210 M M 2 3 35 160
25 64 45 55 -2 10 0 0.00 M M 6.8 15 20 M M 2 18 20
26 79 52 66 10 0 1 0.00 M M 20.3 32 150 M M 6 41 140
27 70 51 61 5 4 0 0.73 M M 14.4 31 160 M M 10 138 41 150
28 66 51 59 3 6 0 0.04 M M 19.6 37 340 M M 3 50 330
29 67 37 52 -3 13 0 0.00 M M 13.6 28 350 M M 0 37 320
30 71 33 52 -3 13 0 0.00 M M 2.6 9 160 M M 0 13 220
31 65 44 55 1 10 0 0.00 M M 12.6 22 40 M M 0 27 50
================================================================================
SM 2410 1582 105 93 3.69 0.0 269.7 M 61
================================================================================
AV 77.7 51.0 8.7 FASTST M M 2 MAX(MPH)
MISC ----> 37 340 50 330
================================================================================
NOTES:
# LAST OF SEVERAL OCCURRENCES
COLUMN 17 PEAK WIND IN M.P.H.
PRELIMINARY LOCAL CLIMATOLOGICAL DATA (WS FORM: F-6) , PAGE 2
STATION: PONCA CITY
MONTH: OCTOBER
YEAR: 2021
LATITUDE: 36 44 N
LONGITUDE: 97 6 W
[TEMPERATURE DATA] [PRECIPITATION DATA] SYMBOLS USED IN COLUMN 16
AVERAGE MONTHLY: 64.4 TOTAL FOR MONTH: 3.69 1 = FOG OR MIST
DPTR FM NORMAL: 3.9 DPTR FM NORMAL: 0.63 2 = FOG REDUCING VISIBILITY
HIGHEST: 96 ON 9, 8 GRTST 24HR 1.87 ON 10-11 TO 1/4 MILE OR LESS
LOWEST: 33 ON 30 3 = THUNDER
SNOW, ICE PELLETS, HAIL 4 = ICE PELLETS
TOTAL MONTH: 0.0 INCH 5 = HAIL
GRTST 24HR 0.0 6 = FREEZING RAIN OR DRIZZLE
GRTST DEPTH: M ON M 7 = DUSTSTORM OR SANDSTORM:
VSBY 1/2 MILE OR LESS
8 = SMOKE OR HAZE
[NO. OF DAYS WITH] [WEATHER - DAYS WITH] 9 = BLOWING SNOW
X = TORNADO
MAX 32 OR BELOW: 0 0.01 INCH OR MORE: 8
MAX 90 OR ABOVE: 2 0.10 INCH OR MORE: 5
MIN 32 OR BELOW: 0 0.50 INCH OR MORE: 3
MIN 0 OR BELOW: 0 1.00 INCH OR MORE: 1
[HDD (BASE 65) ]
TOTAL THIS MO. 105 CLEAR (SCALE 0-3) 25
DPTR FM NORMAL -95 PTCLDY (SCALE 4-7) 5
TOTAL FM JUL 1 108 CLOUDY (SCALE 8-10) 1
DPTR FM NORMAL -118
[CDD (BASE 65) ]
TOTAL THIS MO. 93
DPTR FM NORMAL 34 [PRESSURE DATA]
TOTAL FM JAN 1 2098 HIGHEST SLP M ON M
DPTR FM NORMAL 164 LOWEST SLP 29.40 ON 27
[REMARKS]
#FINAL-10-21#