000
CXUS54 KMOB 010733
CF6PNS
PRELIMINARY LOCAL CLIMATOLOGICAL DATA (WS FORM: F-6)
STATION: PENSACOLA
MONTH: NOVEMBER
YEAR: 2023
LATITUDE: 30 28 N
LONGITUDE: 87 12 W
TEMPERATURE IN F: :PCPN: SNOW: WIND :SUNSHINE: SKY :PK WND
================================================================================
1 2 3 4 5 6A 6B 7 8 9 10 11 12 13 14 15 16 17 18
12Z AVG MX 2MIN
DY MAX MIN AVG DEP HDD CDD WTR SNW DPTH SPD SPD DIR MIN PSBL S-S WX SPD DR
================================================================================
1 62 42 52 -14 13 0 0.00 0.0 0 11.5 22 350 M M 0 31 360
2 69 41 55 -10 10 0 0.00 0.0 0 5.5 13 70 M M 0 18 60
3 77 49 63 -2 2 0 0.00 0.0 0 5.9 15 60 M M 0 21 60
4 81 56 69 5 0 4 0.00 0.0 0 5.0 9 20 M M 0 14 340
5 82 50 66 2 0 1 0.00 0.0 0 4.6 15 340 M M 0 19 350
6 80 52 66 2 0 1 0.00 0.0 0 6.5 13 220 M M 0 17 220
7 79 54 67 3 0 2 0.00 0.0 0 5.2 16 200 M M 0 1 21 190
8 79 58 69 6 0 4 0.00 0.0 0 3.5 14 190 M M 1 12 18 190
9 80 62 71 8 0 6 0.00 0.0 0 4.6 14 130 M M 5 22 150
10 79 68 74 11 0 9 0.37 0.0 0 5.5 12 140 M M 9 1 15 130
11 74 64 69 7 0 4 0.07 0.0 0 6.4 12 340 M M 10 1 16 340
12 74 60 67 5 0 2 0.00 0.0 0 6.7 13 20 M M 9 18 20 10
13 65 58 62 0 3 0 0.08 0.0 0 7.0 10 60 M M 9 18 50
14 60 56 58 -4 7 0 1.59 0.0 0 9.9 17 70 M M 10 1 26 60
15 64 56 60 -1 5 0 0.37 0.0 0 11.2 20 80 M M 10 1 30 60
16 77 61 69 8 0 4 0.00 0.0 0 7.6 14 60 M M 8 23 60
17 80 60 70 9 0 5 0.00 0.0 0 3.6 12 340 M M 2 15 350
18 78 58 68 7 0 3 0.00 0.0 0 9.0 18 350 M M 3 24 10
19 71 49 60 0 5 0 0.00 0.0 0 4.6 13 170 M M 0 18 350
20 74 55 65 5 0 0 0.00 0.0 0 11.7 20 110 M M 7 26 130
21 77 60 69 9 0 4 0.58 0.0 0 14.3 29 160 M M 9 18 36 170
22 65 48 57 -3 8 0 0.00 0.0 0 10.8 20 330 M M 3 27 330
23 58 41 50 -9 15 0 0.03 0.0 0 5.2 12 330 M M 3 18 340
24 67 50 59 0 6 0 0.00 0.0 0 3.6 9 350 M M 5 14 130
25 70 52 61 2 4 0 T 0.0 0 4.0 10 160 M M 4 14 160
26 65 55 60 1 5 0 1.03 0.0 0 6.6 14 340 M M 8 1 18 330
27 59 43 51 -8 14 0 0.00 0.0 0 11.4 20 350 M M 0 28 350
28 62 41 52 -6 13 0 0.00 0.0 0 8.5 17 350 M M 0 25 360
29 62 34 48 -10 17 0 0.00 0.0 0 3.7 12 350 M M 0 17 360
30 60 39 50 -8 15 0 0.00 0.0 0 8.4 14 100 M M 3 19 80
================================================================================
SM 2130 1572 142 49 4.12 0.0 212.0 M 118
================================================================================
AV 71.0 52.4 7.1 FASTST M M 4 MAX(MPH)
MISC ----> 29 160 36 170
================================================================================
NOTES:
# LAST OF SEVERAL OCCURRENCES
COLUMN 17 PEAK WIND IN M.P.H.
PRELIMINARY LOCAL CLIMATOLOGICAL DATA (WS FORM: F-6) , PAGE 2
STATION: PENSACOLA
MONTH: NOVEMBER
YEAR: 2023
LATITUDE: 30 28 N
LONGITUDE: 87 12 W
[TEMPERATURE DATA] [PRECIPITATION DATA] SYMBOLS USED IN COLUMN 16
AVERAGE MONTHLY: 61.7 TOTAL FOR MONTH: 4.12 1 = FOG OR MIST
DPTR FM NORMAL: 0.3 DPTR FM NORMAL: -0.30 2 = FOG REDUCING VISIBILITY
HIGHEST: 82 ON 5 GRTST 24HR 1.83 ON 14-15 TO 1/4 MILE OR LESS
LOWEST: 34 ON 29 3 = THUNDER
SNOW, ICE PELLETS, HAIL 4 = ICE PELLETS
TOTAL MONTH: 0.0 INCH 5 = HAIL
GRTST 24HR 0.0 6 = FREEZING RAIN OR DRIZZLE
GRTST DEPTH: 0 7 = DUSTSTORM OR SANDSTORM:
VSBY 1/2 MILE OR LESS
8 = SMOKE OR HAZE
[NO. OF DAYS WITH] [WEATHER - DAYS WITH] 9 = BLOWING SNOW
X = TORNADO
MAX 32 OR BELOW: 0 0.01 INCH OR MORE: 8
MAX 90 OR ABOVE: 0 0.10 INCH OR MORE: 5
MIN 32 OR BELOW: 0 0.50 INCH OR MORE: 3
MIN 0 OR BELOW: 0 1.00 INCH OR MORE: 2
[HDD (BASE 65) ]
TOTAL THIS MO. 142 CLEAR (SCALE 0-3) 15
DPTR FM NORMAL -20 PTCLDY (SCALE 4-7) 7
TOTAL FM JUL 1 159 CLOUDY (SCALE 8-10) 8
DPTR FM NORMAL -31
[CDD (BASE 65) ]
TOTAL THIS MO. 49
DPTR FM NORMAL -5 [PRESSURE DATA]
TOTAL FM JAN 1 3492 HIGHEST SLP M ON M
DPTR FM NORMAL 570 LOWEST SLP 29.85 ON 17
[REMARKS]
#FINAL-11-23#