000
CXUS55 KPAH 020018
CF6POF
PRELIMINARY LOCAL CLIMATOLOGICAL DATA (WS FORM: F-6)
STATION: POPLAR BLUFF MO
MONTH: JUNE
YEAR: 2020
LATITUDE: 36 46 N
LONGITUDE: 90 19 W
TEMPERATURE IN F: :PCPN: SNOW: WIND :SUNSHINE: SKY :PK WND
================================================================================
1 2 3 4 5 6A 6B 7 8 9 10 11 12 13 14 15 16 17 18
12Z AVG MX 2MIN
DY MAX MIN AVG DEP HDD CDD WTR SNW DPTH SPD SPD DIR MIN PSBL S-S WX SPD DR
================================================================================
1 85 59 72 0 0 7 0.00 M M 2.5 10 140 M M 0 14 150
2 88 58 73 0 0 8 0.00 M M 4.5 13 210 M M 0 19 220
3 89 64 77 4 0 12 0.83 M M 5.6 29 250 M M 1 13 44 230
4 84 68 76 3 0 11 1.68 M M 6.1 17 330 M M 4 13 26 110
5 87 66 77 3 0 12 0.33 M M 2.9 25 360 M M 1 13 38 360
6 90 67 79 5 0 14 0.00 M M 2.5 9 60 M M 1 1 14 80
7 92 72 82 8 0 17 0.00 M M 6.0 14 50 M M 0 20 60
8 83 70 77 3 0 12 0.74 M M 10.3 21 120 M M 5 1 35 100
9 88 73 81 6 0 16 0.31 M M 18.1 28 220 M M 9 1 42 200
10 82 62 72 -3 0 7 0.01 M M 10.7 22 240 M M 4 3 35 210
11 85 58 72 -3 0 7 T M M 3.8 14 350 M M 0 20 40
12 89 60 75 -1 0 10 0.00 M M 2.1 8 330 M M 0 11 330
13 90 66 78 2 0 13 0.00 M M 3.4 14 60 M M 0 19 50
14 88 65 77 1 0 12 0.00 M M 5.4 13 60 M M 0 22 80
15 83 62 73 -3 0 8 0.00 M M 5.0 12 70 M M 3 15 60
16 85 57 71 -5 0 6 0.00 M M 3.9 10 60 M M 1 14 60
17 86 63 75 -2 0 10 0.00 M M 2.8 12 60 M M 0 15 40
18 88 61 75 -2 0 10 0.00 M M 1.3 7 200 M M 1 10 160
19 90 65 78 1 0 13 0.00 M M 2.4 13 220 M M 0 17 260
20 90 67 79 2 0 14 0.43 M M 6.7 18 230 M M 4 138 30 240
21 85 67 76 -2 0 11 0.35 M M 3.8 10 210 M M 4 1 14 230
22 81 70 76 -2 0 11 0.21 M M 7.5 16 210 M M 5 1 22 220
23 85 67 76 -2 0 11 0.00 M M 4.9 13 350 M M 1 17 350
24 85 64 75 -3 0 10 0.00 M M 2.8 12 340 M M 4 17 340
25 88 62 75 -3 0 10 0.00 M M 4.0 13 220 M M 1 18 220
26 86 67 77 -1 0 12 T M M 8.7 22 210 M M 5 31 210
27 88 72 80 1 0 15 0.00 M M 11.0 18 230 M M 6 8 26 260
28 92 75 84 5 0 19 0.00 M M 9.9 16 190 M M 2 24 190
29 87 74 81 2 0 16 T M M 7.4 16 220 M M 3 23 220
30 91 73 82 3 0 17 T M M 9.1 23 60 M M 5 3 35 60
================================================================================
SM 2610 1974 0 351 4.89 M 175.1 M 70
================================================================================
AV 87.0 65.8 5.8 FASTST M M 2 MAX(MPH)
MISC ----> 29 250 44 230
================================================================================
NOTES:
# LAST OF SEVERAL OCCURRENCES
COLUMN 17 PEAK WIND IN M.P.H.
PRELIMINARY LOCAL CLIMATOLOGICAL DATA (WS FORM: F-6) , PAGE 2
STATION: POPLAR BLUFF MO
MONTH: JUNE
YEAR: 2020
LATITUDE: 36 46 N
LONGITUDE: 90 19 W
[TEMPERATURE DATA] [PRECIPITATION DATA] SYMBOLS USED IN COLUMN 16
AVERAGE MONTHLY: 76.4 TOTAL FOR MONTH: 4.89 1 = FOG OR MIST
DPTR FM NORMAL: 0.2 DPTR FM NORMAL: 1.26 2 = FOG REDUCING VISIBILITY
HIGHEST: 92 ON 28, 7 GRTST 24HR 2.51 ON 3- 4 TO 1/4 MILE OR LESS
LOWEST: 57 ON 16 3 = THUNDER
SNOW, ICE PELLETS, HAIL 4 = ICE PELLETS
TOTAL MONTH: M 5 = HAIL
GRTST 24HR M ON M 6 = FREEZING RAIN OR DRIZZLE
GRTST DEPTH: M ON M 7 = DUSTSTORM OR SANDSTORM:
VSBY 1/2 MILE OR LESS
8 = SMOKE OR HAZE
[NO. OF DAYS WITH] [WEATHER - DAYS WITH] 9 = BLOWING SNOW
X = TORNADO
MAX 32 OR BELOW: 0 0.01 INCH OR MORE: 9
MAX 90 OR ABOVE: 7 0.10 INCH OR MORE: 8
MIN 32 OR BELOW: 0 0.50 INCH OR MORE: 3
MIN 0 OR BELOW: 0 1.00 INCH OR MORE: 1
[HDD (BASE 65) ]
TOTAL THIS MO. 0 CLEAR (SCALE 0-3) 19
DPTR FM NORMAL -2 PTCLDY (SCALE 4-7) 10
TOTAL FM JUL 1 3787 CLOUDY (SCALE 8-10) 1
DPTR FM NORMAL -287
[CDD (BASE 65) ]
TOTAL THIS MO. 351
DPTR FM NORMAL 15 [PRESSURE DATA]
TOTAL FM JAN 1 486 HIGHEST SLP 30.30 ON 12
DPTR FM NORMAL -14 LOWEST SLP 29.46 ON 9
[REMARKS]
#FINAL-06-20#