000
CXUS51 KALY 011748
CLAPSF
CLIMATE REPORT
NATIONAL WEATHER SERVICE ALBANY NY
1248 PM EST MON JAN 01 2024
...................................
...THE PITTSFIELD MA CLIMATE SUMMARY FOR THE YEAR OF 2023...
CLIMATE NORMAL PERIOD: 1991 TO 2020
CLIMATE RECORD PERIOD: 9999 TO 9999
WEATHER OBSERVED NORMAL DEPART LAST YEAR`S
VALUE DATE(S) VALUE FROM VALUE DATE(S)
NORMAL
................................................................
TEMPERATURE (F)
HIGHEST 90 06/02 94 08/29
LOWEST -17 02/04 -12 01/22
AVG. MAXIMUM 58.0 55.8 2.2 57.4
AVG. MINIMUM 39.1 36.3 2.8 36.4
MEAN 48.5 46.0 2.5 46.9
DAYS MAX >= 90 1 2.5 -1.5 7
DAYS MAX <= 32 26 52.0 -26.0 51
DAYS MIN <= 32 144 152.9 -8.9 151
DAYS MIN <= 0 2 9.0 -7.0 12
PRECIPITATION (INCHES)
TOTALS 49.77 44.23 5.54 40.16
DAILY AVG. 0.14 0.11
DAYS >= .01 156 149
DAYS >= .10 93 88
DAYS >= .50 30 29
DAYS >= 1.00 13 7
GREATEST
24 HR. TOTAL 2.58 10/20 TO 10/21
DEGREE DAYS
HEATING TOTAL 6291 7224 -933 6901
SINCE 7/1 2346 2721 -375 MM
COOLING TOTAL 421 344 77 413
SINCE 1/1 421 345 76 MM
................................................................
WIND (MPH)
AVERAGE WIND SPEED 6.0
HIGHEST WIND SPEED/DIRECTION 43/270 DATE 04/01
HIGHEST GUST SPEED/DIRECTION 62/290 DATE 02/03
WEATHER CONDITIONS. NUMBER OF DAYS WITH
THUNDERSTORM 28 MIXED PRECIP 0
HEAVY RAIN 43 RAIN 70
LIGHT RAIN 160 FREEZING RAIN 5
LT FREEZING RAIN 8 HAIL 0
HEAVY SNOW 4 SNOW 14
LIGHT SNOW 55 SLEET 0
FOG 232 FOG W/VIS <= 1/4 MILE 73
HAZE 46
- INDICATES NEGATIVE NUMBERS.
R INDICATES RECORD WAS SET OR TIED.
MM INDICATES DATA IS MISSING.
T INDICATES TRACE AMOUNT.
$$