000
CXUS51 KALY 010629
CLMPSF
CLIMATE REPORT
NATIONAL WEATHER SERVICE ALBANY NY
229 AM EDT TUE AUG 01 2023
...................................
...THE PITTSFIELD MA CLIMATE SUMMARY FOR THE MONTH OF JULY 2023...
CLIMATE NORMAL PERIOD: 1991 TO 2020
CLIMATE RECORD PERIOD: 9999 TO 9999
WEATHER OBSERVED NORMAL DEPART LAST YEAR`S
VALUE DATE(S) VALUE FROM VALUE DATE(S)
NORMAL
................................................................
TEMPERATURE (F)
HIGHEST 89 07/06 90 07/21
07/23
07/24
LOWEST 50 07/31 48 07/10
07/11
AVG. MAXIMUM 81.4 79.3 2.1 81.6
AVG. MINIMUM 61.4 58.0 3.4 57.5
MEAN 71.4 68.7 2.7 69.5
DAYS MAX >= 90 0 1.3 -1.3 4
DAYS MAX <= 32 0 0.0 0.0 0
DAYS MIN <= 32 0 0.0 0.0 0
DAYS MIN <= 0 0 0.0 0.0 0
PRECIPITATION (INCHES)
TOTALS 8.73 4.18 4.55 2.45
DAILY AVG. 0.28 0.08
DAYS >= .01 17 13
DAYS >= .10 13 7
DAYS >= .50 7 1
DAYS >= 1.00 3 0
GREATEST
24 HR. TOTAL 2.34 07/09 TO 07/10
DEGREE DAYS
HEATING TOTAL 4 22 -18 6
SINCE 7/1 4 24 -20 6
COOLING TOTAL 210 136 74 155
SINCE 1/1 274 211 63 233
................................................................
WIND (MPH)
AVERAGE WIND SPEED 4.3
HIGHEST WIND SPEED/DIRECTION 30/160 DATE 07/24
HIGHEST GUST SPEED/DIRECTION 39/160 DATE 07/24
SKY COVER
AVERAGE SKY COVER 0.44
AVERAGE RH (PERCENT) 76
WEATHER CONDITIONS. NUMBER OF DAYS WITH
THUNDERSTORM 12 MIXED PRECIP 0
HEAVY RAIN 11 RAIN 11
LIGHT RAIN 18 FREEZING RAIN 0
LT FREEZING RAIN 0 HAIL 0
HEAVY SNOW 0 SNOW 0
LIGHT SNOW 0 SLEET 0
FOG 26 FOG W/VIS <= 1/4 MILE 13
HAZE 10
- INDICATES NEGATIVE NUMBERS.
R INDICATES RECORD WAS SET OR TIED.
MM INDICATES DATA IS MISSING.
T INDICATES TRACE AMOUNT.
$$