000
CXUS54 KFWD 072133
CF6PSN
PRELIMINARY LOCAL CLIMATOLOGICAL DATA (WS FORM: F-6)
STATION: PALESTINE
MONTH: MARCH
YEAR: 2022
LATITUDE: 31 46 N
LONGITUDE: 95 42 W
TEMPERATURE IN F: :PCPN: SNOW: WIND :SUNSHINE: SKY :PK WND
================================================================================
1 2 3 4 5 6A 6B 7 8 9 10 11 12 13 14 15 16 17 18
12Z AVG MX 2MIN
DY MAX MIN AVG DEP HDD CDD WTR SNW DPTH SPD SPD DIR MIN PSBL S-S WX SPD DR
================================================================================
1 70 32 51 -2 14 0 0.00 M M 3.1 8 160 M M 1 15 170
2 73 43 58 5 7 0 0.00 M M 2.8 9 190 M M 0 8 16 230
3 77 45 61 8 4 0 0.00 M M 3.4 6 99 M M 3 14 230
4 73 54 64 10 1 0 0.00 M M 5.1 7 150 M M 7 1 M M
5 81 64 73 19 0 8 0.00 M M M M M M M 10 M M
6 79 68 74 20 0 9 0.00 M M M M M M M 10 M M
7 68 36 52 -2 13 0 0.00 M M 14.6 23 M M M 9 28 M
8 43 36 40 -14 25 0 0.04 M M 8.1 12 340 M M 10 1 20 340
9 57 28 43 -12 22 0 0.00 M M 6.3 13 30 M M 1 12 17 10
10 72 37 55 0 10 0 0.00 M M 4.9 10 50 M M 2 15 99
11 61 34 48 -7 17 0 0.11 M M 11.8 20 340 M M 9 1 33 330
12 55 21 38 -18 27 0 0.00 M M 6.1 13 350 M M 1 22 350
13 64 34 49 -7 16 0 0.00 M M 10.1 17 210 M M 3 27 180
14 73 48 61 5 4 0 1.17 M M 9.7 14 130 M M 8 138 23 150
15 68 45 57 1 8 0 0.00 M M 6.7 15 350 M M 2 18 22 350
16 77 41 59 3 6 0 0.00 M M 4.1 12 190 M M 0 1 18 210
17 75 52 64 7 1 0 0.00 M M 8.9 16 180 M M 6 1 26 180
18 66 46 56 -1 9 0 0.00 M M 13.4 21 320 M M 3 31 290
19 73 36 55 -2 10 0 0.00 M M 2.4 8 280 M M 0 18 99
20 79 45 62 4 3 0 0.00 M M 8.1 16 150 M M 2 21 160
21 73 59 66 8 0 1 2.46 M M 13.5 22 130 M M 10 13 30 130
22 59 43 51 -7 14 0 0.66 M M 11.7 20 300 M M 9 13 33 290
23 64 39 52 -6 13 0 0.00 M M 13.4 20 320 M M 2 30 300
24 66 37 52 -6 13 0 0.00 M M 8.0 17 280 M M 2 24 280
25 79 36 58 -1 7 0 0.00 M M 2.4 7 99 M M 0 15 99
26 84 45 65 6 0 0 0.00 M M 5.9 15 210 M M 3 8 21 210
27 84 54 69 10 0 4 0.00 M M 8.2 16 190 M M 2 22 190
28 82 55 69 10 0 4 0.00 M M 9.8 16 170 M M 3 1 28 190
29 82 66 74 14 0 9 0.00 M M 14.1 24 180 M M 7 41 150
30 73 45 59 -1 6 0 0.58 M M 12.0 23 170 M M 5 1 36 170
31 68 41 55 -5 10 0 0.00 M M 4.4 14 260 M M 1 22 260
================================================================================
SM 2198 1365 260 35 5.02 M 233.0 M 131
================================================================================
AV 70.9 44.0 8.0 FASTST M M 4 MAX(MPH)
MISC ----> 24 180 41 150
================================================================================
NOTES:
# LAST OF SEVERAL OCCURRENCES
COLUMN 17 PEAK WIND IN M.P.H.
PRELIMINARY LOCAL CLIMATOLOGICAL DATA (WS FORM: F-6) , PAGE 2
STATION: PALESTINE
MONTH: MARCH
YEAR: 2022
LATITUDE: 31 46 N
LONGITUDE: 95 42 W
[TEMPERATURE DATA] [PRECIPITATION DATA] SYMBOLS USED IN COLUMN 16
AVERAGE MONTHLY: 57.5 TOTAL FOR MONTH: 5.02 1 = FOG OR MIST
DPTR FM NORMAL: 1.0 DPTR FM NORMAL: 1.13 2 = FOG REDUCING VISIBILITY
HIGHEST: 84 ON 27,26 GRTST 24HR 2.46 ON 21-21 TO 1/4 MILE OR LESS
LOWEST: 21 ON 12 3 = THUNDER
SNOW, ICE PELLETS, HAIL 4 = ICE PELLETS
TOTAL MONTH: M 5 = HAIL
GRTST 24HR M ON M 6 = FREEZING RAIN OR DRIZZLE
GRTST DEPTH: M ON M 7 = DUSTSTORM OR SANDSTORM:
VSBY 1/2 MILE OR LESS
8 = SMOKE OR HAZE
[NO. OF DAYS WITH] [WEATHER - DAYS WITH] 9 = BLOWING SNOW
X = TORNADO
MAX 32 OR BELOW: 0 0.01 INCH OR MORE: 6
MAX 90 OR ABOVE: 0 0.10 INCH OR MORE: 5
MIN 32 OR BELOW: 3 0.50 INCH OR MORE: 4
MIN 0 OR BELOW: 0 1.00 INCH OR MORE: 2
[HDD (BASE 65) ]
TOTAL THIS MO. 260 CLEAR (SCALE 0-3) 16
DPTR FM NORMAL -26 PTCLDY (SCALE 4-7) 7
TOTAL FM JUL 1 1784 CLOUDY (SCALE 8-10) 8
DPTR FM NORMAL -469
[CDD (BASE 65) ]
TOTAL THIS MO. 35
DPTR FM NORMAL 14 [PRESSURE DATA]
TOTAL FM JAN 1 42 HIGHEST SLP M ON M
DPTR FM NORMAL 12 LOWEST SLP M ON M
[REMARKS]
#FINAL-03-22#