000
CXUS54 KHGX 011410
CF6PSX
PRELIMINARY LOCAL CLIMATOLOGICAL DATA (WS FORM: F-6)
STATION: PALACIOS
MONTH: OCTOBER
YEAR: 2022
LATITUDE: 28 43 N
LONGITUDE: 96 15 W
TEMPERATURE IN F: :PCPN: SNOW: WIND :SUNSHINE: SKY :PK WND
================================================================================
1 2 3 4 5 6A 6B 7 8 9 10 11 12 13 14 15 16 17 18
12Z AVG MX 2MIN
DY MAX MIN AVG DEP HDD CDD WTR SNW DPTH SPD SPD DIR MIN PSBL S-S WX SPD DR
================================================================================
1 86 55 71 -7 0 6 0.00 0.0 0 9.2 18 140 M M 0 23 130
2 85 57 71 -7 0 6 0.00 0.0 0 5.8 13 40 M M 0 17 50
3 87 58 73 -5 0 8 0.00 0.0 0 5.2 13 190 M M 0 17 190
4 89 63 76 -2 0 11 0.00 0.0 0 4.6 13 190 M M 0 20 190
5 87 61 74 -3 0 9 0.00 0.0 0 6.4 15 150 M M 0 19 150
6 88 61 75 -2 0 10 0.00 0.0 0 8.6 17 130 M M 0 1 24 140
7 85 63 74 -3 0 9 0.00 0.0 0 4.9 10 310 M M 0 14 30
8 91 63 77 1 0 12 0.00 0.0 0 6.4 15 160 M M 1 19 200
9 87 66 77 1 0 12 0.00 0.0 0 9.4 20 140 M M 1 26 120
10 85 62 74 -2 0 9 0.00 0.0 0 10.1 20 90 M M 1 26 100
11 86 64 75 -1 0 10 0.00 0.0 0 9.7 16 130 M M 0 27 150
12 88 72 80 5 0 15 0.05 0.0 0 7.1 18 170 M M 2 12 24 170
13 89 71 80 5 0 15 0.03 0.0 0 8.1 21 90 M M 3 12 31 90
14 88 67 78 3 0 13 0.00 0.0 0 8.9 20 130 M M 2 1 26 120
15 87 71 79 5 0 14 0.00 0.0 0 8.3 15 140 M M 0 21 150
16 89 74 82 8 0 17 0.00 0.0 0 11.0 15 160 M M 2 23 170
17 77 64 71 -3 0 6 0.04 0.0 0 11.9 22 20 M M 7 1 28 20
18 72 50 61 -12 4 0 0.00 0.0 0 13.0 22 20 M M 2 34 20
19 73 43 58 -15 7 0 0.00 0.0 0 7.5 17 30 M M 0 27 40
20 78 49 64 -9 1 0 0.00 0.0 0 8.2 15 200 M M 0 20 250
21 80 60 70 -2 0 5 0.00 0.0 0 8.4 17 170 M M 0 23 180
22 84 69 77 5 0 12 0.00 0.0 0 12.8 22 160 M M 1 30 180
23 85 70 78 6 0 13 T 0.0 0 16.4 25 150 M M 5 34 140
24 83 77 80 8 0 15 0.00 0.0 0 15.3 24 160 M M 8 33 170
25 77 55 66 -5 0 1 0.38 0.0 0 11.8 36 330 M M 3 13 50 310
26 78 47 63 -8 2 0 0.00 0.0 0 7.3 16 110 M M 0 17 100
27 79 54 67 -3 0 2 0.16 0.0 0 10.2 20 100 M M 5 1 25 120
28 80 58 69 -1 0 4 1.76 0.0 0 14.9 26 310 M M 6 123 33 310
29 74 54 64 -6 1 0 0.00 0.0 0 8.9 21 330 M M 2 27 330
30 78 53 66 -4 0 1 0.00 0.0 0 4.4 12 170 M M 0 18 17 280
31 81 55 68 -1 0 3 0.00 0.0 0 7.3 18 140 M M 3 1 24 130
================================================================================
SM 2576 1886 15 238 2.42 0.0 282.0 M 54
================================================================================
AV 83.1 60.8 9.1 FASTST M M 2 MAX(MPH)
MISC ----> 36 330 50 310
================================================================================
NOTES:
# LAST OF SEVERAL OCCURRENCES
COLUMN 17 PEAK WIND IN M.P.H.
PRELIMINARY LOCAL CLIMATOLOGICAL DATA (WS FORM: F-6) , PAGE 2
STATION: PALACIOS
MONTH: OCTOBER
YEAR: 2022
LATITUDE: 28 43 N
LONGITUDE: 96 15 W
[TEMPERATURE DATA] [PRECIPITATION DATA] SYMBOLS USED IN COLUMN 16
AVERAGE MONTHLY: 72.0 TOTAL FOR MONTH: 2.42 1 = FOG OR MIST
DPTR FM NORMAL: -1.9 DPTR FM NORMAL: -1.91 2 = FOG REDUCING VISIBILITY
HIGHEST: 91 ON 8 GRTST 24HR 1.92 ON 27-28 TO 1/4 MILE OR LESS
LOWEST: 43 ON 19 3 = THUNDER
SNOW, ICE PELLETS, HAIL 4 = ICE PELLETS
TOTAL MONTH: 0.0 INCH 5 = HAIL
GRTST 24HR 0.0 6 = FREEZING RAIN OR DRIZZLE
GRTST DEPTH: 0 7 = DUSTSTORM OR SANDSTORM:
VSBY 1/2 MILE OR LESS
8 = SMOKE OR HAZE
[NO. OF DAYS WITH] [WEATHER - DAYS WITH] 9 = BLOWING SNOW
X = TORNADO
MAX 32 OR BELOW: 0 0.01 INCH OR MORE: 6
MAX 90 OR ABOVE: 1 0.10 INCH OR MORE: 3
MIN 32 OR BELOW: 0 0.50 INCH OR MORE: 1
MIN 0 OR BELOW: 0 1.00 INCH OR MORE: 1
[HDD (BASE 65) ]
TOTAL THIS MO. 15 CLEAR (SCALE 0-3) 26
DPTR FM NORMAL -1 PTCLDY (SCALE 4-7) 5
TOTAL FM JUL 1 15 CLOUDY (SCALE 8-10) 0
DPTR FM NORMAL 1
[CDD (BASE 65) ]
TOTAL THIS MO. 238
DPTR FM NORMAL -54 [PRESSURE DATA]
TOTAL FM JAN 1 3663 HIGHEST SLP 30.36 ON 19
DPTR FM NORMAL 281 LOWEST SLP 29.73 ON 24
[REMARKS]
#FINAL-10-22#