654
CXUS54 KHGX 041455
CF6PSX
PRELIMINARY LOCAL CLIMATOLOGICAL DATA (WS FORM: F-6)
STATION: PALACIOS
MONTH: MARCH
YEAR: 2021
LATITUDE: 28 43 N
LONGITUDE: 96 15 W
TEMPERATURE IN F: :PCPN: SNOW: WIND :SUNSHINE: SKY :PK WND
================================================================================
1 2 3 4 5 6A 6B 7 8 9 10 11 12 13 14 15 16 17 18
12Z AVG MX 2MIN
DY MAX MIN AVG DEP HDD CDD WTR SNW DPTH SPD SPD DIR MIN PSBL S-S WX SPD DR
================================================================================
1 71 50 61 1 4 0 0.61 0.0 0 18.1 29 10 M M 10 13 37 10
2 64 47 56 -4 9 0 T 0.0 0 12.9 25 350 M M 7 1 32 360
3 66 40 53 -7 12 0 0.00 0.0 0 6.9 17 130 M M 2 12 22 150
4 69 45 57 -3 8 0 0.00 0.0 0 8.7 18 140 M M 0 1 21 130
5 73 55 64 4 1 0 0.01 0.0 0 8.4 22 350 M M 6 12 28 340
6 68 48 58 -3 7 0 0.00 0.0 0 11.2 24 340 M M 5 29 340
7 69 42 56 -5 9 0 0.00 0.0 0 10.1 20 120 M M 0 26 120
8 72 47 60 -1 5 0 0.00 0.0 0 9.8 17 110 M M 1 23 150
9 75 58 67 6 0 2 0.00 0.0 0 13.0 23 140 M M 1 30 150
10 76 63 70 8 0 5 T 0.0 0 15.1 29 160 M M 6 1 34 150
11 75 66 71 9 0 6 0.00 0.0 0 15.9 23 140 M M 10 1 30 140
12 79 68 74 12 0 9 0.00 0.0 0 16.2 25 130 M M 8 18 32 140
13 79 67 73 11 0 8 0.00 0.0 0 16.5 25 130 M M 8 1 31 130
14 73 57 65 3 0 0 0.08 0.0 0 12.9 24 160 M M 10 1 31 150
15 72 61 67 4 0 2 0.01 0.0 0 6.1 12 160 M M 8 12 18 20
16 79 65 72 9 0 7 0.01 0.0 0 11.1 22 160 M M 9 12 26 150
17 84 60 72 9 0 7 0.05 0.0 0 13.3 23 310 M M 7 1 29 300
18 74 49 62 -1 3 0 0.00 0.0 0 17.2 30 340 M M 0 37 330
19 70 42 56 -8 9 0 0.00 0.0 0 10.8 18 360 M M 0 26 350
20 69 41 55 -9 10 0 0.00 0.0 0 9.0 16 130 M M 0 21 70
21 71 42 57 -7 8 0 0.00 0.0 0 9.7 18 120 M M 2 1 24 120
22 76 59 68 4 0 3 0.00 0.0 0 14.3 26 150 M M 5 32 150
23 84 62 73 9 0 8 0.09 0.0 0 5.8 16 360 M M 8 18 20 170
24 75 60 68 3 0 3 T 0.0 0 10.0 17 130 M M 8 12 21 130
25 82 57 70 5 0 5 0.00 0.0 0 13.1 31 350 M M 4 12 36 340
26 82 50 66 1 0 1 M M 0 11.6 18 110 M M 4 1 27 100
27 79 69 74 9 0 9 0.00 0.0 0 11.4 23 150 M M 10 128 28 150
28 73 55 64 -2 1 0 0.35 0.0 0 13.6 35 10 M M 8 13 42 20
29 72 50 61 -5 4 0 0.00 0.0 0 11.4 16 110 M M 5 M M
30 78 66 72 6 0 7 0.00 0.0 0 13.1 22 180 M M 10 1 29 170
31 78 62 70 4 0 5 T 0.0 0 13.4 26 360 M M 10 18 34 20
================================================================================
SM 2307 1703 90 87 1.21 0.0 370.6 M 172
================================================================================
AV 74.4 54.9 12.0 FASTST M M 6 MAX(MPH)
MISC ----> 35 10 42 20
================================================================================
NOTES:
# LAST OF SEVERAL OCCURRENCES
COLUMN 17 PEAK WIND IN M.P.H.
PRELIMINARY LOCAL CLIMATOLOGICAL DATA (WS FORM: F-6) , PAGE 2
STATION: PALACIOS
MONTH: MARCH
YEAR: 2021
LATITUDE: 28 43 N
LONGITUDE: 96 15 W
[TEMPERATURE DATA] [PRECIPITATION DATA] SYMBOLS USED IN COLUMN 16
AVERAGE MONTHLY: 64.7 TOTAL FOR MONTH: 1.21 1 = FOG OR MIST
DPTR FM NORMAL: 1.8 DPTR FM NORMAL: -1.79 2 = FOG REDUCING VISIBILITY
HIGHEST: 84 ON 23,17 GRTST 24HR 0.61 ON 1- 1 TO 1/4 MILE OR LESS
LOWEST: 40 ON 3 3 = THUNDER
SNOW, ICE PELLETS, HAIL 4 = ICE PELLETS
TOTAL MONTH: 0.0 INCH 5 = HAIL
GRTST 24HR 0.0 6 = FREEZING RAIN OR DRIZZLE
GRTST DEPTH: 0 7 = DUSTSTORM OR SANDSTORM:
VSBY 1/2 MILE OR LESS
8 = SMOKE OR HAZE
[NO. OF DAYS WITH] [WEATHER - DAYS WITH] 9 = BLOWING SNOW
X = TORNADO
MAX 32 OR BELOW: 0 0.01 INCH OR MORE: 8
MAX 90 OR ABOVE: 0 0.10 INCH OR MORE: 2
MIN 32 OR BELOW: 0 0.50 INCH OR MORE: 1
MIN 0 OR BELOW: 0 1.00 INCH OR MORE: 0
[HDD (BASE 65) ]
TOTAL THIS MO. 90 CLEAR (SCALE 0-3) 9
DPTR FM NORMAL -39 PTCLDY (SCALE 4-7) 13
TOTAL FM JUL 1 1106 CLOUDY (SCALE 8-10) 9
DPTR FM NORMAL -58
[CDD (BASE 65) ]
TOTAL THIS MO. 87
DPTR FM NORMAL 25 [PRESSURE DATA]
TOTAL FM JAN 1 152 HIGHEST SLP 30.44 ON 8
DPTR FM NORMAL 61 LOWEST SLP 29.56 ON 25
[REMARKS]
#FINAL-03-21#