000
CXUS54 KOUN 010810
CF6PWA
PRELIMINARY LOCAL CLIMATOLOGICAL DATA (WS FORM: F-6)
STATION: BETHANY/WILEY POST
MONTH: JULY
YEAR: 2021
LATITUDE: 35 31 N
LONGITUDE: 97 38 W
TEMPERATURE IN F: :PCPN: SNOW: WIND :SUNSHINE: SKY :PK WND
================================================================================
1 2 3 4 5 6A 6B 7 8 9 10 11 12 13 14 15 16 17 18
12Z AVG MX 2MIN
DY MAX MIN AVG DEP HDD CDD WTR SNW DPTH SPD SPD DIR MIN PSBL S-S WX SPD DR
================================================================================
1 89 72 81 -1 0 16 1.23 M M 6.8 22 300 M M 4 13 34 300
2 85 73 79 -3 0 14 0.12 M M 6.0 21 70 M M 8 12 28 60
3 87 70 79 -3 0 14 0.00 M M 7.6 14 140 M M 3 18 110
4 87 66 77 -5 0 12 0.00 M M 8.5 15 140 M M 1 20 180
5 88 69 79 -4 0 14 0.00 0.0 M 7.4 14 170 M M 2 19 80
6 90 69 80 -3 0 15 0.00 0.0 M 5.5 12 140 M M 3 15 160
7 92 72 82 -1 0 17 T 0.0 M 4.7 25 340 M M 1 3 34 330
8 93 70 82 -1 0 17 0.00 M M 4.9 15 160 M M 1 18 20 160
9 91 76 84 1 0 19 0.00 M M 14.9 24 190 M M 0 29 190
10 92 73 83 -1 0 18 0.20 M M 14.1 28 210 M M 4 3 36 190
11 84 69 77 -7 0 12 0.00 M M 9.6 20 10 M M 3 25 360
12 88 63 76 -8 0 11 0.00 M M 3.4 12 130 M M 1 16 360
13 92 70 81 -3 0 16 0.00 M M 12.0 21 180 M M 1 25 200
14 90 73 82 -2 0 17 0.00 M M 16.3 28 190 M M 0 36 170
15 90 74 82 -2 0 17 T M M 16.7 23 190 M M 1 32 180
16 92 73 83 -1 0 18 0.03 M M 11.2 20 210 M M 2 3 25 210
17 93 72 83 -1 0 18 0.21 M M 7.5 25 340 M M 2 13 33 340
18 92 70 81 -3 0 16 0.10 M M 4.6 20 260 M M 2 13 27 240
19 89 72 81 -3 0 16 0.00 M M 9.0 17 20 M M 2 22 360
20 88 67 78 -7 0 13 0.00 M M 8.4 15 70 M M 1 21 70
21 88 65 77 -8 0 12 0.00 M M 5.0 12 180 M M 3 8 14 180
22 90 67 79 -6 0 14 0.00 0.0 M 9.5 15 160 M M 1 8 22 180
23 93 74 84 -1 0 19 0.00 M M 12.3 18 200 M M 0 25 190
24 96 77 87 2 0 22 0.00 M M 12.3 20 190 M M 1 25 200
25 97 75 86 1 0 21 0.00 M M 7.5 15 250 M M 0 3 21 160
26 96 73 85 0 0 20 0.20 M M 5.7 30 140 M M 1 3 38 140
27 98 73 86 1 0 21 0.00 M M 4.9 15 160 M M 1 3 18 170
28 96 75 86 1 0 21 0.00 M M 7.6 15 130 M M 1 19 130
29 96 76 86 1 0 21 0.00 M M 7.1 13 180 M M 1 16 180
30 97 75 86 1 0 21 0.00 M M 6.9 14 180 M M 0 8 19 180
31 98 78 88 3 0 23 0.00 M M 9.4 15 190 M M 0 19 190
================================================================================
SM 2837 2221 0 525 2.09 0.0 267.3 M 51
================================================================================
AV 91.5 71.6 8.6 FASTST M M 2 MAX(MPH)
MISC ----> 30 140 38 140
================================================================================
NOTES:
# LAST OF SEVERAL OCCURRENCES
COLUMN 17 PEAK WIND IN M.P.H.
PRELIMINARY LOCAL CLIMATOLOGICAL DATA (WS FORM: F-6) , PAGE 2
STATION: BETHANY/WILEY POST
MONTH: JULY
YEAR: 2021
LATITUDE: 35 31 N
LONGITUDE: 97 38 W
[TEMPERATURE DATA] [PRECIPITATION DATA] SYMBOLS USED IN COLUMN 16
AVERAGE MONTHLY: 81.6 TOTAL FOR MONTH: 2.09 1 = FOG OR MIST
DPTR FM NORMAL: -2.3 DPTR FM NORMAL: -0.79 2 = FOG REDUCING VISIBILITY
HIGHEST: 98 ON 31,27 GRTST 24HR 1.85 ON 30- 1 TO 1/4 MILE OR LESS
LOWEST: 63 ON 12 3 = THUNDER
SNOW, ICE PELLETS, HAIL 4 = ICE PELLETS
TOTAL MONTH: 0.0 INCH 5 = HAIL
GRTST 24HR 0.0 6 = FREEZING RAIN OR DRIZZLE
GRTST DEPTH: M ON M 7 = DUSTSTORM OR SANDSTORM:
VSBY 1/2 MILE OR LESS
8 = SMOKE OR HAZE
[NO. OF DAYS WITH] [WEATHER - DAYS WITH] 9 = BLOWING SNOW
X = TORNADO
MAX 32 OR BELOW: 0 0.01 INCH OR MORE: 7
MAX 90 OR ABOVE: 21 0.10 INCH OR MORE: 6
MIN 32 OR BELOW: 0 0.50 INCH OR MORE: 1
MIN 0 OR BELOW: 0 1.00 INCH OR MORE: 1
[HDD (BASE 65) ]
TOTAL THIS MO. 0 CLEAR (SCALE 0-3) 26
DPTR FM NORMAL 0 PTCLDY (SCALE 4-7) 5
TOTAL FM JUL 1 0 CLOUDY (SCALE 8-10) 0
DPTR FM NORMAL 0
[CDD (BASE 65) ]
TOTAL THIS MO. 525
DPTR FM NORMAL -61 [PRESSURE DATA]
TOTAL FM JAN 1 1111 HIGHEST SLP M ON M
DPTR FM NORMAL -137 LOWEST SLP 29.78 ON 10
[REMARKS]
#FINAL-07-21#