000
CXUS54 KFWD 010731
CF6PWG
PRELIMINARY LOCAL CLIMATOLOGICAL DATA (WS FORM: F-6)
STATION: WACO MCGREGOR
MONTH: SEPTEMBER
YEAR: 2022
LATITUDE: 31 28 N
LONGITUDE: 97 19 W
TEMPERATURE IN F: :PCPN: SNOW: WIND :SUNSHINE: SKY :PK WND
================================================================================
1 2 3 4 5 6A 6B 7 8 9 10 11 12 13 14 15 16 17 18
12Z AVG MX 2MIN
DY MAX MIN AVG DEP HDD CDD WTR SNW DPTH SPD SPD DIR MIN PSBL S-S WX SPD DR
================================================================================
1 92 74 83 1 0 18 0.00 M M 5.0 17 80 M M 1 24 60
2 87 73 80 -1 0 15 0.00 M M 5.5 9 130 M M 2 M M
3 90 76 83 2 0 18 0.00 M M 4.2 7 140 M M 0 M M
4 97 70 84 3 0 19 0.01 M M 7.9 24 20 M M 1 3 30 30
5 96 66 81 1 0 16 0.00 M M 5.8 12 180 M M 1 16 200
6 97 74 86 6 0 21 0.16 M M 6.2 20 320 M M 2 3 27 140
7 95 72 84 4 0 19 0.00 M M 4.9 18 90 M M 1 22 150
8 92 69 81 1 0 16 0.00 M M 4.2 10 50 M M 1 M M
9 92 71 82 3 0 17 0.00 M M 6.4 8 70 M M 1 M M
10 92 69 81 2 0 16 0.00 M M 4.2 9 40 M M 3 M M
11 87 66 77 -2 0 12 0.00 M M 8.5 15 10 M M 0 21 360
12 88 64 76 -2 0 11 0.00 M M 5.9 10 40 M M 0 M M
13 94 67 81 3 0 16 0.00 M M 6.1 12 170 M M 1 16 160
14 92 67 80 2 0 15 0.00 M M 7.4 13 110 M M 2 16 60
15 92 59 76 -1 0 11 0.00 M M 6.0 13 130 M M 1 17 99
16 95 70 83 6 0 18 0.00 M M 8.3 14 150 M M 1 17 150
17 97 76 87 10 0 22 0.00 M M 11.6 16 180 M M 5 21 160
18 97 74 86 10 0 21 0.00 M M 9.3 14 130 M M 1 18 130
19 96 82 89 13 0 24 0.00 M M 7.7 12 140 M M 0 20 130
20 99 73 86 10 0 21 0.00 M M 7.4 14 130 M M 0 18 130
21 99 84 92 17 0 27 0.00 M M 8.3 14 130 M M 0 18 140
22 99 68 84 9 0 19 0.00 M M 3.7 9 360 M M 0 M M
23 101 68 85 11 0 20 0.00 M M 5.9 13 180 M M 0 18 180
24 97 71 84 10 0 19 0.00 M M 8.2 14 170 M M 0 18 170
25 98 74 86 12 0 21 0.00 M M 6.2 12 30 M M 0 M M
26 89 59 74 1 0 9 0.00 M M 9.5 17 360 M M 0 24 360
27 92 52 72 -1 0 7 0.00 M M 3.5 9 60 M M 0 16 99
28 92 58 75 2 0 10 0.00 M M 5.2 15 150 M M 0 M M
29 91 60 76 4 0 11 0.00 M M 6.9 15 140 M M 0 M M
30 85 56 71 -1 0 6 0.00 M M 5.4 10 50 M M 0 8 M M
================================================================================
SM 2810 2062 0 495 0.17 M 195.4 M 24
================================================================================
AV 93.7 68.7 6.5 FASTST M M 1 MAX(MPH)
MISC ----> 24 20 30 30
================================================================================
NOTES:
# LAST OF SEVERAL OCCURRENCES
COLUMN 17 PEAK WIND IN M.P.H.
PRELIMINARY LOCAL CLIMATOLOGICAL DATA (WS FORM: F-6) , PAGE 2
STATION: WACO MCGREGOR
MONTH: SEPTEMBER
YEAR: 2022
LATITUDE: 31 28 N
LONGITUDE: 97 19 W
[TEMPERATURE DATA] [PRECIPITATION DATA] SYMBOLS USED IN COLUMN 16
AVERAGE MONTHLY: 81.2 TOTAL FOR MONTH: 0.17 1 = FOG OR MIST
DPTR FM NORMAL: 4.2 DPTR FM NORMAL: -2.66 2 = FOG REDUCING VISIBILITY
HIGHEST: 101 ON 23 GRTST 24HR 0.25 ON 6- 6 TO 1/4 MILE OR LESS
LOWEST: 52 ON 27 3 = THUNDER
SNOW, ICE PELLETS, HAIL 4 = ICE PELLETS
TOTAL MONTH: M 5 = HAIL
GRTST 24HR M ON M 6 = FREEZING RAIN OR DRIZZLE
GRTST DEPTH: M ON M 7 = DUSTSTORM OR SANDSTORM:
VSBY 1/2 MILE OR LESS
8 = SMOKE OR HAZE
[NO. OF DAYS WITH] [WEATHER - DAYS WITH] 9 = BLOWING SNOW
X = TORNADO
MAX 32 OR BELOW: 0 0.01 INCH OR MORE: 2
MAX 90 OR ABOVE: 25 0.10 INCH OR MORE: 1
MIN 32 OR BELOW: 0 0.50 INCH OR MORE: 0
MIN 0 OR BELOW: 0 1.00 INCH OR MORE: 0
[HDD (BASE 65) ]
TOTAL THIS MO. 0 CLEAR (SCALE 0-3) 29
DPTR FM NORMAL -7 PTCLDY (SCALE 4-7) 1
TOTAL FM JUL 1 0 CLOUDY (SCALE 8-10) 0
DPTR FM NORMAL -5
[CDD (BASE 65) ]
TOTAL THIS MO. 495
DPTR FM NORMAL 128 [PRESSURE DATA]
TOTAL FM JAN 1 3263 HIGHEST SLP 30.26 ON 28
DPTR FM NORMAL 958 LOWEST SLP 29.72 ON 9
[REMARKS]
#FINAL-09-22#