000
CXUS54 KFWD 010731
CF6PWG
PRELIMINARY LOCAL CLIMATOLOGICAL DATA (WS FORM: F-6)
STATION: WACO MCGREGOR
MONTH: OCTOBER
YEAR: 2023
LATITUDE: 31 28 N
LONGITUDE: 97 19 W
TEMPERATURE IN F: :PCPN: SNOW: WIND :SUNSHINE: SKY :PK WND
================================================================================
1 2 3 4 5 6A 6B 7 8 9 10 11 12 13 14 15 16 17 18
12Z AVG MX 2MIN
DY MAX MIN AVG DEP HDD CDD WTR SNW DPTH SPD SPD DIR MIN PSBL S-S WX SPD DR
================================================================================
1 91 64 78 6 0 13 0.00 M M 5.4 14 100 M M 0 18 90
2 91 65 78 7 0 13 0.00 M M 5.1 12 110 M M 0 16 130
3 92 65 79 8 0 14 0.00 M M 7.2 21 130 M M 2 30 130
4 96 70 83 12 0 18 1.11 M M 10.8 26 350 M M 4 13 32 350
5 79 69 74 4 0 9 0.27 M M 6.3 17 40 M M 7 13 24 30
6 84 65 75 5 0 10 0.00 M M 6.0 14 30 M M 0 16 60
7 72 53 63 -7 2 0 0.00 M M 9.8 17 360 M M 0 22 10
8 80 49 65 -5 0 0 0.00 M M 4.5 10 170 M M 0 M M
9 86 54 70 1 0 5 0.00 M M 8.2 15 180 M M 0 21 180
10 82 64 73 4 0 8 0.00 M M 10.6 18 160 M M 2 23 170
11 73 65 69 1 0 4 0.02 M M 10.8 17 150 M M 6 8 M M
12 83 63 73 5 0 8 0.00 M M 13.9 23 170 M M 8 1 31 200
13 85 60 73 5 0 8 0.00 M M 11.0 17 350 M M 4 23 330
14 75 53 64 -4 1 0 0.00 M M 8.7 17 340 M M 0 22 340
15 71 49 60 -7 5 0 0.00 M M 10.8 20 360 M M 0 29 330
16 70 44 57 -10 8 0 0.00 M M 8.1 20 360 M M 0 28 340
17 77 39 58 -9 7 0 0.00 M M 4.4 9 170 M M 0 M M
18 84 52 68 2 0 3 0.00 M M 12.1 22 170 M M 0 33 160
19 86 56 71 5 0 6 0.00 M M 7.3 15 10 M M 0 M M
20 94 54 74 8 0 9 0.00 M M 6.1 13 360 M M 0 8 17 250
21 92 52 72 6 0 7 0.00 M M 4.3 10 170 M M 0 M M
22 88 66 77 12 0 12 0.00 M M 8.3 18 130 M M 0 M M
23 81 70 76 11 0 11 0.40 M M 10.3 16 180 M M 5 1 22 180
24 78 70 74 9 0 9 0.12 M M 12.1 16 150 M M 9 1 24 150
25 84 71 78 14 0 13 0.01 M M 13.7 21 160 M M 8 1 26 160
26 82 66 74 10 0 9 1.41 M M 10.2 18 170 M M 7 1 23 170
27 86 72 79 15 0 14 4.75 M M 8.8 25 100 M M 7 13 39 110
28 82 69 76 13 0 11 0.35 M M 6.1 12 160 M M 8 1 M M
29 70 41 56 -7 9 0 0.18 M M 14.7 24 340 M M 10 1 32 340
30 50 39 45 -18 20 0 0.66 M M 14.1 23 350 M M 6 1 31 350
31 59 36 48 -14 17 0 0.00 M M 8.2 14 360 M M 1 18 30
================================================================================
SM 2503 1805 69 214 9.28 M 277.9 M 94
================================================================================
AV 80.7 58.2 9.0 FASTST M M 3 MAX(MPH)
MISC ----> 26 350 39 110
================================================================================
NOTES:
# LAST OF SEVERAL OCCURRENCES
COLUMN 17 PEAK WIND IN M.P.H.
PRELIMINARY LOCAL CLIMATOLOGICAL DATA (WS FORM: F-6) , PAGE 2
STATION: WACO MCGREGOR
MONTH: OCTOBER
YEAR: 2023
LATITUDE: 31 28 N
LONGITUDE: 97 19 W
[TEMPERATURE DATA] [PRECIPITATION DATA] SYMBOLS USED IN COLUMN 16
AVERAGE MONTHLY: 69.5 TOTAL FOR MONTH: 9.28 1 = FOG OR MIST
DPTR FM NORMAL: 2.4 DPTR FM NORMAL: 5.10 2 = FOG REDUCING VISIBILITY
HIGHEST: 96 ON 4 GRTST 24HR 5.09 ON 27-28 TO 1/4 MILE OR LESS
LOWEST: 36 ON 31 3 = THUNDER
SNOW, ICE PELLETS, HAIL 4 = ICE PELLETS
TOTAL MONTH: M 5 = HAIL
GRTST 24HR M ON M 6 = FREEZING RAIN OR DRIZZLE
GRTST DEPTH: M ON M 7 = DUSTSTORM OR SANDSTORM:
VSBY 1/2 MILE OR LESS
8 = SMOKE OR HAZE
[NO. OF DAYS WITH] [WEATHER - DAYS WITH] 9 = BLOWING SNOW
X = TORNADO
MAX 32 OR BELOW: 0 0.01 INCH OR MORE: 11
MAX 90 OR ABOVE: 6 0.10 INCH OR MORE: 9
MIN 32 OR BELOW: 0 0.50 INCH OR MORE: 4
MIN 0 OR BELOW: 0 1.00 INCH OR MORE: 3
[HDD (BASE 65) ]
TOTAL THIS MO. 69 CLEAR (SCALE 0-3) 18
DPTR FM NORMAL -2 PTCLDY (SCALE 4-7) 10
TOTAL FM JUL 1 69 CLOUDY (SCALE 8-10) 3
DPTR FM NORMAL -9
[CDD (BASE 65) ]
TOTAL THIS MO. 214
DPTR FM NORMAL 80 [PRESSURE DATA]
TOTAL FM JAN 1 3422 HIGHEST SLP 30.43 ON 30
DPTR FM NORMAL 983 LOWEST SLP 29.59 ON 12
[REMARKS]
#FINAL-10-23#