000
CXUS53 KUNR 011030
CF6RAP
PRELIMINARY LOCAL CLIMATOLOGICAL DATA (WS FORM: F-6)
STATION: RAPID CITY AIRPORT SD
MONTH: NOVEMBER
YEAR: 2023
LATITUDE: 44 2 N
LONGITUDE: 103 4 W
TEMPERATURE IN F: :PCPN: SNOW: WIND :SUNSHINE: SKY :PK WND
================================================================================
1 2 3 4 5 6A 6B 7 8 9 10 11 12 13 14 15 16 17 18
12Z AVG MX 2MIN
DY MAX MIN AVG DEP HDD CDD WTR SNW DPTH SPD SPD DIR MIN PSBL S-S WX SPD DR
================================================================================
1 55 23 39 -1 26 0 0.00 M M 2.2 10 320 M M 0 14 20
2 66 21 44 4 21 0 0.00 M M 6.6 15 60 M M 1 8 21 60
3 56 35 46 7 19 0 T M M 6.5 16 360 M M 6 22 330
4 64 36 50 11 15 0 0.05 M M 7.5 20 200 M M 2 25 260
5 76 33 55 16 10 0 0.00 M M 7.1 38 340 M M 1 51 330
6 59 34 47 9 18 0 0.00 M M 3.8 12 110 M M 0 16 90
7 59 34 47 9 18 0 0.00 M M 4.9 16 340 M M 3 21 350
8 50 25 38 0 27 0 0.00 M M 14.2 35 330 M M 0 48 320
9 48 20 34 -3 31 0 0.00 M M 11.9 30 330 M M 1 39 330
10 47 19 33 -4 32 0 0.00 M M 4.0 12 130 M M 0 17 130
11 54 22 38 2 27 0 0.00 M M 3.7 15 340 M M 0 19 340
12 62 29 46 10 19 0 0.00 M M 6.2 21 350 M M 0 29 360
13 71 28 50 14 15 0 0.00 M M 10.9 25 190 M M 0 36 180
14 59 29 44 9 21 0 0.00 M M 7.1 29 340 M M 0 40 340
15 71 27 49 14 16 0 0.00 M M 5.3 15 220 M M 0 8 19 230
16 51 23 37 3 28 0 0.00 M M 13.3 41 340 M M 0 53 350
17 61 21 41 7 24 0 0.00 M M 4.1 22 330 M M 0 27 320
18 61 28 45 11 20 0 0.00 M M 4.0 10 330 M M 0 16 100
19 50 30 40 7 25 0 T M M 6.9 12 350 M M 4 14 330
20 51 32 42 9 23 0 0.07 M M 22.6 43 320 M M 5 1 56 320
21 52 23 38 6 27 0 0.00 M M 3.8 12 310 M M 0 15 310
22 65 29 47 15 18 0 T M M 13.2 31 330 M M 1 39 330
23 37 19 28 -4 37 0 T M M 10.3 15 60 M M 10 20 60
24 20 13 17 -14 48 0 0.01 M M 7.9 14 180 M M 10 18 17 180
25 36 11 24 -7 41 0 0.04 M M 4.3 36 330 M M 7 1 48 330
26 39 16 28 -3 37 0 T M M 18.5 41 330 M M 3 52 330
27 44 16 30 0 35 0 0.00 M M 9.1 29 320 M M 2 39 330
28 56 16 36 6 29 0 0.00 M M 6.7 23 320 M M 0 28 310
29 58 14 36 6 29 0 0.00 M M 12.1 28 350 M M 0 37 340
30 39 21 30 1 35 0 0.00 M M 6.6 18 340 M M 1 25 340
================================================================================
SM 1617 727 771 0 0.17 M 245.3 M 57
================================================================================
AV 53.9 24.2 8.2 FASTST M M 2 MAX(MPH)
MISC ----> 43 320 56 320
================================================================================
NOTES:
# LAST OF SEVERAL OCCURRENCES
COLUMN 17 PEAK WIND IN M.P.H.
PRELIMINARY LOCAL CLIMATOLOGICAL DATA (WS FORM: F-6) , PAGE 2
STATION: RAPID CITY AIRPORT SD
MONTH: NOVEMBER
YEAR: 2023
LATITUDE: 44 2 N
LONGITUDE: 103 4 W
[TEMPERATURE DATA] [PRECIPITATION DATA] SYMBOLS USED IN COLUMN 16
AVERAGE MONTHLY: 39.1 TOTAL FOR MONTH: 0.17 1 = FOG OR MIST
DPTR FM NORMAL: 4.5 DPTR FM NORMAL: -0.30 2 = FOG REDUCING VISIBILITY
HIGHEST: 76 ON 5 GRTST 24HR 0.07 ON 20-20 TO 1/4 MILE OR LESS
LOWEST: 11 ON 25 3 = THUNDER
SNOW, ICE PELLETS, HAIL 4 = ICE PELLETS
TOTAL MONTH: M 5 = HAIL
GRTST 24HR M ON M 6 = FREEZING RAIN OR DRIZZLE
GRTST DEPTH: M ON M 7 = DUSTSTORM OR SANDSTORM:
VSBY 1/2 MILE OR LESS
8 = SMOKE OR HAZE
[NO. OF DAYS WITH] [WEATHER - DAYS WITH] 9 = BLOWING SNOW
X = TORNADO
MAX 32 OR BELOW: 1 0.01 INCH OR MORE: 4
MAX 90 OR ABOVE: 0 0.10 INCH OR MORE: 0
MIN 32 OR BELOW: 25 0.50 INCH OR MORE: 0
MIN 0 OR BELOW: 0 1.00 INCH OR MORE: 0
[HDD (BASE 65) ]
TOTAL THIS MO. 771 CLEAR (SCALE 0-3) 24
DPTR FM NORMAL -141 PTCLDY (SCALE 4-7) 4
TOTAL FM JUL 1 1482 CLOUDY (SCALE 8-10) 2
DPTR FM NORMAL -203
[CDD (BASE 65) ]
TOTAL THIS MO. 0
DPTR FM NORMAL 0 [PRESSURE DATA]
TOTAL FM JAN 1 555 HIGHEST SLP 30.66 ON 24
DPTR FM NORMAL -52 LOWEST SLP 29.53 ON 5
[REMARKS]
#FINAL-11-23#