000
CXUS53 KUNR 011534
CLMRAP
CLIMATE REPORT
NATIONAL WEATHER SERVICE RAPID CITY SD
934 AM MDT SAT JUL 01 2023
...................................
...THE RAPID CITY AIRPORT SD CLIMATE SUMMARY FOR THE MONTH OF JUNE 2023...
CLIMATE NORMAL PERIOD 1991 TO 2020
CLIMATE RECORD PERIOD 1942 TO 2023
WEATHER OBSERVED NORMAL DEPART LAST YEAR`S
VALUE DATE(S) VALUE FROM VALUE DATE(S)
NORMAL
................................................................
TEMPERATURE (F)
RECORD
HIGH 109 06/26/2012
06/29/2002
LOW 23 06/09/2021
HIGHEST 87 06/08 102 06/29
06/19
LOWEST 43 06/17 39 06/01
AVG. MAXIMUM 76.2 77.6 -1.4 79.8
AVG. MINIMUM 53.3 51.6 1.7 50.2
MEAN 64.8 64.6 0.2 65.0
DAYS MAX >= 90 0 5
DAYS MAX <= 32 0 0
DAYS MIN <= 32 0 0
DAYS MIN <= 0 0 0
PRECIPITATION (INCHES)
RECORD
MAXIMUM 7.12 2015
MINIMUM 0.42 2002
TOTALS 3.93 2.87 1.06 2.67
DAILY AVG. 0.13 0.10 0.03 0.09
DAYS >= .01 11 MM
DAYS >= .10 7 MM
DAYS >= .50 3 MM
DAYS >= 1.00 1 MM
GREATEST
24 HR. TOTAL 1.94 06/09 TO 06/10 0.65
DEGREE DAYS
HEATING TOTAL 44 93 -49 95
SINCE 7/1 7351 7252 99 MM
COOLING TOTAL 42 81 -39 101
SINCE 1/1 51 93 -42 MM
................................................................
WIND (MPH)
AVERAGE WIND SPEED 8.8
HIGHEST WIND SPEED/DIRECTION 37/320 DATE 06/23
37/340 06/27
HIGHEST GUST SPEED/DIRECTION 51/330 DATE 06/27
AVERAGE RH (PERCENT) 72
WEATHER CONDITIONS. NUMBER OF DAYS WITH
THUNDERSTORM 11 MIXED PRECIP 0
HEAVY RAIN 5 RAIN 6
LIGHT RAIN 13 FREEZING RAIN 0
LT FREEZING RAIN 0 HAIL 1
HEAVY SNOW 0 SNOW 0
LIGHT SNOW 0 SLEET 0
FOG 14 FOG W/VIS <= 1/4 MILE 2
HAZE 5
- INDICATES NEGATIVE NUMBERS.
R INDICATES RECORD WAS SET OR TIED.
MM INDICATES DATA IS MISSING.
T INDICATES TRACE AMOUNT.
$$