000
CXUS56 KMFR 010930
CF6RBG
PRELIMINARY LOCAL CLIMATOLOGICAL DATA (WS FORM: F-6)
STATION: ROSEBURG OR
MONTH: AUGUST
YEAR: 2021
LATITUDE: 43 13 N
LONGITUDE: 123 22 W
TEMPERATURE IN F: :PCPN: SNOW: WIND :SUNSHINE: SKY :PK WND
================================================================================
1 2 3 4 5 6A 6B 7 8 9 10 11 12 13 14 15 16 17 18
12Z AVG MX 2MIN
DY MAX MIN AVG DEP HDD CDD WTR SNW DPTH SPD SPD DIR MIN PSBL S-S WX SPD DR
================================================================================
1 99 65 82 9 0 17 0.03 M M 5.3 16 70 M M 0 3 21 80
2 99 66 83 10 0 18 0.00 M M 4.0 14 300 M M 0 23 10
3 93 60 77 4 0 12 0.00 M M 4.8 13 20 M M 0 16 10
4 95 64 80 7 0 15 0.00 M M 2.7 14 20 M M 0 8 18 10
5 79 62 71 -2 0 6 0.00 M M 3.5 12 340 M M 1 15 310
6 90 57 74 1 0 9 0.00 M M 4.0 14 320 M M 1 8 19 320
7 93 63 78 5 0 13 0.00 M M 5.8 17 360 M M 1 27 330
8 83 61 72 0 0 7 0.00 M M 10.4 22 10 M M 4 29 10
9 88 58 73 1 0 8 0.00 M M 6.3 18 20 M M 0 24 10
10 98 58 78 6 0 13 0.00 M M 4.0 17 10 M M 0 8 22 20
11 100 64 82 10 0 17 0.00 M M 0.8 8 310 M M 5 8 12 310
12 102 67 85 13 0 20 0.00 M M 2.1 13 320 M M 2 8 19 300
13 91 70 81 9 0 16 0.00 M M 3.3 12 20 M M 0 8 15 20
14 96 65 81 9 0 16 0.00 M M 2.7 12 10 M M 0 8 17 320
15 97 66 82 10 0 17 0.00 M M 3.4 15 320 M M 0 22 320
16 89 60 75 3 0 10 0.00 M M 5.8 14 340 M M 0 20 340
17 76 58 67 -5 0 2 0.01 M M 6.7 17 20 M M 6 1 23 360
18 86 53 70 -1 0 5 0.00 M M 5.5 18 10 M M 0 24 20
19 85 56 71 0 0 6 0.00 M M 5.1 18 20 M M 0 24 10
20 81 60 71 0 0 6 0.00 M M 6.3 18 10 M M 5 25 10
21 80 55 68 -3 0 3 0.00 M M 4.3 15 10 M M 4 23 10
22 79 53 66 -5 0 1 0.00 M M 5.0 16 20 M M 2 20 10
23 78 51 65 -6 0 0 0.00 M M 6.9 21 10 M M 0 25 20
24 82 49 66 -5 0 1 0.00 M M 3.5 14 310 M M 1 8 20 340
25 83 52 68 -2 0 3 0.00 M M 3.4 15 10 M M 0 21 10
26 86 55 71 1 0 6 0.00 M M 4.3 15 350 M M 2 23 350
27 81 62 72 2 0 7 0.00 M M 9.9 21 20 M M 5 8 29 10
28 87 54 71 1 0 6 0.00 M M 5.3 18 360 M M 0 8 26 10
29 91 55 73 3 0 8 0.00 M M 4.9 14 300 M M 0 25 320
30 78 56 67 -3 0 2 0.00 M M 6.0 15 330 M M 4 22 10
31 78 50 64 -6 1 0 0.00 M M 6.9 21 10 M M 0 27 10
================================================================================
SM 2723 1825 1 270 0.04 M 152.9 M 43
================================================================================
AV 87.8 58.9 4.9 FASTST M M 1 MAX(MPH)
MISC ----> 22 10 # 29 10
================================================================================
NOTES:
# LAST OF SEVERAL OCCURRENCES
COLUMN 17 PEAK WIND IN M.P.H.
PRELIMINARY LOCAL CLIMATOLOGICAL DATA (WS FORM: F-6) , PAGE 2
STATION: ROSEBURG OR
MONTH: AUGUST
YEAR: 2021
LATITUDE: 43 13 N
LONGITUDE: 123 22 W
[TEMPERATURE DATA] [PRECIPITATION DATA] SYMBOLS USED IN COLUMN 16
AVERAGE MONTHLY: 73.4 TOTAL FOR MONTH: 0.04 1 = FOG OR MIST
DPTR FM NORMAL: 1.9 DPTR FM NORMAL: -0.19 2 = FOG REDUCING VISIBILITY
HIGHEST: 102 ON 12 GRTST 24HR 0.03 ON 1- 1 TO 1/4 MILE OR LESS
LOWEST: 49 ON 24 3 = THUNDER
SNOW, ICE PELLETS, HAIL 4 = ICE PELLETS
TOTAL MONTH: M 5 = HAIL
GRTST 24HR M ON M 6 = FREEZING RAIN OR DRIZZLE
GRTST DEPTH: M ON M 7 = DUSTSTORM OR SANDSTORM:
VSBY 1/2 MILE OR LESS
8 = SMOKE OR HAZE
[NO. OF DAYS WITH] [WEATHER - DAYS WITH] 9 = BLOWING SNOW
X = TORNADO
MAX 32 OR BELOW: 0 0.01 INCH OR MORE: 2
MAX 90 OR ABOVE: 13 0.10 INCH OR MORE: 0
MIN 32 OR BELOW: 0 0.50 INCH OR MORE: 0
MIN 0 OR BELOW: 0 1.00 INCH OR MORE: 0
[HDD (BASE 65) ]
TOTAL THIS MO. 1 CLEAR (SCALE 0-3) 24
DPTR FM NORMAL -4 PTCLDY (SCALE 4-7) 7
TOTAL FM JUL 1 1 CLOUDY (SCALE 8-10) 0
DPTR FM NORMAL -6
[CDD (BASE 65) ]
TOTAL THIS MO. 270
DPTR FM NORMAL 63 [PRESSURE DATA]
TOTAL FM JAN 1 836 HIGHEST SLP M ON M
DPTR FM NORMAL 324 LOWEST SLP 29.80 ON 21
[REMARKS]
#FINAL-08-21#