000
CXUS56 KSTO 011301
CF6RBL
PRELIMINARY LOCAL CLIMATOLOGICAL DATA (WS FORM: F-6)
STATION: RED BLUFF
MONTH: MARCH
YEAR: 2024
LATITUDE: 40 8 N
LONGITUDE: 122-15 E
TEMPERATURE IN F: :PCPN: SNOW: WIND :SUNSHINE: SKY :PK WND
================================================================================
1 2 3 4 5 6A 6B 7 8 9 10 11 12 13 14 15 16 17 18
12Z AVG MX 2MIN
DY MAX MIN AVG DEP HDD CDD WTR SNW DPTH SPD SPD DIR MIN PSBL S-S WX SPD DR
================================================================================
1 56 46 51 -2 14 0 0.05 M M 21.4 33 160 M M 8 44 160
2 52 37 45 -8 20 0 T M M 14.3 30 210 M M 5 42 210
3 54 34 44 -9 21 0 0.05 M M 8.4 25 190 M M 5 35 180
4 52 32 42 -11 23 0 0.02 M M 11.2 24 150 M M 7 12 32 150
5 56 48 52 -1 13 0 0.02 M M 17.2 31 150 M M 10 42 150
6 60 47 54 0 11 0 0.13 M M 3.4 13 170 M M 10 15 170
7 64 41 53 -1 12 0 0.00 M M 12.5 24 350 M M 0 35 340
8 67 40 54 0 11 0 0.00 M M 6.3 13 360 M M 0 18 310
9 60 42 51 -3 14 0 T M M 10.4 21 170 M M 3 27 160
10 58 44 51 -3 14 0 0.41 0.0 M 11.9 26 160 M M 6 1 35 140
11 57 47 52 -2 13 0 0.20 0.0 M 8.9 18 170 M M 10 1 26 150
12 59 46 53 -1 12 0 0.03 M M 9.6 25 160 M M 8 1 34 160
13 65 41 53 -1 12 0 0.00 M M 11.5 24 360 M M 0 33 340
14 69 49 59 5 6 0 0.00 M M 14.8 25 350 M M 0 36 350
15 75 46 61 6 4 0 0.00 M M 10.5 20 360 M M 0 27 330
16 74 40 57 2 8 0 0.00 M M 4.5 12 330 M M 0 14 330
17 81 43 62 7 3 0 0.00 M M 4.6 13 360 M M 0 8 16 10
18 75 45 60 5 5 0 0.00 M M 2.8 8 300 M M 0 11 180
19 75 46 61 6 4 0 0.00 M M 4.0 8 210 M M 0 11 180
20 72 47 60 5 5 0 0.00 M M 6.9 16 170 M M 1 21 190
21 69 46 58 3 7 0 0.00 M M 3.9 12 200 M M 0 17 210
22 69 47 58 3 7 0 0.42 M M 14.4 37 160 M M 4 1 48 170
23 57 47 52 -4 13 0 0.29 M M 17.1 32 160 M M 8 3 43 160
24 65 46 56 0 9 0 T M M 5.8 15 10 M M 4 19 10
25 65 41 53 -3 12 0 0.00 M M 5.3 16 160 M M 2 20 150
26 66 42 54 -2 11 0 0.00 0.0 M 4.2 12 190 M M 3 16 180
27 55 50 53 -3 12 0 0.75 0.0 M 16.4 36 150 M M 9 1 48 150
28 62 45 54 -2 11 0 0.00 0.0 M 12.3 24 160 M M 5 34 170
29 53 43 48 -8 17 0 0.40 M M 8.9 22 130 M M 8 1 29 130
30 62 46 54 -2 11 0 0.07 M M 4.7 12 70 M M 7 1 14 360
31 67 40 54 -2 11 0 0.00 0.0 M 4.5 13 330 M M 1 12 18 340
================================================================================
SM 1971 1354 346 0 2.84 0.0 292.6 M 124
================================================================================
AV 63.6 43.7 9.4 FASTST M M 4 MAX(MPH)
MISC ----> 37 160 # 48 150
================================================================================
NOTES:
# LAST OF SEVERAL OCCURRENCES
COLUMN 17 PEAK WIND IN M.P.H.
PRELIMINARY LOCAL CLIMATOLOGICAL DATA (WS FORM: F-6) , PAGE 2
STATION: RED BLUFF
MONTH: MARCH
YEAR: 2024
LATITUDE: 40 8 N
LONGITUDE: 122-15 E
[TEMPERATURE DATA] [PRECIPITATION DATA] SYMBOLS USED IN COLUMN 16
AVERAGE MONTHLY: 53.6 TOTAL FOR MONTH: 2.84 1 = FOG OR MIST
DPTR FM NORMAL: -1.1 DPTR FM NORMAL: -0.07 2 = FOG REDUCING VISIBILITY
HIGHEST: 81 ON 17 GRTST 24HR 0.75 ON 27-27 TO 1/4 MILE OR LESS
LOWEST: 32 ON 4 3 = THUNDER
SNOW, ICE PELLETS, HAIL 4 = ICE PELLETS
TOTAL MONTH: 0.0 INCH 5 = HAIL
GRTST 24HR 0.0 6 = FREEZING RAIN OR DRIZZLE
GRTST DEPTH: M ON M 7 = DUSTSTORM OR SANDSTORM:
VSBY 1/2 MILE OR LESS
8 = SMOKE OR HAZE
[NO. OF DAYS WITH] [WEATHER - DAYS WITH] 9 = BLOWING SNOW
X = TORNADO
MAX 32 OR BELOW: 0 0.01 INCH OR MORE: 13
MAX 90 OR ABOVE: 0 0.10 INCH OR MORE: 7
MIN 32 OR BELOW: 1 0.50 INCH OR MORE: 1
MIN 0 OR BELOW: 0 1.00 INCH OR MORE: 0
[HDD (BASE 65) ]
TOTAL THIS MO. 346 CLEAR (SCALE 0-3) 15
DPTR FM NORMAL 24 PTCLDY (SCALE 4-7) 10
TOTAL FM JUL 1 2018 CLOUDY (SCALE 8-10) 6
DPTR FM NORMAL -256
[CDD (BASE 65) ]
TOTAL THIS MO. 0
DPTR FM NORMAL -3 [PRESSURE DATA]
TOTAL FM JAN 1 0 HIGHEST SLP 30.28 ON 13
DPTR FM NORMAL -3 LOWEST SLP 29.52 ON 1
[REMARKS]
#FINAL-03-24#