000
CXUS56 KSTO 020954
CF6RBL
PRELIMINARY LOCAL CLIMATOLOGICAL DATA (WS FORM: F-6)
STATION: RED BLUFF
MONTH: JULY
YEAR: 2023
LATITUDE: 40 8 N
LONGITUDE: 122-15 E
TEMPERATURE IN F: :PCPN: SNOW: WIND :SUNSHINE: SKY :PK WND
================================================================================
1 2 3 4 5 6A 6B 7 8 9 10 11 12 13 14 15 16 17 18
12Z AVG MX 2MIN
DY MAX MIN AVG DEP HDD CDD WTR SNW DPTH SPD SPD DIR MIN PSBL S-S WX SPD DR
================================================================================
1 108 73 91 11 0 26 0.00 M M 6.5 16 140 M M 0 21 90
2 108 74 91 10 0 26 0.00 M M 6.6 16 160 M M 0 21 160
3 103 69 86 5 0 21 0.00 M M 6.8 15 190 M M 0 19 160
4 100 68 84 3 0 19 0.00 M M 6.9 18 140 M M 0 22 140
5 95 68 82 1 0 17 0.00 M M 7.5 18 170 M M 0 23 160
6 93 65 79 -3 0 14 0.00 M M 7.7 17 180 M M 0 22 190
7 92 65 79 -3 0 14 0.00 M M 8.7 17 180 M M 0 23 150
8 92 65 79 -3 0 14 0.00 M M 7.4 15 160 M M 0 20 130
9 87 61 74 -8 0 9 0.00 M M 9.5 18 160 M M 0 22 180
10 94 61 78 -4 0 13 0.00 M M 5.3 12 160 M M 0 16 150
11 98 65 82 0 0 17 0.00 M M 6.3 15 160 M M 0 19 170
12 97 70 84 2 0 19 0.00 M M 7.0 16 170 M M 0 24 150
13 100 67 84 2 0 19 0.00 M M 3.6 10 140 M M 0 16 130
14 108 65 87 5 0 22 0.00 M M 5.3 12 20 M M 0 16 30
15 108 74 91 9 0 26 0.00 M M 5.0 12 160 M M 0 15 170
16 110 75 93 11 0 28 0.00 M M 6.6 16 150 M M 0 20 150
17 107 80 94 12 0 29 0.00 M M 7.9 16 130 M M 0 22 330
18 102 71 87 5 0 22 0.00 M M 6.4 21 170 M M 0 26 170
19 101 66 84 2 0 19 0.00 M M 4.9 18 150 M M 0 22 140
20 106 69 88 6 0 23 0.00 M M 5.4 13 160 M M 0 16 170
21 112 70 91 9 0 26 0.00 M M 6.8 15 180 M M 0 19 180
22 111 72 92 10 0 27 0.00 M M 8.7 17 350 M M 0 22 360
23 103 76 90 8 0 25 0.00 M M 7.7 17 160 M M 0 24 160
24 95 71 83 1 0 18 0.00 M M 8.3 18 140 M M 0 23 130
25 100 65 83 1 0 18 0.00 M M 4.8 14 170 M M 0 19 160
26 99 67 83 1 0 18 0.00 M M 7.7 18 140 M M 0 23 130
27 95 68 82 0 0 17 0.00 M M 7.6 18 150 M M 0 25 160
28 94 65 80 -2 0 15 0.00 M M 6.5 16 150 M M 0 21 180
29 96 66 81 -1 0 16 0.00 M M 7.0 18 140 M M 0 28 160
30 99 63 81 -1 0 16 0.00 M M 6.4 16 140 M M 0 21 150
31 99 63 81 -1 0 16 0.00 M M 6.4 15 140 M M 0 20 180
================================================================================
SM 3112 2117 0 609 0.00 M 209.2 M 0
================================================================================
AV100.4 68.3 6.7 FASTST M M 0 MAX(MPH)
MISC ----> 21 170 28 160
================================================================================
NOTES:
# LAST OF SEVERAL OCCURRENCES
COLUMN 17 PEAK WIND IN M.P.H.
PRELIMINARY LOCAL CLIMATOLOGICAL DATA (WS FORM: F-6) , PAGE 2
STATION: RED BLUFF
MONTH: JULY
YEAR: 2023
LATITUDE: 40 8 N
LONGITUDE: 122-15 E
[TEMPERATURE DATA] [PRECIPITATION DATA] SYMBOLS USED IN COLUMN 16
AVERAGE MONTHLY: 84.3 TOTAL FOR MONTH: 0.00 1 = FOG OR MIST
DPTR FM NORMAL: 2.3 DPTR FM NORMAL: -0.06 2 = FOG REDUCING VISIBILITY
HIGHEST: 112 ON 21 GRTST 24HR 0.00 ON 17-17 TO 1/4 MILE OR LESS
LOWEST: 61 ON 10, 9 3 = THUNDER
SNOW, ICE PELLETS, HAIL 4 = ICE PELLETS
TOTAL MONTH: M 5 = HAIL
GRTST 24HR M ON M 6 = FREEZING RAIN OR DRIZZLE
GRTST DEPTH: M ON M 7 = DUSTSTORM OR SANDSTORM:
VSBY 1/2 MILE OR LESS
8 = SMOKE OR HAZE
[NO. OF DAYS WITH] [WEATHER - DAYS WITH] 9 = BLOWING SNOW
X = TORNADO
MAX 32 OR BELOW: 0 0.01 INCH OR MORE: 0
MAX 90 OR ABOVE: 30 0.10 INCH OR MORE: 0
MIN 32 OR BELOW: 0 0.50 INCH OR MORE: 0
MIN 0 OR BELOW: 0 1.00 INCH OR MORE: 0
[HDD (BASE 65) ]
TOTAL THIS MO. 0 CLEAR (SCALE 0-3) 31
DPTR FM NORMAL 0 PTCLDY (SCALE 4-7) 0
TOTAL FM JUL 1 0 CLOUDY (SCALE 8-10) 0
DPTR FM NORMAL 0
[CDD (BASE 65) ]
TOTAL THIS MO. 609
DPTR FM NORMAL 82 [PRESSURE DATA]
TOTAL FM JAN 1 1227 HIGHEST SLP 30.02 ON 25
DPTR FM NORMAL 172 LOWEST SLP 29.69 ON 22
[REMARKS]
#FINAL-07-23#