000
CXUS53 KLOT 010800
CF6RFD
PRELIMINARY LOCAL CLIMATOLOGICAL DATA (WS FORM: F-6)
STATION: ROCKFORD IL
MONTH: JUNE
YEAR: 2022
LATITUDE: 42 12 N
LONGITUDE: 89 6 W
TEMPERATURE IN F: :PCPN: SNOW: WIND :SUNSHINE: SKY :PK WND
================================================================================
1 2 3 4 5 6A 6B 7 8 9 10 11 12 13 14 15 16 17 18
12Z AVG MX 2MIN
DY MAX MIN AVG DEP HDD CDD WTR SNW DPTH SPD SPD DIR MIN PSBL S-S WX SPD DR
================================================================================
1 76 61 69 3 0 4 T 0.0 0 7.8 15 350 M M 9 22 340
2 78 51 65 -1 0 0 0.00 0.0 0 6.7 18 360 M M 2 27 300
3 81 48 65 -2 0 0 0.00 0.0 0 8.7 23 300 M M 1 30 300
4 67 46 57 -10 8 0 0.03 0.0 0 4.5 13 360 M M 8 17 110
5 85 57 71 4 0 6 0.01 0.0 0 3.8 12 90 M M 9 8 18 80
6 80 60 70 2 0 5 0.58 0.0 0 6.7 17 360 M M 10 13 21 360
7 79 58 69 1 0 4 T 0.0 0 4.0 12 320 M M 7 16 330
8 68 50 59 -9 6 0 0.34 0.0 0 4.8 17 10 M M 8 13 24 10
9 79 49 64 -5 1 0 0.00 0.0 0 6.6 21 300 M M 4 12 28 310
10 76 51 64 -5 1 0 T 0.0 0 6.4 15 220 M M 7 21 210
11 74 55 65 -4 0 0 0.01 0.0 0 4.4 10 200 M M 9 18 15 180
12 80 60 70 0 0 5 0.00 0.0 0 4.5 12 90 M M 7 128 20 70
13 92 59 76 6 0 11 T 0.0 0 6.4 18 220 M M 7 26 150
14 98 68 83 13 0 18 0.00 0.0 0 11.1 24 190 M M 1 34 190
15 97 74 86 16 0 21 0.34 0.0 0 15.2 36 200 M M 5 138 50 230
16 91 66 79 8 0 14 0.00 0.0 0 9.9 25 250 M M 2 13 37 250
17 86 62 74 3 0 9 0.00 0.0 0 8.0 20 330 M M 2 27 330
18 80 52 66 -5 0 1 0.00 0.0 0 5.3 10 80 M M 2 15 70
19 86 46 66 -5 0 1 0.00 0.0 0 5.0 15 210 M M 3 19 190
20 95 60 78 6 0 13 0.00 0.0 0 9.4 18 220 M M 1 25 210
21 100 66 83 11 0 18 0.00 0.0 0 10.9 26 270 M M 2 42 290
22 90 65 78 6 0 13 0.00 0.0 0 8.8 20 300 M M 4 26 300
23 91 59 75 3 0 10 0.00 0.0 0 2.5 13 310 M M 2 16 300
24 92 59 76 4 0 11 0.00 0.0 0 4.8 15 210 M M 4 21 220
25 77 65 71 -1 0 6 0.90 0.0 0 8.4 25 190 M M 8 13 41 200
26 79 60 70 -3 0 5 0.00 0.0 0 13.4 24 310 M M 4 18 33 310
27 80 57 69 -4 0 4 0.00 0.0 0 7.7 22 320 M M 0 8 30 360
28 85 55 70 -3 0 5 T 0.0 0 7.4 20 200 M M 3 25 200
29 88 63 76 3 0 11 T 0.0 0 5.6 16 220 M M 2 25 220
30 92 69 81 8 0 16 0.00 0.0 0 12.6 24 210 M M 5 35 200
================================================================================
SM 2522 1751 16 211 2.21 0.0 221.3 M 138
================================================================================
AV 84.1 58.4 7.4 FASTST M M 5 MAX(MPH)
MISC ----> 36 200 50 230
================================================================================
NOTES:
# LAST OF SEVERAL OCCURRENCES
COLUMN 17 PEAK WIND IN M.P.H.
PRELIMINARY LOCAL CLIMATOLOGICAL DATA (WS FORM: F-6) , PAGE 2
STATION: ROCKFORD IL
MONTH: JUNE
YEAR: 2022
LATITUDE: 42 12 N
LONGITUDE: 89 6 W
[TEMPERATURE DATA] [PRECIPITATION DATA] SYMBOLS USED IN COLUMN 16
AVERAGE MONTHLY: 71.2 TOTAL FOR MONTH: 2.21 1 = FOG OR MIST
DPTR FM NORMAL: 1.1 DPTR FM NORMAL: -3.02 2 = FOG REDUCING VISIBILITY
HIGHEST: 100 ON 21 GRTST 24HR 0.90 ON 25-25 TO 1/4 MILE OR LESS
LOWEST: 46 ON 19, 4 3 = THUNDER
SNOW, ICE PELLETS, HAIL 4 = ICE PELLETS
TOTAL MONTH: 0.0 INCH 5 = HAIL
GRTST 24HR 0.0 6 = FREEZING RAIN OR DRIZZLE
GRTST DEPTH: 0 7 = DUSTSTORM OR SANDSTORM:
VSBY 1/2 MILE OR LESS
8 = SMOKE OR HAZE
[NO. OF DAYS WITH] [WEATHER - DAYS WITH] 9 = BLOWING SNOW
X = TORNADO
MAX 32 OR BELOW: 0 0.01 INCH OR MORE: 7
MAX 90 OR ABOVE: 10 0.10 INCH OR MORE: 4
MIN 32 OR BELOW: 0 0.50 INCH OR MORE: 2
MIN 0 OR BELOW: 0 1.00 INCH OR MORE: 0
[HDD (BASE 65) ]
TOTAL THIS MO. 16 CLEAR (SCALE 0-3) 13
DPTR FM NORMAL -11 PTCLDY (SCALE 4-7) 12
TOTAL FM JUL 1 6130 CLOUDY (SCALE 8-10) 5
DPTR FM NORMAL -363
[CDD (BASE 65) ]
TOTAL THIS MO. 211
DPTR FM NORMAL 29 [PRESSURE DATA]
TOTAL FM JAN 1 347 HIGHEST SLP M ON M
DPTR FM NORMAL 104 LOWEST SLP 29.65 ON 6
[REMARKS]
#FINAL-06-22#