000
CXUS53 KGRB 241320
CF6RHI
PRELIMINARY LOCAL CLIMATOLOGICAL DATA (WS FORM: F-6)
STATION: RHINELANDER WI
MONTH: JUNE
YEAR: 2022
LATITUDE: 45 37 N
LONGITUDE: 89 27 W
TEMPERATURE IN F: :PCPN: SNOW: WIND :SUNSHINE: SKY :PK WND
================================================================================
1 2 3 4 5 6A 6B 7 8 9 10 11 12 13 14 15 16 17 18
12Z AVG MX 2MIN
DY MAX MIN AVG DEP HDD CDD WTR SNW DPTH SPD SPD DIR MIN PSBL S-S WX SPD DR
================================================================================
1 69 50 60 1 5 0 0.00 0.0 0 7.5 16 300 M M 2 27 310
2 74 39 57 -3 8 0 0.03 0.0 0 7.2 30 270 M M 4 13 40 260
3 65 37 51 -9 14 0 0.00 0.0 0 8.8 22 270 M M 2 30 270
4 74 33 54 -6 11 0 0.00 0.0 0 8.4 17 240 M M 3 1 30 260
5 72 45 59 -1 6 0 0.00 0.0 0 4.9 15 220 M M 4 12 21 230
6 70 49 60 -1 5 0 0.10 0.0 0 3.7 13 60 M M 6 1 20 70
7 71 41 56 -5 9 0 0.00 0.0 0 3.2 10 300 M M 3 12 17 290
8 74 41 58 -3 7 0 0.04 0.0 0 2.0 17 280 M M 6 1 25 260
9 74 42 58 -3 7 0 0.00 0.0 0 4.8 17 300 M M 2 12 31 10
10 77 41 59 -3 6 0 0.00 0.0 0 4.1 13 290 M M 3 12 22 270
11 64 47 56 -6 9 0 0.15 0.0 0 4.3 15 220 M M 7 12 23 200
12 72 42 57 -5 8 0 0.00 0.0 0 5.7 12 100 M M 1 1 17 130
13 67 51 59 -3 6 0 0.11 0.0 0 7.8 16 110 M M 7 1 22 110
14 84 61 73 10 0 8 0.00 0.0 0 9.0 18 150 M M 5 1 28 160
15 80 57 69 6 0 4 1.21 0.0 0 8.2 26 270 M M 4 13 38 120
16 75 55 65 2 0 0 0.00 0.0 0 14.6 32 270 M M 3 48 280
17 74 45 60 -3 5 0 0.00 0.0 0 7.5 18 290 M M 0 29 10
18 73 42 58 -6 7 0 0.00 0.0 0 4.1 12 110 M M 0 16 110
19 78 51 65 1 0 0 T 0.0 0 8.7 17 190 M M 2 27 210
20 93 65 79 15 0 14 0.00 0.0 0 10.3 20 220 M M 0 30 230
21 89 65 77 13 0 12 0.00 0.0 0 11.3 22 270 M M 1 35 270
22 76 50 63 -1 2 0 0.00 0.0 0 7.0 16 280 M M 0 27 290
23 86 47 67 2 0 2 0.00 0.0 0 7.9 17 230 M M 0 25 230
24 88 63 76 11 0 11 0.02 0.0 0 6.0 15 220 M M 1 3 23 230
25 79 60 70 5 0 5 0.46 0.0 0 6.7 16 200 M M 6 138 24 220
26 66 50 58 -7 7 0 0.06 0.0 0 13.4 29 280 M M 5 45 270
27 73 44 59 -7 6 0 0.00 0.0 0 6.9 17 290 M M 1 25 290
28 77 49 63 -3 2 0 0.19 0.0 0 7.2 22 230 M M 4 123 34 230
29 73 47 60 -6 5 0 T 0.0 0 6.1 17 180 M M 4 12 29 190
30 83 65 74 8 0 9 0.06 0.0 0 13.3 22 220 M M 2 37 220
================================================================================
SM 2270 1474 135 65 2.43 0.0 220.6 M 88
================================================================================
AV 75.7 49.1 7.4 FASTST M M 3 MAX(MPH)
MISC ----> 32 270 48 280
================================================================================
NOTES:
# LAST OF SEVERAL OCCURRENCES
COLUMN 17 PEAK WIND IN M.P.H.
PRELIMINARY LOCAL CLIMATOLOGICAL DATA (WS FORM: F-6) , PAGE 2
STATION: RHINELANDER WI
MONTH: JUNE
YEAR: 2022
LATITUDE: 45 37 N
LONGITUDE: 89 27 W
[TEMPERATURE DATA] [PRECIPITATION DATA] SYMBOLS USED IN COLUMN 16
AVERAGE MONTHLY: 62.4 TOTAL FOR MONTH: 2.43 1 = FOG OR MIST
DPTR FM NORMAL: -0.5 DPTR FM NORMAL: -1.50 2 = FOG REDUCING VISIBILITY
HIGHEST: 93 ON 20 GRTST 24HR 1.21 ON 15-15 TO 1/4 MILE OR LESS
LOWEST: 33 ON 4 3 = THUNDER
SNOW, ICE PELLETS, HAIL 4 = ICE PELLETS
TOTAL MONTH: 0.0 INCH 5 = HAIL
GRTST 24HR 0.0 6 = FREEZING RAIN OR DRIZZLE
GRTST DEPTH: 0 7 = DUSTSTORM OR SANDSTORM:
VSBY 1/2 MILE OR LESS
8 = SMOKE OR HAZE
[NO. OF DAYS WITH] [WEATHER - DAYS WITH] 9 = BLOWING SNOW
X = TORNADO
MAX 32 OR BELOW: 0 0.01 INCH OR MORE: 11
MAX 90 OR ABOVE: 1 0.10 INCH OR MORE: 6
MIN 32 OR BELOW: 0 0.50 INCH OR MORE: 1
MIN 0 OR BELOW: 0 1.00 INCH OR MORE: 1
[HDD (BASE 65) ]
TOTAL THIS MO. 135 CLEAR (SCALE 0-3) 15
DPTR FM NORMAL 15 PTCLDY (SCALE 4-7) 15
TOTAL FM JUL 1 9028 CLOUDY (SCALE 8-10) 0
DPTR FM NORMAL 198
[CDD (BASE 65) ]
TOTAL THIS MO. 65
DPTR FM NORMAL 8 [PRESSURE DATA]
TOTAL FM JAN 1 110 HIGHEST SLP 30.35 ON 18
DPTR FM NORMAL 39 LOWEST SLP 29.61 ON 15
[REMARKS]
#FINAL-06-22#