000
CXUS53 KGRB 022334
CLARHI
CLIMATE REPORT...CORRECTION TO HEATING DEGREE DAYS
NATIONAL WEATHER SERVICE GREEN BAY
157 AM CST SAT JAN 01 2022
...................................
...THE RHINELANDER WI CLIMATE SUMMARY FOR THE YEAR OF 2021...
CLIMATE NORMAL PERIOD: 1991 TO 2020
CLIMATE RECORD PERIOD: 1908 TO 2021
WEATHER OBSERVED NORMAL DEPART LAST YEAR`S
VALUE DATE(S) VALUE FROM VALUE DATE(S)
NORMAL
................................................................
TEMPERATURE (F)
RECORD
HIGH 108 07/13/1936
LOW -42 02/03/1996
HIGHEST 94 06/08 92 07/04
LOWEST -33 02/15 -25 02/14
AVG. MAXIMUM 53.9 52.5 1.4 51.8
AVG. MINIMUM 31.5 30.4 1.1 31.5
MEAN 42.7 41.4 1.3 41.7
DAYS MAX >= 90 4 3.6 0.4 5
DAYS MAX <= 32 77 89.0 -12.0 85
DAYS MIN <= 32 183 185.0 -2.0 204
DAYS MIN <= 0 28 35.5 -7.5 22
PRECIPITATION (INCHES)
RECORD
MAXIMUM 43.15 2019
MINIMUM 16.90 1989
TOTALS 31.95 29.63 2.32 35.49
DAILY AVG. 0.09
DAYS >= .01 139 131.0 8.0 122
DAYS >= .10 70 63.7 6.3 74
DAYS >= .50 20 16.5 3.5 24
DAYS >= 1.00 3 4.9 -1.9 6
SNOWFALL (INCHES)
RECORDS
TOTAL 133.9 2019
TOTALS 76.5 MM MM 66.1
SINCE 7/1 42.7 MM MM MM
SNOWDEPTH AVG. 2
DAYS >= TRACE 78 MM MM 96
DAYS >= 1.0 24 MM MM 20
GREATEST
SNOW DEPTH 16 02/04 21 01/25
01/24
24 HR TOTAL MM
DEGREE DAYS
HEATING TOTAL 8280 8832 -552 8463
SINCE 7/1 3106 3489 -383 3458
COOLING TOTAL 321 282 39 356
SINCE 1/1 321 282 39 356
FREEZE DATES
RECORD
EARLIEST 08/27/1915
LATEST 07/30/1928
EARLIEST 10/17
LATEST 05/29
................................................................
WIND (MPH)
AVERAGE WIND SPEED 6.4
HIGHEST WIND SPEED/DIRECTION 41/230 DATE 12/16
HIGHEST GUST SPEED/DIRECTION 76/220 DATE 12/16
SKY COVER
POSSIBLE SUNSHINE (PERCENT) MM
AVERAGE SKY COVER 0.48
NUMBER OF DAYS FAIR 148
NUMBER OF DAYS PC 117
NUMBER OF DAYS CLOUDY 100
AVERAGE RH (PERCENT) 70
WEATHER CONDITIONS. NUMBER OF DAYS WITH
THUNDERSTORM 27 MIXED PRECIP 0
HEAVY RAIN 25 RAIN 42
LIGHT RAIN 105 FREEZING RAIN 1
LT FREEZING RAIN 4 HAIL 0
HEAVY SNOW 10 SNOW 16
LIGHT SNOW 79 SLEET 0
FOG 243 FOG W/VIS <= 1/4 MILE 83
HAZE 59
- INDICATES NEGATIVE NUMBERS.
R INDICATES RECORD WAS SET OR TIED.
MM INDICATES DATA IS MISSING.
T INDICATES TRACE AMOUNT.
$$