000
CXUS51 KAKQ 011152
CF6RIC
PRELIMINARY LOCAL CLIMATOLOGICAL DATA (WS FORM: F-6)
STATION: RICHMOND VA
MONTH: JUNE
YEAR: 2022
LATITUDE: 37 30 N
LONGITUDE: 77 20 W
TEMPERATURE IN F: :PCPN: SNOW: WIND :SUNSHINE: SKY :PK WND
================================================================================
1 2 3 4 5 6A 6B 7 8 9 10 11 12 13 14 15 16 17 18
12Z AVG MX 2MIN
DY MAX MIN AVG DEP HDD CDD WTR SNW DPTH SPD SPD DIR MIN PSBL S-S WX SPD DR
================================================================================
1 96 70 83 12 0 18 0.00 0.0 0 4.6 13 270 M M 5 16 290
2 95 70 83 12 0 18 0.24 0.0 0 7.1 29 300 M M 5 13 40 280
3 81 61 71 -1 0 6 0.00 0.0 0 7.2 21 350 M M 8 1 27 350
4 86 60 73 1 0 8 0.00 0.0 0 5.3 14 30 M M 5 21 20
5 83 58 71 -1 0 6 0.00 0.0 0 6.1 18 60 M M 4 22 20
6 83 55 69 -3 0 4 0.00 0.0 0 6.1 16 120 M M 1 20 100
7 86 61 74 1 0 9 T 0.0 0 10.3 18 190 M M 7 25 180
8 93 70 82 9 0 17 T 0.0 0 8.4 23 190 M M 8 3 30 180
9 89 68 79 6 0 14 0.00 0.0 0 11.6 21 320 M M 7 26 320
10 83 60 72 -2 0 7 0.00 0.0 0 3.8 10 260 M M 6 17 20
11 82 62 72 -2 0 7 T 0.0 0 4.7 14 70 M M 7 18 310
12 84 66 75 1 0 10 1.03 0.0 0 4.6 30 330 M M 8 13 38 330
13 96 71 84 10 0 19 0.00 0.0 0 5.4 12 230 M M 7 15 230
14 90 72 81 6 0 16 T 0.0 0 7.6 26 300 M M 9 1 36 290
15 89 67 78 3 0 13 0.00 0.0 0 4.0 12 150 M M 4 1 15 140
16 86 70 78 3 0 13 0.04 0.0 0 10.5 17 180 M M 8 3 21 260
17 97 71 84 8 0 19 0.00 0.0 0 9.4 30 350 M M 7 38 350
18 83 62 73 -3 0 8 0.00 0.0 0 11.4 25 330 M M 2 34 340
19 80 58 69 -7 0 4 0.00 0.0 0 10.9 24 320 M M 1 31 320
20 81 57 69 -7 0 4 0.00 0.0 0 5.8 15 310 M M 6 20 260
21 86 59 73 -4 0 8 0.00 0.0 0 5.1 13 210 M M 8 17 210
22 96 65 81 4 0 16 2.03 0.0 0 6.0 41 350 M M 7 13 60 350
23 72 67 70 -7 0 5 0.24 0.0 0 5.1 15 130 M M 10 1 19 120
24 82 62 72 -5 0 7 0.00 0.0 0 4.1 9 100 M M 4 1 13 160
25 87 64 76 -2 0 11 0.00 0.0 0 4.1 12 130 M M 2 14 170
26 90 66 78 0 0 13 0.00 0.0 0 7.5 16 170 M M 3 20 180
27 87 67 77 -1 0 12 1.64 0.0 0 8.1 29 40 M M 8 123 41 40
28 82 60 71 -7 0 6 0.00 0.0 0 6.5 16 50 M M 4 18 20 20
29 86 62 74 -4 0 9 0.00 0.0 0 7.0 16 190 M M 4 20 140
30 88 68 78 0 0 13 1.36 0.0 0 5.3 23 110 M M 5 13 37 290
================================================================================
SM 2599 1929 0 320 6.58 0.0 203.6 M 170
================================================================================
AV 86.6 64.3 6.8 FASTST M M 6 MAX(MPH)
MISC ----> 41 350 60 350
================================================================================
NOTES:
# LAST OF SEVERAL OCCURRENCES
COLUMN 17 PEAK WIND IN M.P.H.
PRELIMINARY LOCAL CLIMATOLOGICAL DATA (WS FORM: F-6) , PAGE 2
STATION: RICHMOND VA
MONTH: JUNE
YEAR: 2022
LATITUDE: 37 30 N
LONGITUDE: 77 20 W
[TEMPERATURE DATA] [PRECIPITATION DATA] SYMBOLS USED IN COLUMN 16
AVERAGE MONTHLY: 75.5 TOTAL FOR MONTH: 6.58 1 = FOG OR MIST
DPTR FM NORMAL: 0.5 DPTR FM NORMAL: 1.94 2 = FOG REDUCING VISIBILITY
HIGHEST: 97 ON 17 GRTST 24HR 2.27 ON 22-23 TO 1/4 MILE OR LESS
LOWEST: 55 ON 6 3 = THUNDER
SNOW, ICE PELLETS, HAIL 4 = ICE PELLETS
TOTAL MONTH: 0.0 INCH 5 = HAIL
GRTST 24HR 0.0 6 = FREEZING RAIN OR DRIZZLE
GRTST DEPTH: 0 7 = DUSTSTORM OR SANDSTORM:
VSBY 1/2 MILE OR LESS
8 = SMOKE OR HAZE
[NO. OF DAYS WITH] [WEATHER - DAYS WITH] 9 = BLOWING SNOW
X = TORNADO
MAX 32 OR BELOW: 0 0.01 INCH OR MORE: 7
MAX 90 OR ABOVE: 8 0.10 INCH OR MORE: 6
MIN 32 OR BELOW: 0 0.50 INCH OR MORE: 4
MIN 0 OR BELOW: 0 1.00 INCH OR MORE: 4
[HDD (BASE 65) ]
TOTAL THIS MO. 0 CLEAR (SCALE 0-3) 4
DPTR FM NORMAL -6 PTCLDY (SCALE 4-7) 23
TOTAL FM JUL 1 3174 CLOUDY (SCALE 8-10) 3
DPTR FM NORMAL -560
[CDD (BASE 65) ]
TOTAL THIS MO. 320
DPTR FM NORMAL 12 [PRESSURE DATA]
TOTAL FM JAN 1 553 HIGHEST SLP 30.29 ON 29
DPTR FM NORMAL 77 LOWEST SLP 29.67 ON 2
[REMARKS]
#FINAL-06-22#