000
CXUS51 KAKQ 010710
CF6RIC
PRELIMINARY LOCAL CLIMATOLOGICAL DATA (WS FORM: F-6)
STATION: RICHMOND VA
MONTH: SEPTEMBER
YEAR: 2021
LATITUDE: 37 30 N
LONGITUDE: 77 20 W
TEMPERATURE IN F: :PCPN: SNOW: WIND :SUNSHINE: SKY :PK WND
================================================================================
1 2 3 4 5 6A 6B 7 8 9 10 11 12 13 14 15 16 17 18
12Z AVG MX 2MIN
DY MAX MIN AVG DEP HDD CDD WTR SNW DPTH SPD SPD DIR MIN PSBL S-S WX SPD DR
================================================================================
1 87 68 78 3 0 13 0.58 0.0 0 13.3 25 180 M M 9 1 33 190
2 80 61 71 -4 0 6 0.00 0.0 0 9.4 21 360 M M 2 26 10
3 80 58 69 -6 0 4 0.00 0.0 0 5.0 14 340 M M 1 17 360
4 81 58 70 -5 0 5 0.00 0.0 0 3.6 12 180 M M 3 15 190
5 87 63 75 1 0 10 0.00 0.0 0 9.0 17 200 M M 5 22 240
6 86 66 76 2 0 11 0.03 0.0 0 4.3 14 360 M M 7 1 19 350
7 87 62 75 1 0 10 0.00 0.0 0 4.6 14 200 M M 3 8 16 190
8 87 67 77 3 0 12 0.75 0.0 0 8.5 29 240 M M 5 13 48 200
9 75 64 70 -3 0 5 0.45 0.0 0 7.0 17 20 M M 8 1 21 20
10 79 59 69 -4 0 4 0.00 0.0 0 7.4 22 340 M M 2 29 340
11 80 56 68 -5 0 3 0.00 0.0 0 5.3 15 190 M M 3 18 190
12 85 61 73 1 0 8 0.00 0.0 0 9.0 15 240 M M 1 19 240
13 92 68 80 8 0 15 0.00 0.0 0 3.6 10 220 M M 0 13 220
14 90 69 80 8 0 15 0.00 0.0 0 4.9 13 170 M M 4 1 19 200
15 88 69 79 7 0 14 0.00 0.0 0 7.4 16 190 M M 4 20 190
16 86 71 79 8 0 14 1.65 0.0 0 5.2 23 330 M M 9 13 27 350
17 84 71 78 7 0 13 0.15 0.0 0 8.1 16 50 M M 9 1 22 10
18 87 70 79 8 0 14 0.00 0.0 0 1.7 9 10 M M 5 12 11 10
19 88 67 78 8 0 13 0.00 0.0 0 4.7 15 40 M M 3 18 10
20 82 63 73 3 0 8 0.00 0.0 0 6.5 14 90 M M 6 18 60
21 84 63 74 4 0 9 0.00 0.0 0 7.9 17 140 M M 8 20 140
22 85 71 78 9 0 13 0.70 0.0 0 11.6 25 150 M M 9 1 31 150
23 79 58 69 0 0 4 1.48 0.0 0 8.9 23 270 M M 6 1 29 290
24 77 54 66 -2 0 1 0.00 0.0 0 3.8 13 350 M M 2 17 30
25 78 53 66 -2 0 1 0.00 0.0 0 2.4 13 280 M M 3 14 280
26 76 57 67 -1 0 2 0.00 0.0 0 7.1 16 320 M M 1 23 310
27 81 51 66 -1 0 1 0.00 0.0 0 7.0 17 230 M M 1 22 210
28 86 59 73 6 0 8 T 0.0 0 5.6 13 310 M M 4 17 290
29 76 56 66 0 0 1 0.00 0.0 0 6.4 14 340 M M 4 1 19 20
30 79 53 66 0 0 1 0.00 0.0 0 3.7 14 260 M M 2 17 270
================================================================================
SM 2492 1866 0 238 5.79 0.0 192.9 M 129
================================================================================
AV 83.1 62.2 6.4 FASTST M M 4 MAX(MPH)
MISC ----> 29 240 48 200
================================================================================
NOTES:
# LAST OF SEVERAL OCCURRENCES
COLUMN 17 PEAK WIND IN M.P.H.
PRELIMINARY LOCAL CLIMATOLOGICAL DATA (WS FORM: F-6) , PAGE 2
STATION: RICHMOND VA
MONTH: SEPTEMBER
YEAR: 2021
LATITUDE: 37 30 N
LONGITUDE: 77 20 W
[TEMPERATURE DATA] [PRECIPITATION DATA] SYMBOLS USED IN COLUMN 16
AVERAGE MONTHLY: 72.6 TOTAL FOR MONTH: 5.79 1 = FOG OR MIST
DPTR FM NORMAL: 1.4 DPTR FM NORMAL: 1.18 2 = FOG REDUCING VISIBILITY
HIGHEST: 92 ON 13 GRTST 24HR 2.18 ON 22-23 TO 1/4 MILE OR LESS
LOWEST: 51 ON 27 3 = THUNDER
SNOW, ICE PELLETS, HAIL 4 = ICE PELLETS
TOTAL MONTH: 0.0 INCH 5 = HAIL
GRTST 24HR 0.0 6 = FREEZING RAIN OR DRIZZLE
GRTST DEPTH: 0 7 = DUSTSTORM OR SANDSTORM:
VSBY 1/2 MILE OR LESS
8 = SMOKE OR HAZE
[NO. OF DAYS WITH] [WEATHER - DAYS WITH] 9 = BLOWING SNOW
X = TORNADO
MAX 32 OR BELOW: 0 0.01 INCH OR MORE: 8
MAX 90 OR ABOVE: 2 0.10 INCH OR MORE: 7
MIN 32 OR BELOW: 0 0.50 INCH OR MORE: 5
MIN 0 OR BELOW: 0 1.00 INCH OR MORE: 2
[HDD (BASE 65) ]
TOTAL THIS MO. 0 CLEAR (SCALE 0-3) 11
DPTR FM NORMAL -22 PTCLDY (SCALE 4-7) 15
TOTAL FM JUL 1 0 CLOUDY (SCALE 8-10) 4
DPTR FM NORMAL -19
[CDD (BASE 65) ]
TOTAL THIS MO. 238
DPTR FM NORMAL 32 [PRESSURE DATA]
TOTAL FM JAN 1 1677 HIGHEST SLP M ON M
DPTR FM NORMAL 161 LOWEST SLP 29.53 ON 1
[REMARKS]
#FINAL-09-21#