000
CXUS55 KGJT 280910
CF6RIL
PRELIMINARY LOCAL CLIMATOLOGICAL DATA (WS FORM: F-6)
STATION: RIFLE CO
MONTH: MARCH
YEAR: 2024
LATITUDE: 39 31 N
LONGITUDE: 107 43 W
TEMPERATURE IN F: :PCPN: SNOW: WIND :SUNSHINE: SKY :PK WND
================================================================================
1 2 3 4 5 6A 6B 7 8 9 10 11 12 13 14 15 16 17 18
12Z AVG MX 2MIN
DY MAX MIN AVG DEP HDD CDD WTR SNW DPTH SPD SPD DIR MIN PSBL S-S WX SPD DR
================================================================================
1 59 21 40 3 25 0 0.00 M M 4.3 17 210 M M 2 24 200
2 61 31 46 9 19 0 0.03 M M 12.0 45 320 M M 4 1 66 330
3 42 26 34 -3 31 0 0.21 M M 8.7 33 250 M M 9 12 41 260
4 39 25 32 -6 33 0 0.13 M M 2.3 14 280 M M 8 1 19 280
5 46 28 37 -1 28 0 0.00 M M 2.3 15 270 M M 6 20 270
6 52 26 39 1 26 0 0.00 M M 4.1 24 150 M M 4 31 140
7 49 32 41 2 24 0 0.03 M M 5.0 17 170 M M 8 3 23 170
8 48 28 38 -1 27 0 0.00 M M 8.6 23 280 M M 5 34 290
9 52 20 36 -3 29 0 0.00 M M 2.9 9 110 M M 0 13 290
10 56 21 39 -1 26 0 0.00 M M 4.6 15 280 M M 0 23 290
11 60 23 42 2 23 0 0.00 M M 5.8 23 260 M M 2 33 270
12 56 33 45 5 20 0 T M M 8.6 22 260 M M 7 33 220
13 43 33 38 -3 27 0 0.15 M M 8.1 23 290 M M 9 12 31 290
14 49 31 40 -1 25 0 T M M 4.1 21 120 M M 8 1 25 120
15 55 33 44 3 21 0 T M M 4.5 21 120 M M 6 1 26 110
16 56 25 41 -1 24 0 0.10 M M 6.0 22 160 M M 5 1 42 140
17 59 31 45 3 20 0 0.00 M M 5.6 18 290 M M 4 12 26 350
18 61 25 43 1 22 0 0.00 M M 3.5 14 260 M M 0 18 260
19 63 26 45 3 20 0 0.00 M M 3.1 15 260 M M 0 19 260
20 64 28 46 4 19 0 0.00 M M 4.3 21 250 M M 0 8 27 250
21 66 27 47 4 18 0 T M M 4.3 32 280 M M 2 45 310
22 64 29 47 4 18 0 0.00 M M 5.2 20 270 M M 1 25 260
23 62 36 49 6 16 0 0.00 M M 8.0 28 210 M M 7 40 200
24 54 35 45 2 20 0 0.26 M M 11.4 28 170 M M 8 1 40 170
25 44 25 35 -9 30 0 0.00 M M 11.8 22 300 M M 5 33 310
26 45 24 35 -9 30 0 T M M 5.2 22 280 M M 8 18 27 270
27 50 27 39 -5 26 0 0.01 M M 4.5 22 260 M M 3 18 32 260
================================================================================
SM 1455 749 647 0 0.92 M 158.8 M 121
================================================================================
AV 53.9 27.7 5.9 FASTST M M 4 MAX(MPH)
MISC ----> 45 320 66 330
================================================================================
NOTES:
# LAST OF SEVERAL OCCURRENCES
COLUMN 17 PEAK WIND IN M.P.H.
PRELIMINARY LOCAL CLIMATOLOGICAL DATA (WS FORM: F-6) , PAGE 2
STATION: RIFLE CO
MONTH: MARCH
YEAR: 2024
LATITUDE: 39 31 N
LONGITUDE: 107 43 W
[TEMPERATURE DATA] [PRECIPITATION DATA] SYMBOLS USED IN COLUMN 16
AVERAGE MONTHLY: 40.8 TOTAL FOR MONTH: 0.92 1 = FOG OR MIST
DPTR FM NORMAL: 0.1 DPTR FM NORMAL: 0.26 2 = FOG REDUCING VISIBILITY
HIGHEST: 66 ON 21 GRTST 24HR 0.26 ON 24-24 TO 1/4 MILE OR LESS
LOWEST: 20 ON 9 3 = THUNDER
SNOW, ICE PELLETS, HAIL 4 = ICE PELLETS
TOTAL MONTH: M 5 = HAIL
GRTST 24HR M ON M 6 = FREEZING RAIN OR DRIZZLE
GRTST DEPTH: M ON M 7 = DUSTSTORM OR SANDSTORM:
VSBY 1/2 MILE OR LESS
8 = SMOKE OR HAZE
[NO. OF DAYS WITH] [WEATHER - DAYS WITH] 9 = BLOWING SNOW
X = TORNADO
MAX 32 OR BELOW: 0 0.01 INCH OR MORE: 8
MAX 90 OR ABOVE: 0 0.10 INCH OR MORE: 5
MIN 32 OR BELOW: 22 0.50 INCH OR MORE: 0
MIN 0 OR BELOW: 0 1.00 INCH OR MORE: 0
[HDD (BASE 65) ]
TOTAL THIS MO. 647 CLEAR (SCALE 0-3) 9
DPTR FM NORMAL -9 PTCLDY (SCALE 4-7) 15
TOTAL FM JUL 1 4971 CLOUDY (SCALE 8-10) 3
DPTR FM NORMAL -528
[CDD (BASE 65) ]
TOTAL THIS MO. 0
DPTR FM NORMAL 0 [PRESSURE DATA]
TOTAL FM JAN 1 0 HIGHEST SLP M ON M
DPTR FM NORMAL 0 LOWEST SLP 29.16 ON 24
[REMARKS]