000
CXUS51 KRNK 011357 RRA
CF6RNK
PRELIMINARY LOCAL CLIMATOLOGICAL DATA (WS FORM: F-6)
STATION: BLACKSBURG VA
MONTH: NOVEMBER
YEAR: 2021
LATITUDE: 37 13 N
LONGITUDE: 80 25 W
TEMPERATURE IN F: :PCPN: SNOW: WIND :SUNSHINE: SKY :PK WND
================================================================================
1 2 3 4 5 6A 6B 7 8 9 10 11 12 13 14 15 16 17 18
12Z AVG MX 2MIN
DY MAX MIN AVG DEP HDD CDD WTR SNW DPTH SPD SPD DIR MIN PSBL S-S WX SPD DR
================================================================================
1 59 37 48 0 17 0 0.00 0.0 0 5.0 13 300 M M 4 21 290
2 44 32 38 -9 27 0 0.07 0.0 0 2.5 8 300 M M 9 M M
3 48 29 39 -8 26 0 0.00 0.0 0 0.8 8 20 M M 1 1 M M
4 47 29 38 -8 27 0 0.00 0.0 0 1.5 7 90 M M 5 M M
5 50 23 37 -9 28 0 0.00 0.0 0 1.8 9 100 M M 0 1 M M
6 51 25 38 -8 27 0 0.00 0.0 0 2.6 9 90 M M 1 M M
7 61 26 44 -2 21 0 0.00 0.0 0 1.9 12 310 M M 0 16 350
8 66 33 50 5 15 0 0.00 0.0 0 1.5 10 300 M M 0 16 290
9 74 32 53 8 12 0 0.00 0.0 0 1.3 5 220 M M 0 M M
10 71 42 57 13 8 0 0.00 0.0 0 1.7 7 110 M M 0 M M
11 66 39 53 9 12 0 0.06 0.0 0 4.2 12 130 M M 4 20 170
12 59 35 47 3 18 0 0.75 0.0 0 3.1 17 300 M M 2 1 26 280
13 44 29 37 -7 28 0 T 0.0 0 5.2 20 300 M M 4 30 300
14 49 26 38 -5 27 0 T 0.0 0 3.2 13 290 M M 4 23 290
15 43 29 36 -7 29 0 T 0.0 0 8.2 24 310 M M 5 41 300
16 62 30 46 4 19 0 0.00 0.0 0 0.3 5 210 M M 4 M M
17 69 37 53 11 12 0 0.00 0.0 0 0.5 5 190 M M 1 M M
18 68 35 52 10 13 0 0.06 0.0 0 5.1 16 290 M M 4 1 25 290
19 41 22 32 -10 33 0 0.00 0.0 0 6.6 15 310 M M 1 31 290
20 46 19 33 -8 32 0 0.00 0.0 0 1.1 7 120 M M 0 M M
21 45 22 34 -7 31 0 T 0.0 0 0.0 0 0 M M 3 M M
22 48 29 39 -2 26 0 T 0.0 0 6.5 17 310 M M 5 25 320
23 38 22 30 -10 35 0 0.00 0.0 0 5.4 12 310 M M 1 21 310
24 52 18 35 -5 30 0 0.00 0.0 0 0.3 7 120 M M 0 M M
25 61 26 44 4 21 0 0.01 0.0 0 1.5 8 250 M M 4 M M
26 45 25 35 -5 30 0 0.01 0.0 0 11.1 22 310 M M 7 31 300
27 47 23 35 -4 30 0 0.00 0.0 0 4.5 12 300 M M 2 22 300
28 51 26 39 0 26 0 0.00 0.0 0 4.0 17 310 M M 2 26 310
29 39 23 31 -8 34 0 0.00 0.0 0 7.1 18 320 M M 3 26 300
30 54 25 40 2 25 0 0.00 0.0 0 2.6 10 260 M M 2 20 230
================================================================================
SM 1598 848 719 0 0.96 0.0 101.1 M 78
================================================================================
AV 53.3 28.3 3.4 FASTST M M 3 MAX(MPH)
MISC ----> 24 310 41 300
================================================================================
NOTES:
# LAST OF SEVERAL OCCURRENCES
COLUMN 17 PEAK WIND IN M.P.H.
PRELIMINARY LOCAL CLIMATOLOGICAL DATA (WS FORM: F-6) , PAGE 2
STATION: BLACKSBURG VA
MONTH: NOVEMBER
YEAR: 2021
LATITUDE: 37 13 N
LONGITUDE: 80 25 W
[TEMPERATURE DATA] [PRECIPITATION DATA] SYMBOLS USED IN COLUMN 16
AVERAGE MONTHLY: 40.8 TOTAL FOR MONTH: 0.96 1 = FOG OR MIST
DPTR FM NORMAL: -1.9 DPTR FM NORMAL: -1.89 2 = FOG REDUCING VISIBILITY
HIGHEST: 74 ON 9 GRTST 24HR 0.75 ON 12-12 TO 1/4 MILE OR LESS
LOWEST: 18 ON 24 3 = THUNDER
SNOW, ICE PELLETS, HAIL 4 = ICE PELLETS
TOTAL MONTH: 0.0 INCH 5 = HAIL
GRTST 24HR 0.0 6 = FREEZING RAIN OR DRIZZLE
GRTST DEPTH: 0 7 = DUSTSTORM OR SANDSTORM:
VSBY 1/2 MILE OR LESS
8 = SMOKE OR HAZE
[NO. OF DAYS WITH] [WEATHER - DAYS WITH] 9 = BLOWING SNOW
X = TORNADO
MAX 32 OR BELOW: 0 0.01 INCH OR MORE: 6
MAX 90 OR ABOVE: 0 0.10 INCH OR MORE: 1
MIN 32 OR BELOW: 23 0.50 INCH OR MORE: 1
MIN 0 OR BELOW: 0 1.00 INCH OR MORE: 0
[HDD (BASE 65) ]
TOTAL THIS MO. 719 CLEAR (SCALE 0-3) 16
DPTR FM NORMAL 51 PTCLDY (SCALE 4-7) 13
TOTAL FM JUL 1 959 CLOUDY (SCALE 8-10) 1
DPTR FM NORMAL -184
[CDD (BASE 65) ]
TOTAL THIS MO. 0
DPTR FM NORMAL 0 [PRESSURE DATA]
TOTAL FM JAN 1 802 HIGHEST SLP M ON M
DPTR FM NORMAL 184 LOWEST SLP M ON M
[REMARKS] DUE TO A TEMPERATURE SENSOR FAILURE ON OCTOBER 17, 2021,
ALL TEMPERATURE AND HEATING DEGREE DAY INFORMATION WILL BE
CALCULATED WITHOUT DATA FROM THIS DATE.
#FINAL-11-21#