000
CXUS56 KSGX 011145
CF6RNM
PRELIMINARY LOCAL CLIMATOLOGICAL DATA (WS FORM: F-6)
STATION: RAMONA AIRPORT CA
MONTH: DECEMBER
YEAR: 2023
LATITUDE: 33 2 N
LONGITUDE: 116 55 W
TEMPERATURE IN F: :PCPN: SNOW: WIND :SUNSHINE: SKY :PK WND
================================================================================
1 2 3 4 5 6A 6B 7 8 9 10 11 12 13 14 15 16 17 18
12Z AVG MX 2MIN
DY MAX MIN AVG DEP HDD CDD WTR SNW DPTH SPD SPD DIR MIN PSBL S-S WX SPD DR
================================================================================
1 64 37 51 -1 14 0 0.00 M M 2.5 12 260 M M 5 128 22 340
2 67 30 49 -3 16 0 0.00 M M 2.5 12 280 M M 0 128 14 270
3 70 31 51 -1 14 0 0.00 M M 2.5 10 270 M M 0 1 16 300
4 77 34 56 5 9 0 0.00 M M 2.0 12 280 M M 0 1 15 300
5 83 41 62 11 3 0 0.00 M M 3.7 15 80 M M 0 8 20 70
6 78 37 58 7 7 0 0.00 M M 2.5 16 300 M M 0 1 19 300
7 66 32 49 -2 16 0 0.00 M M 2.7 12 260 M M 5 128 15 230
8 67 33 50 -1 15 0 0.00 M M 2.6 10 290 M M 4 12 15 280
9 68 32 50 -1 15 0 0.00 M M 13.8 26 70 M M 0 12 33 60
10 78 35 57 7 8 0 0.00 M M 8.5 23 30 M M 0 24 70
11 76 33 55 5 10 0 0.00 M M 2.0 13 300 M M 0 16 310
12 72 27 50 0 15 0 0.00 M M 2.3 12 230 M M 1 12 15 320
13 69 34 52 2 13 0 0.00 M M 3.3 12 280 M M 5 12 14 300
14 76 32 54 4 11 0 0.00 M M 5.9 17 70 M M 0 1 21 80
15 76 34 55 5 10 0 0.00 M M 8.2 22 80 M M 0 30 50
16 82 37 60 10 5 0 0.00 M M 3.2 14 280 M M 0 23 130
17 78 37 58 8 7 0 0.00 M M 3.2 13 310 M M 0 15 320
18 75 37 56 6 9 0 0.00 M M 2.7 13 300 M M 4 14 300
19 71 45 58 8 7 0 0.00 M M 3.2 12 290 M M 7 1 14 290
20 70 44 57 7 8 0 0.06 M M 4.5 14 170 M M 7 12 17 170
21 71 45 58 8 7 0 0.00 M M 5.9 21 80 M M 5 12 25 90
22 63 41 52 2 13 0 0.54 M M 4.1 30 250 M M 4 1 37 240
23 64 41 53 3 12 0 0.00 M M 2.8 12 270 M M 9 12 14 270
24 65 37 51 1 14 0 0.00 M M 2.9 14 280 M M 6 12 18 280
25 68 32 50 0 15 0 0.00 M M 2.2 12 280 M M 3 12 16 290
26 71 35 53 3 12 0 0.00 M M 2.0 10 300 M M 1 12 12 290
27 69 38 54 4 11 0 0.00 M M 2.7 13 300 M M 2 12 15 300
28 69 36 53 3 12 0 0.00 M M 2.7 10 300 M M 5 12 14 290
29 70 37 54 3 11 0 0.00 M M 2.3 12 300 M M 3 128 14 300
30 60 45 53 2 12 0 0.07 0.0 0 5.0 16 240 M M 9 128 20 250
31 58 44 51 0 14 0 0.04 0.0 0 0.9 7 10 M M 8 12 8 10
================================================================================
SM 2191 1133 345 0 0.71 0.0 115.3 M 93
================================================================================
AV 70.7 36.5 3.7 FASTST M M 3 MAX(MPH)
MISC ----> 30 250 37 240
================================================================================
NOTES:
# LAST OF SEVERAL OCCURRENCES
COLUMN 17 PEAK WIND IN M.P.H.
PRELIMINARY LOCAL CLIMATOLOGICAL DATA (WS FORM: F-6) , PAGE 2
STATION: RAMONA AIRPORT CA
MONTH: DECEMBER
YEAR: 2023
LATITUDE: 33 2 N
LONGITUDE: 116 55 W
[TEMPERATURE DATA] [PRECIPITATION DATA] SYMBOLS USED IN COLUMN 16
AVERAGE MONTHLY: 53.6 TOTAL FOR MONTH: 0.71 1 = FOG OR MIST
DPTR FM NORMAL: 3.0 DPTR FM NORMAL: -1.37 2 = FOG REDUCING VISIBILITY
HIGHEST: 83 ON 5 GRTST 24HR 0.54 ON 22-22 TO 1/4 MILE OR LESS
LOWEST: 27 ON 12 3 = THUNDER
SNOW, ICE PELLETS, HAIL 4 = ICE PELLETS
TOTAL MONTH: 0.0 INCH 5 = HAIL
GRTST 24HR 0.0 6 = FREEZING RAIN OR DRIZZLE
GRTST DEPTH: 0 7 = DUSTSTORM OR SANDSTORM:
VSBY 1/2 MILE OR LESS
8 = SMOKE OR HAZE
[NO. OF DAYS WITH] [WEATHER - DAYS WITH] 9 = BLOWING SNOW
X = TORNADO
MAX 32 OR BELOW: 0 0.01 INCH OR MORE: 4
MAX 90 OR ABOVE: 0 0.10 INCH OR MORE: 1
MIN 32 OR BELOW: 7 0.50 INCH OR MORE: 1
MIN 0 OR BELOW: 0 1.00 INCH OR MORE: 0
[HDD (BASE 65) ]
TOTAL THIS MO. 345 CLEAR (SCALE 0-3) 16
DPTR FM NORMAL -101 PTCLDY (SCALE 4-7) 13
TOTAL FM JUL 1 630 CLOUDY (SCALE 8-10) 2
DPTR FM NORMAL -181
[CDD (BASE 65) ]
TOTAL THIS MO. 0
DPTR FM NORMAL 0 [PRESSURE DATA]
TOTAL FM JAN 1 946 HIGHEST SLP 30.24 ON 3
DPTR FM NORMAL -11 LOWEST SLP 29.81 ON 21
[REMARKS]
#FINAL-12-23#