000
CXUS55 KREV 010855
CF6RNO
PRELIMINARY LOCAL CLIMATOLOGICAL DATA (WS FORM: F-6)
STATION: RENO-TAHOE INTL AIRPORT NV
MONTH: NOVEMBER
YEAR: 2023
LATITUDE: 39 30 N
LONGITUDE: 119 47 W
TEMPERATURE IN F: :PCPN: SNOW: WIND :SUNSHINE: SKY :PK WND
================================================================================
1 2 3 4 5 6A 6B 7 8 9 10 11 12 13 14 15 16 17 18
12Z AVG MX 2MIN
DY MAX MIN AVG DEP HDD CDD WTR SNW DPTH SPD SPD DIR MIN PSBL S-S WX SPD DR
================================================================================
1 67 28 48 -1 17 0 0.00 0.0 0 0.8 7 240 M M 5 13 270
2 74 34 54 5 11 0 0.00 0.0 0 4.2 20 290 M M 7 24 290
3 75 43 59 11 6 0 0.00 0.0 0 2.2 9 30 M M 4 13 310
4 76 45 61 13 4 0 0.00 0.0 0 5.8 24 150 M M 5 32 150
5 67 54 61 13 4 0 T 0.0 0 13.7 33 170 M M 7 44 160
6 59 44 52 5 13 0 0.03 0.0 0 9.8 26 270 M M 7 39 290
7 52 34 43 -4 22 0 T 0.0 0 4.7 17 10 M M 5 23 10
8 54 26 40 -6 25 0 0.00 0.0 0 2.8 12 70 M M 1 16 70
9 54 24 39 -7 26 0 0.00 0.0 0 1.3 7 290 M M 5 13 280
10 63 31 47 1 18 0 0.00 0.0 0 2.2 8 290 M M 5 14 260
11 65 30 48 3 17 0 0.00 0.0 0 1.4 6 270 M M 3 10 240
12 69 30 50 5 15 0 0.00 0.0 0 2.8 22 200 M M 6 29 200
13 67 31 49 4 16 0 0.00 0.0 0 3.1 22 190 M M 4 30 190
14 66 29 48 4 17 0 0.00 0.0 0 1.5 13 180 M M 4 15 170
15 60 32 46 2 19 0 0.01 0.0 0 2.6 28 160 M M 8 36 160
16 58 39 49 5 16 0 T 0.0 0 3.2 9 140 M M 7 30 230
17 57 38 48 5 17 0 0.00 0.0 0 4.0 9 180 M M 7 14 270
18 56 41 49 6 16 0 0.15 0.0 0 7.2 33 180 M M 8 40 190
19 47 29 38 -5 27 0 T 0.0 0 10.4 24 280 M M 5 33 270
20 50 24 37 -5 28 0 0.00 0.0 0 3.9 18 80 M M 0 23 80
21 52 24 38 -4 27 0 0.00 0.0 0 0.9 6 280 M M 5 11 250
22 55 25 40 -2 25 0 0.00 0.0 0 0.8 7 300 M M 5 14 300
23 45 33 39 -2 26 0 0.08 0.0 0 5.9 16 30 M M 8 1 22 30
24 43 26 35 -6 30 0 0.00 0.0 0 4.2 12 80 M M 5 16 60
25 42 27 35 -5 30 0 0.00 0.0 0 5.5 13 70 M M 4 22 60
26 45 19 32 -8 33 0 0.00 0.0 0 3.1 13 80 M M 0 17 70
27 47 20 34 -6 31 0 0.00 0.0 0 2.4 13 80 M M 0 20 40
28 48 19 34 -6 31 0 0.00 0.0 0 0.8 6 300 M M 2 13 290
29 45 21 33 -6 32 0 0.00 0.0 0 0.4 7 190 M M 5 10 200
30 51 31 41 2 24 0 0.00 0.0 0 6.0 20 330 M M 8 36 290
================================================================================
SM 1709 931 623 0 0.27 0.0 117.6 M 145
================================================================================
AV 57.0 31.0 3.9 FASTST M M 5 MAX(MPH)
MISC ----> # 33 170 44 160
================================================================================
NOTES:
# LAST OF SEVERAL OCCURRENCES
COLUMN 17 PEAK WIND IN M.P.H.
PRELIMINARY LOCAL CLIMATOLOGICAL DATA (WS FORM: F-6) , PAGE 2
STATION: RENO-TAHOE INTL AIRPORT NV
MONTH: NOVEMBER
YEAR: 2023
LATITUDE: 39 30 N
LONGITUDE: 119 47 W
[TEMPERATURE DATA] [PRECIPITATION DATA] SYMBOLS USED IN COLUMN 16
AVERAGE MONTHLY: 44.0 TOTAL FOR MONTH: 0.27 1 = FOG OR MIST
DPTR FM NORMAL: 0.2 DPTR FM NORMAL: -0.35 2 = FOG REDUCING VISIBILITY
HIGHEST: 76 ON 4 GRTST 24HR 0.15 ON 18-18 TO 1/4 MILE OR LESS
LOWEST: 19 ON 28,26 3 = THUNDER
SNOW, ICE PELLETS, HAIL 4 = ICE PELLETS
TOTAL MONTH: 0.0 INCH 5 = HAIL
GRTST 24HR 0.0 6 = FREEZING RAIN OR DRIZZLE
GRTST DEPTH: 0 7 = DUSTSTORM OR SANDSTORM:
VSBY 1/2 MILE OR LESS
8 = SMOKE OR HAZE
[NO. OF DAYS WITH] [WEATHER - DAYS WITH] 9 = BLOWING SNOW
X = TORNADO
MAX 32 OR BELOW: 0 0.01 INCH OR MORE: 4
MAX 90 OR ABOVE: 0 0.10 INCH OR MORE: 1
MIN 32 OR BELOW: 20 0.50 INCH OR MORE: 0
MIN 0 OR BELOW: 0 1.00 INCH OR MORE: 0
[HDD (BASE 65) ]
TOTAL THIS MO. 623 CLEAR (SCALE 0-3) 6
DPTR FM NORMAL -11 PTCLDY (SCALE 4-7) 24
TOTAL FM JUL 1 945 CLOUDY (SCALE 8-10) 0
DPTR FM NORMAL -67
[CDD (BASE 65) ]
TOTAL THIS MO. 0
DPTR FM NORMAL 0 [PRESSURE DATA]
TOTAL FM JAN 1 1097 HIGHEST SLP M ON M
DPTR FM NORMAL 58 LOWEST SLP 29.70 ON 6
[REMARKS]
#FINAL-11-23#