000
CXUS54 KFWD 010731
CF6RPH
PRELIMINARY LOCAL CLIMATOLOGICAL DATA (WS FORM: F-6)
STATION: GRAHAM
MONTH: OCTOBER
YEAR: 2020
LATITUDE: 33 6 N
LONGITUDE: 98 30 W
TEMPERATURE IN F: :PCPN: SNOW: WIND :SUNSHINE: SKY :PK WND
================================================================================
1 2 3 4 5 6A 6B 7 8 9 10 11 12 13 14 15 16 17 18
12Z AVG MX 2MIN
DY MAX MIN AVG DEP HDD CDD WTR SNW DPTH SPD SPD DIR MIN PSBL S-S WX SPD DR
================================================================================
1 79 52 66 -3 0 1 0.00 0.0 0 5.1 12 50 M M 0 18 40
2 77 47 62 -7 3 0 0.00 0.0 0 4.5 9 130 M M 0 8 M M
3 83 59 71 3 0 6 0.00 0.0 0 4.6 14 170 M M 1 18 170
4 78 53 66 -2 0 1 0.00 0.0 0 4.5 12 10 M M 0 17 10
5 81 49 65 -3 0 0 0.00 0.0 0 5.3 12 140 M M 0 18 150
6 86 59 73 6 0 8 0.00 0.0 0 2.1 7 130 M M 0 M M
7 90 58 74 7 0 9 0.00 0.0 0 2.8 10 210 M M 0 M M
8 87 56 72 5 0 7 0.00 0.0 0 2.7 7 140 M M 0 M M
9 86 62 74 8 0 9 0.00 0.0 0 1.7 9 130 M M 4 12 M M
10 90 59 75 9 0 10 0.00 0.0 0 3.8 10 130 M M 0 1 M M
11 99 66 83 17 0 18 0.00 0.0 0 5.8 9 200 M M 0 M M
12 79 45 62 -4 3 0 0.00 0.0 0 7.2 20 350 M M 1 8 29 350
13 84 38 61 -4 4 0 0.00 0.0 0 2.4 9 140 M M 0 M M
14 94 58 76 11 0 11 0.00 0.0 0 7.0 15 190 M M 0 21 180
15 77 55 66 2 0 1 0.00 0.0 0 10.6 25 360 M M 2 37 20
16 71 42 57 -7 8 0 0.00 0.0 0 3.2 10 80 M M 0 16 80
17 84 48 66 2 0 1 0.00 0.0 0 7.7 16 210 M M 0 25 170
18 85 48 67 3 0 2 0.00 0.0 0 9.4 15 350 M M 2 24 330
19 59 46 53 -10 12 0 0.00 0.0 0 3.6 9 350 M M 7 1 M M
20 87 53 70 7 0 5 0.00 0.0 0 5.8 14 170 M M 4 22 170
21 85 64 75 12 0 10 0.00 0.0 0 7.7 13 150 M M 0 21 150
22 87 68 78 16 0 13 0.00 0.0 0 8.8 16 190 M M 1 25 190
23 74 45 60 -2 5 0 0.95 0.0 0 13.4 21 340 M M 8 28 340
24 58 37 48 -14 17 0 0.00 0.0 0 3.3 9 350 M M 3 M M
25 73 49 61 0 4 0 0.02 0.0 0 6.2 12 30 M M 4 1 20 50
26 49 31 40 -21 25 0 0.02 0.0 0 14.5 21 350 M M 10 1 27 360
27 34 31 33 -28 32 0 0.04 M 0 8.3 12 340 M M 10 16 17 350
28 47 33 40 -20 25 0 0.05 M 0 8.3 18 270 M M 8 25 270
29 61 34 48 -12 17 0 0.00 0.0 0 10.0 18 320 M M 5 29 320
30 67 29 48 -12 17 0 0.00 0.0 0 0.9 6 160 M M 0 M M
31 76 38 57 -2 8 0 0.00 0.0 0 2.5 12 190 M M 0 18 210
================================================================================
SM 2367 1512 180 112 1.08 0.0 183.7 M 70
================================================================================
AV 76.4 48.8 5.9 FASTST M M 2 MAX(MPH)
MISC ----> # 25 360 # 37 20
================================================================================
NOTES:
# LAST OF SEVERAL OCCURRENCES
COLUMN 17 PEAK WIND IN M.P.H.
PRELIMINARY LOCAL CLIMATOLOGICAL DATA (WS FORM: F-6) , PAGE 2
STATION: GRAHAM
MONTH: OCTOBER
YEAR: 2020
LATITUDE: 33 6 N
LONGITUDE: 98 30 W
[TEMPERATURE DATA] [PRECIPITATION DATA] SYMBOLS USED IN COLUMN 16
AVERAGE MONTHLY: 62.6 TOTAL FOR MONTH: 1.08 1 = FOG OR MIST
DPTR FM NORMAL: -1.6 DPTR FM NORMAL: -2.68 2 = FOG REDUCING VISIBILITY
HIGHEST: 99 ON 11 GRTST 24HR 0.95 ON 23-23 TO 1/4 MILE OR LESS
LOWEST: 29 ON 30 3 = THUNDER
SNOW, ICE PELLETS, HAIL 4 = ICE PELLETS
TOTAL MONTH: 0.0 INCH 5 = HAIL
GRTST 24HR 0.0 6 = FREEZING RAIN OR DRIZZLE
GRTST DEPTH: 0 7 = DUSTSTORM OR SANDSTORM:
VSBY 1/2 MILE OR LESS
8 = SMOKE OR HAZE
[NO. OF DAYS WITH] [WEATHER - DAYS WITH] 9 = BLOWING SNOW
X = TORNADO
MAX 32 OR BELOW: 0 0.01 INCH OR MORE: 5
MAX 90 OR ABOVE: 4 0.10 INCH OR MORE: 1
MIN 32 OR BELOW: 3 0.50 INCH OR MORE: 1
MIN 0 OR BELOW: 0 1.00 INCH OR MORE: 0
[HDD (BASE 65) ]
TOTAL THIS MO. 180 CLEAR (SCALE 0-3) 22
DPTR FM NORMAL 61 PTCLDY (SCALE 4-7) 6
TOTAL FM JUL 1 213 CLOUDY (SCALE 8-10) 3
DPTR FM NORMAL 78
[CDD (BASE 65) ]
TOTAL THIS MO. 112
DPTR FM NORMAL 17 [PRESSURE DATA]
TOTAL FM JAN 1 2400 HIGHEST SLP M ON M
DPTR FM NORMAL 112 LOWEST SLP M ON M
[REMARKS]
#FINAL-10-20#