000
CXUS53 KGRB 230719
CF6RRL
PRELIMINARY LOCAL CLIMATOLOGICAL DATA (WS FORM: F-6)
STATION: MERRILL MUNICIPAL AI
MONTH: FEBRUARY
YEAR: 2023
LATITUDE: 45 10 N
LONGITUDE: 89 42 W
TEMPERATURE IN F: :PCPN: SNOW: WIND :SUNSHINE: SKY :PK WND
================================================================================
1 2 3 4 5 6A 6B 7 8 9 10 11 12 13 14 15 16 17 18
12Z AVG MX 2MIN
DY MAX MIN AVG DEP HDD CDD WTR SNW DPTH SPD SPD DIR MIN PSBL S-S WX SPD DR
================================================================================
1 17 -17 0 M 65 0 M M M 1.7 8 230 M M 4 M M
2 15 -8 4 M 61 0 M M M 10.5 21 340 M M 3 8 28 350
3 3 -16 -6 M 71 0 M M M 3.2 9 310 M M 5 16 310
4 23 2 13 M 52 0 M M M 3.5 9 230 M M 3 17 190
5 27 1 14 M 51 0 M M M 2.7 10 320 M M 6 1 M M
6 36 -1 18 M 47 0 M M M 5.9 14 150 M M 4 21 150
7 38 23 31 M 34 0 M M M 8.8 17 280 M M 6 1 25 300
8 42 11 27 M 38 0 M M M 1.9 8 230 M M 0 16 220
9 40 15 28 M 37 0 M M M 6.8 21 350 M M 6 1 31 350
10 31 8 20 M 45 0 M M M 8.1 16 320 M M 1 22 330
11 41 2 22 M 43 0 M M M 4.7 15 240 M M 0 20 240
12 45 10 28 M 37 0 M M M 1.4 7 270 M M 0 M M
13 40 19 30 M 35 0 M M M 4.9 13 220 M M 2 16 300
14 44 23 34 M 31 0 M M M 6.7 14 140 M M 5 25 150
15 41 24 33 M 32 0 M M M 10.9 20 300 M M 10 1 25 300
16 24 13 19 M 46 0 M M M 8.3 14 10 M M 9 21 10
17 23 6 15 M 50 0 M M M 6.4 15 250 M M 2 17 40
18 35 13 24 M 41 0 M M M 4.1 9 240 M M 0 17 240
19 38 24 31 M 34 0 M M M 7.0 13 300 M M 2 21 280
20 32 8 20 M 45 0 M M M 4.9 17 260 M M 6 25 270
21 28 14 21 M 44 0 M M M 7.9 16 280 M M 9 25 280
22 22 13 18 M 47 0 M M M 11.0 17 60 M M 10 31 70
================================================================================
SM 685 187 986 0 M M 131.3 M 93
================================================================================
AV 31.1 8.5 6.0 FASTST M M 4 MAX(MPH)
MISC ----> # 21 340 # 31 350
================================================================================
NOTES:
# LAST OF SEVERAL OCCURRENCES
COLUMN 17 PEAK WIND IN M.P.H.
PRELIMINARY LOCAL CLIMATOLOGICAL DATA (WS FORM: F-6) , PAGE 2
STATION: MERRILL MUNICIPAL AI
MONTH: FEBRUARY
YEAR: 2023
LATITUDE: 45 10 N
LONGITUDE: 89 42 W
[TEMPERATURE DATA] [PRECIPITATION DATA] SYMBOLS USED IN COLUMN 16
AVERAGE MONTHLY: 19.8 TOTAL FOR MONTH: M 1 = FOG OR MIST
DPTR FM NORMAL: 0.0 DPTR FM NORMAL: M 2 = FOG REDUCING VISIBILITY
HIGHEST: 45 ON 12 GRTST 24HR M ON M TO 1/4 MILE OR LESS
LOWEST: -17 ON 1 3 = THUNDER
SNOW, ICE PELLETS, HAIL 4 = ICE PELLETS
TOTAL MONTH: M 5 = HAIL
GRTST 24HR M ON M 6 = FREEZING RAIN OR DRIZZLE
GRTST DEPTH: M ON M 7 = DUSTSTORM OR SANDSTORM:
VSBY 1/2 MILE OR LESS
8 = SMOKE OR HAZE
[NO. OF DAYS WITH] [WEATHER - DAYS WITH] 9 = BLOWING SNOW
X = TORNADO
MAX 32 OR BELOW: 11 0.01 INCH OR MORE: 0
MAX 90 OR ABOVE: 0 0.10 INCH OR MORE: 0
MIN 32 OR BELOW: 22 0.50 INCH OR MORE: 0
MIN 0 OR BELOW: 4 1.00 INCH OR MORE: 0
[HDD (BASE 65) ]
TOTAL THIS MO. 986 CLEAR (SCALE 0-3) 10
DPTR FM NORMAL M PTCLDY (SCALE 4-7) 8
TOTAL FM JUL 1 5651 CLOUDY (SCALE 8-10) 4
DPTR FM NORMAL 5271
[CDD (BASE 65) ]
TOTAL THIS MO. 0
DPTR FM NORMAL M [PRESSURE DATA]
TOTAL FM JAN 1 0 HIGHEST SLP M ON M
DPTR FM NORMAL 0 LOWEST SLP M ON M
[REMARKS]