000
CXUS53 KARX 021746
CLMRST
CLIMATE REPORT
NATIONAL WEATHER SERVICE LA CROSSE WI
1146 AM CST FRI FEB 02 2024
...................................
...THE ROCHESTER MN CLIMATE SUMMARY FOR THE MONTH OF JANUARY 2024...
CLIMATE NORMAL PERIOD 1991 TO 2020
CLIMATE RECORD PERIOD 1886 TO 2024
WEATHER OBSERVED NORMAL DEPART LAST YEAR`S
VALUE DATE(S) VALUE FROM VALUE DATE(S)
NORMAL
................................................................
TEMPERATURE (F)
RECORD
HIGH 58 01/25/1944
LOW -42 01/07/1887
HIGHEST 52 01/31 36 01/11
01/15
LOWEST -14 01/15 -17 01/31
AVG. MAXIMUM 24.3 22.5 1.8 25.4
AVG. MINIMUM 14.3 7.0 7.3 13.3
MEAN 19.3 14.7 4.6 19.3
DAYS MAX >= 90 0 0.0 0.0 0
DAYS MAX <= 32 22 24.2 -2.2 23
DAYS MIN <= 32 31 30.7 0.3 31
DAYS MIN <= 0 9 10.7 -1.7 5
PRECIPITATION (INCHES)
RECORD
MAXIMUM 4.40 1886
TOTALS 0.66 0.99 -0.33 2.41
DAYS >= .01 8 9.4 -1.4 9
DAYS >= .10 2 3.2 -1.2 6
DAYS >= .50 0 0.2 -0.2 1
DAYS >= 1.00 0 0.0 0.0 1
GREATEST
24 HR. TOTAL 0.24 01/12 TO 01/12 1.20 01/02 TO 01/03
SNOWFALL (INCHES)
RECORDS
TOTAL 30.2 1996
SNOW DEPTH 29 01/25/1982
TOTALS 7.1 12.2 -5.1 11.5
SINCE 7/1 9.9 30.0 -20.1 MM
SNOWDEPTH AVG. 3 6
DAYS >= TRACE 11 8.8 2.2 14
DAYS >= 1.0 4 3.8 0.2 3
GREATEST
SNOW DEPTH 6 01/19 8 01/20
01/20
01/21
01/21
01/22
DEGREE DAYS
HEATING TOTAL 1410 1558 -148 1407
SINCE 7/1 3853 4616 -763 MM
COOLING TOTAL 0 0 0 0
SINCE 1/1 0 0 0 MM
................................................................
WIND (MPH)
AVERAGE WIND SPEED 11.2
HIGHEST WIND SPEED/DIRECTION 30/340 DATE 01/12
30/310 01/13
HIGHEST GUST SPEED/DIRECTION 39/340 DATE 01/12
AVERAGE RH (PERCENT) 86
WEATHER CONDITIONS. NUMBER OF DAYS WITH
THUNDERSTORM 0 MIXED PRECIP 0
HEAVY RAIN 0 RAIN 0
LIGHT RAIN 1 FREEZING RAIN 0
LT FREEZING RAIN 0 HAIL 0
HEAVY SNOW 0 SNOW 1
LIGHT SNOW 11 SLEET 0
FOG 21 FOG W/VIS <= 1/4 MILE 10
HAZE 4
- INDICATES NEGATIVE NUMBERS.
R INDICATES RECORD WAS SET OR TIED.
MM INDICATES DATA IS MISSING.
T INDICATES TRACE AMOUNT.
$$