000
CXUS54 KLZK 011330
CF6RUE
PRELIMINARY LOCAL CLIMATOLOGICAL DATA (WS FORM: F-6)
STATION: RUSSELLVILLE
MONTH: JANUARY
YEAR: 2023
LATITUDE: 35 15 N
LONGITUDE: 93 6 W
TEMPERATURE IN F: :PCPN: SNOW: WIND :SUNSHINE: SKY :PK WND
================================================================================
1 2 3 4 5 6A 6B 7 8 9 10 11 12 13 14 15 16 17 18
12Z AVG MX 2MIN
DY MAX MIN AVG DEP HDD CDD WTR SNW DPTH SPD SPD DIR MIN PSBL S-S WX SPD DR
================================================================================
1 70 45 58 18 7 0 0.00 M M 2.3 10 170 M M 6 12 14 150
2 74 57 66 26 0 1 1.73 M M 3.3 14 270 M M 9 123 18 110
3 68 49 59 19 6 0 T M M 5.1 15 220 M M 4 12 20 230
4 52 33 43 3 22 0 0.00 M M 7.9 18 270 M M 1 24 280
5 54 30 42 2 23 0 0.00 M M 6.9 21 260 M M 0 27 270
6 57 26 42 2 23 0 0.00 M M 2.8 12 100 M M 1 17 110
7 66 39 53 13 12 0 0.00 M M 3.9 13 300 M M 4 18 300
8 57 33 45 5 20 0 0.00 M M 2.7 10 260 M M 0 1 13 290
9 58 27 43 3 22 0 0.00 M M 1.6 9 180 M M 0 1 14 120
10 64 31 48 8 17 0 0.00 M M 3.2 13 100 M M 0 1 19 100
11 72 40 56 16 9 0 0.31 M M 2.1 18 280 M M 4 1238 27 270
12 62 37 50 10 15 0 0.00 M M 11.0 22 300 M M 8 12 32 310
13 47 29 38 -2 27 0 0.00 M M 6.8 13 280 M M 3 M M
14 47 21 34 -6 31 0 0.00 M M 2.6 8 100 M M 0 1 12 150
15 60 29 45 5 20 0 0.00 M M 4.3 12 170 M M 5 16 140
16 69 49 59 19 6 0 0.00 M M 4.5 13 190 M M 7 1 17 180
17 70 39 55 15 10 0 0.00 M M 2.8 10 100 M M 2 12 15 80
18 63 45 54 14 11 0 0.49 M M 3.7 25 290 M M 6 123 37 320
19 50 32 41 1 24 0 0.00 M M 11.4 30 270 M M 0 39 280
20 58 31 45 5 20 0 0.00 M M 3.2 6 90 M M 0 8 90
21 50 30 40 0 25 0 0.05 M M 3.9 12 90 M M 8 1 18 110
22 45 39 42 2 23 0 0.00 M M 5.5 14 280 M M 10 1 19 280
23 52 27 40 0 25 0 0.00 M M 2.5 8 320 M M 2 1 11 310
24 41 27 34 -6 31 0 1.06 M M 5.7 17 50 M M 7 12 23 60
25 41 32 37 -3 28 0 0.07 M M 8.6 20 260 M M 10 18 26 250
26 44 28 36 -4 29 0 0.00 M M 7.2 16 280 M M 2 21 280
27 59 23 41 1 24 0 0.00 M M 3.6 22 270 M M 0 1 32 270
28 53 34 44 3 21 0 0.09 M M 4.4 16 180 M M 7 1 23 160
29 60 38 49 8 16 0 0.00 M M 3.9 15 300 M M 9 1 21 290
30 38 29 34 -7 31 0 0.32 M M 6.8 14 360 M M 10 146 17 10
31 30 26 28 -13 37 0 T T T 6.2 14 10 M M 10 126 18 350
================================================================================
SM 1731 1055 615 1 4.12 T 150.4 M 135
================================================================================
AV 55.8 34.0 4.9 FASTST M M 4 MAX(MPH)
MISC ----> 30 270 39 280
================================================================================
NOTES:
# LAST OF SEVERAL OCCURRENCES
COLUMN 17 PEAK WIND IN M.P.H.
PRELIMINARY LOCAL CLIMATOLOGICAL DATA (WS FORM: F-6) , PAGE 2
STATION: RUSSELLVILLE
MONTH: JANUARY
YEAR: 2023
LATITUDE: 35 15 N
LONGITUDE: 93 6 W
[TEMPERATURE DATA] [PRECIPITATION DATA] SYMBOLS USED IN COLUMN 16
AVERAGE MONTHLY: 44.9 TOTAL FOR MONTH: 4.12 1 = FOG OR MIST
DPTR FM NORMAL: 4.9 DPTR FM NORMAL: 0.92 2 = FOG REDUCING VISIBILITY
HIGHEST: 74 ON 2 GRTST 24HR 1.73 ON 2- 2 TO 1/4 MILE OR LESS
LOWEST: 21 ON 14 3 = THUNDER
SNOW, ICE PELLETS, HAIL 4 = ICE PELLETS
TOTAL MONTH: T 5 = HAIL
GRTST 24HR T ON 31-31 6 = FREEZING RAIN OR DRIZZLE
GRTST DEPTH: T 7 = DUSTSTORM OR SANDSTORM:
VSBY 1/2 MILE OR LESS
8 = SMOKE OR HAZE
[NO. OF DAYS WITH] [WEATHER - DAYS WITH] 9 = BLOWING SNOW
X = TORNADO
MAX 32 OR BELOW: 1 0.01 INCH OR MORE: 8
MAX 90 OR ABOVE: 0 0.10 INCH OR MORE: 5
MIN 32 OR BELOW: 17 0.50 INCH OR MORE: 2
MIN 0 OR BELOW: 0 1.00 INCH OR MORE: 2
[HDD (BASE 65) ]
TOTAL THIS MO. 615 CLEAR (SCALE 0-3) 14
DPTR FM NORMAL -161 PTCLDY (SCALE 4-7) 10
TOTAL FM JUL 1 1907 CLOUDY (SCALE 8-10) 7
DPTR FM NORMAL -184
[CDD (BASE 65) ]
TOTAL THIS MO. 1
DPTR FM NORMAL 0 [PRESSURE DATA]
TOTAL FM JAN 1 1 HIGHEST SLP 30.40 ON 31
DPTR FM NORMAL 0 LOWEST SLP 29.71 ON 25
[REMARKS]
#FINAL-01-23#