000
CXUS51 KBTV 110241
CF6RUT
PRELIMINARY LOCAL CLIMATOLOGICAL DATA (WS FORM: F-6)
STATION: RUTLAND VT
MONTH: FEBRUARY
YEAR: 2021
LATITUDE: 43 31 N
LONGITUDE: 72 57 W
TEMPERATURE IN F: :PCPN: SNOW: WIND :SUNSHINE: SKY :PK WND
================================================================================
1 2 3 4 5 6A 6B 7 8 9 10 11 12 13 14 15 16 17 18
12Z AVG MX 2MIN
DY MAX MIN AVG DEP HDD CDD WTR SNW DPTH SPD SPD DIR MIN PSBL S-S WX SPD DR
================================================================================
1 29 -4 13 M 52 0 0.02 M M 4.4 15 100 M M 7 1 30 80
2 26 16 21 M 44 0 0.01 M M 6.2 14 340 M M 10 1 18 340
3 29 22 26 M 39 0 T M M 8.5 16 320 M M 10 1 25 320
4 35 18 27 M 38 0 0.02 M M 5.9 13 120 M M 6 M M
5 38 17 28 M 37 0 T M M 9.7 21 130 M M 6 12 27 130
6 33 14 24 M 41 0 T M M 10.0 18 230 M M 5 37 230
7 29 10 20 M 45 0 T M M 9.6 22 130 M M 6 1 29 130
8 29 7 18 M 47 0 T M M 7.2 14 290 M M 1 23 290
9 26 8 17 M 48 0 0.03 M M 4.7 12 110 M M 9 1 M M
10 30 10 20 M 45 0 T M M 3.7 10 360 M M 7 M M
11 27 8 18 M 47 0 T M M 6.6 14 350 M M 7 1 M M
12 15 -5 5 M 60 0 0.00 M M 3.7 10 320 M M 3 18 320
13 24 -5 10 M 55 0 0.00 M M 4.0 8 360 M M 2 M M
14 33 12 23 M 42 0 T M M 2.9 16 130 M M 10 M M
15 28 18 23 M 42 0 0.02 M M 3.3 6 320 M M 10 1 M M
16 40 19 30 M 35 0 0.36 M M 12.6 21 120 M M 9 1 33 240
17 27 11 19 M 46 0 T M M 8.1 17 270 M M 1 25 280
18 27 13 20 M 45 0 0.00 M M 2.3 8 160 M M 8 M M
19 32 19 26 M 39 0 0.02 M M 7.4 14 130 M M 10 1 M M
20 28 19 24 M 41 0 T M M 6.4 12 330 M M 10 1 18 330
21 31 10 21 M 44 0 T M M 7.1 18 350 M M 3 23 350
22 33 10 22 M 43 0 0.03 M M 9.9 22 110 M M 8 12 28 110
23 37 32 35 M 30 0 T M M 6.3 17 260 M M 10 1 26 260
24 50 36 43 M 22 0 T M M 10.4 18 240 M M 6 30 210
25 46 25 36 M 29 0 T M M 11.5 23 270 M M 8 39 270
26 33 18 26 M 39 0 T M M 6.2 14 120 M M 3 M M
27 44 25 35 M 30 0 0.02 M M 12.6 23 120 M M 8 1 30 130
28 43 25 34 M 31 0 0.00 M M 6.6 17 140 M M 4 29 150
================================================================================
SM 902 408 1156 0 0.53 M 197.8 M 187
================================================================================
AV 32.2 14.6 7.1 FASTST M M 7 MAX(MPH)
MISC ----> # 23 270 39 270
================================================================================
NOTES:
# LAST OF SEVERAL OCCURRENCES
COLUMN 17 PEAK WIND IN M.P.H.
PRELIMINARY LOCAL CLIMATOLOGICAL DATA (WS FORM: F-6) , PAGE 2
STATION: RUTLAND VT
MONTH: FEBRUARY
YEAR: 2021
LATITUDE: 43 31 N
LONGITUDE: 72 57 W
[TEMPERATURE DATA] [PRECIPITATION DATA] SYMBOLS USED IN COLUMN 16
AVERAGE MONTHLY: 23.4 TOTAL FOR MONTH: 0.53 1 = FOG OR MIST
DPTR FM NORMAL: 0.0 DPTR FM NORMAL: 0.53 2 = FOG REDUCING VISIBILITY
HIGHEST: 50 ON 24 GRTST 24HR 0.36 ON 16-16 TO 1/4 MILE OR LESS
LOWEST: -5 ON 13,12 3 = THUNDER
SNOW, ICE PELLETS, HAIL 4 = ICE PELLETS
TOTAL MONTH: M 5 = HAIL
GRTST 24HR M ON M 6 = FREEZING RAIN OR DRIZZLE
GRTST DEPTH: M ON M 7 = DUSTSTORM OR SANDSTORM:
VSBY 1/2 MILE OR LESS
8 = SMOKE OR HAZE
[NO. OF DAYS WITH] [WEATHER - DAYS WITH] 9 = BLOWING SNOW
X = TORNADO
MAX 32 OR BELOW: 16 0.01 INCH OR MORE: 9
MAX 90 OR ABOVE: 0 0.10 INCH OR MORE: 1
MIN 32 OR BELOW: 27 0.50 INCH OR MORE: 0
MIN 0 OR BELOW: 3 1.00 INCH OR MORE: 0
[HDD (BASE 65) ]
TOTAL THIS MO. 1156 CLEAR (SCALE 0-3) 4
DPTR FM NORMAL M PTCLDY (SCALE 4-7) 14
TOTAL FM JUL 1 4959 CLOUDY (SCALE 8-10) 10
DPTR FM NORMAL M
[CDD (BASE 65) ]
TOTAL THIS MO. 0
DPTR FM NORMAL M [PRESSURE DATA]
TOTAL FM JAN 1 0 HIGHEST SLP M ON M
DPTR FM NORMAL M LOWEST SLP M ON M
[REMARKS]
#FINAL-02-21#